{"id":36858,"date":"2025-12-12T17:32:52","date_gmt":"2025-12-12T17:32:52","guid":{"rendered":"https:\/\/edirectorios.com.mx\/directorios-latinoamerica\/?post_type=product&#038;p=36858"},"modified":"2025-12-12T17:33:35","modified_gmt":"2025-12-12T17:33:35","slug":"empresas-chicas-y-medianas-en-ciudad-de-mexico-y-estado-de-mexico-personas-fisicas-mayores-de-edad-economicamente-activas-que-quieran-invertir-en-mercados-financieros-personas-que-puedan-invertir-m","status":"publish","type":"product","link":"https:\/\/edirectorios.com.mx\/directorios-latinoamerica\/product\/empresas-chicas-y-medianas-en-ciudad-de-mexico-y-estado-de-mexico-personas-fisicas-mayores-de-edad-economicamente-activas-que-quieran-invertir-en-mercados-financieros-personas-que-puedan-invertir-m\/","title":{"rendered":"Empresas chicas y medianas en Ciudad de M\u00e9xico y Estado de M\u00e9xico Personas f\u00edsicas, mayores de edad, econ\u00f3micamente activas que quieran invertir en mercados financieros (personas que puedan invertir m\u00ednimo de 500 a 1000 d\u00f3lares) en Colombia, Mexico, Per\u00fa."},"content":{"rendered":"","protected":false},"excerpt":{"rendered":"<p>&nbsp;<\/p>\n<div class=\"row\">\n<div class=\"col-sm\">\n\t\t<strong>C\u00f3digo:<\/strong> <strong class=\"text-danger\"> JUSA-C9<\/strong>\n    <\/div>\n<div class=\"col-sm\">\n\t<strong>N\u00famero de registros: <\/strong>250\n\t<\/div>\n<\/div>\n<div class=\"row\">\n<div class=\"col-sm \">\n\t<strong>Folio: <\/strong><span class=\"text-danger\"> JS0725B018<\/span>\n\t<\/div>\n<\/div>\n<p><strong>Segmentaci\u00f3n:<\/strong><\/p>\n<div class=\"row\">\n<div class=\"col-sm \">\n\tPersonas f\u00edsicas, mayores de edad, econ\u00f3micamente activas que quieran invertir en mercados financieros (personas que puedan invertir m\u00ednimo de 500 a 1000 d\u00f3lares) en Colombia, Mexico, Per\u00fa.<\/div>\n<\/div>\n<p><strong>Campos Contenidos:<\/strong><\/p>\n<div class=\"row\">\n<div class=\"col-sm \">\n\tNombre \/ Direcci\u00f3n \/ Ciudad \/ Pa\u00eds \/ Correo \/ Celular. <\/div>\n<\/p><\/div>\n<div class=\"row\">\n<div class=\"col-sm\">\n\t<strong>Garant\u00eda: <\/strong>80%-85% <strong>Precio Original: <\/strong><del>$134 USD<\/del> <strong>Descuento Especial: <\/strong><strong class=\"text-danger\">20%<\/strong>\n\t<\/div>\n<\/div>\n<div class=\"row\">\n<div class=\"col text-center\">\n\t<strong>Total a Pagar: <\/strong><strong class=\"text-danger\">$107 USD<\/strong>\n\t<\/div>\n<\/div>\n","protected":false},"featured_media":36876,"template":"","meta":{"_bst_post_transparent":"","_bst_post_title":"","_bst_post_layout":"","_bst_post_sidebar_id":"","_bst_post_content_style":"","_bst_post_vertical_padding":"","_bst_post_feature":"","_bst_post_feature_position":"","_bst_post_header":false,"_bst_post_footer":false},"product_brand":[],"product_cat":[1180],"product_tag":[1062,1063,1064,1067,1076,1077,1078,1079,1081,1082,1083,1085,1086,1088,1089,1090,1092,1093,1097,1098,1099,1100,1102,1104,1106,1117,1118,1133,1135,1136,1137,1138,1139,1140,1142,1144,1145,1146],"product_brands":[],"class_list":{"0":"post-36858","1":"product","2":"type-product","3":"status-publish","4":"has-post-thumbnail","6":"product_cat-personas-en-mexico","7":"product_tag-b2c-email-database","8":"product_tag-base-de-datos-campana-de-email-marketing","9":"product_tag-base-de-datos-campanas-de-email-marketing","10":"product_tag-base-de-datos-correo-masivo","11":"product_tag-base-de-datos-email-masivos","12":"product_tag-base-de-datos-email-publicidad","13":"product_tag-base-de-datos-email-publicitario","14":"product_tag-base-de-datos-emailing","15":"product_tag-base-de-datos-enviar-email-masivo","16":"product_tag-base-de-datos-envio-de-email-masivo","17":"product_tag-base-de-datos-envio-masivo-correo","18":"product_tag-base-de-datos-envio-masivo-de-emails","19":"product_tag-base-de-datos-envios-de-correo-masivos","20":"product_tag-base-de-datos-marketing","21":"product_tag-base-de-datos-marketing-por-e-mail","22":"product_tag-base-de-datos-marketing-por-email","23":"product_tag-base-de-datos-para-marketing","24":"product_tag-base-de-datos-publicidad-por-email","25":"product_tag-bases-de-datos-correos","26":"product_tag-bases-de-datos-correos-electronicos","27":"product_tag-bases-de-datos-de-emails","28":"product_tag-bases-de-datos-de-marketing","29":"product_tag-bases-de-datos-email","30":"product_tag-bases-de-datos-emailing","31":"product_tag-bases-de-datos-telefono","32":"product_tag-buy-email-list","33":"product_tag-buy-email-list-database","34":"product_tag-email-address-list","35":"product_tag-email-lists","36":"product_tag-email-marketing-list","37":"product_tag-list-of-email-addresses","38":"product_tag-lista-de-correos","39":"product_tag-lista-de-correos-electronicos","40":"product_tag-mail-marketing","41":"product_tag-mailing-list","42":"product_tag-marketing-correo-electronico","43":"product_tag-marketing-lists","44":"product_tag-publicidad-por-base-de-datos-correo-electronico","46":"first","47":"instock","48":"sale","49":"virtual","50":"purchasable","51":"product-type-simple","52":"entry","53":"content-bg","54":"loop-entry"},"aioseo_notices":[],"_links":{"self":[{"href":"https:\/\/edirectorios.com.mx\/directorios-latinoamerica\/wp-json\/wp\/v2\/product\/36858","targetHints":{"allow":["GET"]}}],"collection":[{"href":"https:\/\/edirectorios.com.mx\/directorios-latinoamerica\/wp-json\/wp\/v2\/product"}],"about":[{"href":"https:\/\/edirectorios.com.mx\/directorios-latinoamerica\/wp-json\/wp\/v2\/types\/product"}],"version-history":[{"count":1,"href":"https:\/\/edirectorios.com.mx\/directorios-latinoamerica\/wp-json\/wp\/v2\/product\/36858\/revisions"}],"predecessor-version":[{"id":36887,"href":"https:\/\/edirectorios.com.mx\/directorios-latinoamerica\/wp-json\/wp\/v2\/product\/36858\/revisions\/36887"}],"wp:featuredmedia":[{"embeddable":true,"href":"https:\/\/edirectorios.com.mx\/directorios-latinoamerica\/wp-json\/wp\/v2\/media\/36876"}],"wp:attachment":[{"href":"https:\/\/edirectorios.com.mx\/directorios-latinoamerica\/wp-json\/wp\/v2\/media?parent=36858"}],"wp:term":[{"taxonomy":"product_brand","embeddable":true,"href":"https:\/\/edirectorios.com.mx\/directorios-latinoamerica\/wp-json\/wp\/v2\/product_brand?post=36858"},{"taxonomy":"product_cat","embeddable":true,"href":"https:\/\/edirectorios.com.mx\/directorios-latinoamerica\/wp-json\/wp\/v2\/product_cat?post=36858"},{"taxonomy":"product_tag","embeddable":true,"href":"https:\/\/edirectorios.com.mx\/directorios-latinoamerica\/wp-json\/wp\/v2\/product_tag?post=36858"},{"taxonomy":"product_brands","embeddable":true,"href":"https:\/\/edirectorios.com.mx\/directorios-latinoamerica\/wp-json\/wp\/v2\/product_brands?post=36858"}],"curies":[{"name":"wp","href":"https:\/\/api.w.org\/{rel}","templated":true}]}}