{"id":36837,"date":"2025-12-12T17:32:28","date_gmt":"2025-12-12T17:32:28","guid":{"rendered":"https:\/\/edirectorios.com.mx\/directorios-latinoamerica\/?post_type=product&#038;p=36837"},"modified":"2025-12-12T17:33:24","modified_gmt":"2025-12-12T17:33:24","slug":"personas-fisicas-mayores-de-30-anos-que-tengan-al-menos-una-tarjeta-de-credito-en-mexico","status":"publish","type":"product","link":"https:\/\/edirectorios.com.mx\/directorios-latinoamerica\/product\/personas-fisicas-mayores-de-30-anos-que-tengan-al-menos-una-tarjeta-de-credito-en-mexico\/","title":{"rendered":"Personas f\u00edsicas, mayores de 30 a\u00f1os, que tengan al menos una tarjeta de cr\u00e9dito en M\u00e9xico"},"content":{"rendered":"","protected":false},"excerpt":{"rendered":"<p>&nbsp;<\/p>\n<div class=\"row\">\n<div class=\"col-sm\">\n\t\t<strong>C\u00f3digo:<\/strong> <strong class=\"text-danger\"> SME-2025-RC <\/strong>\n    <\/div>\n<div class=\"col-sm\">\n\t<strong>N\u00famero de registros: <\/strong>100\n\t<\/div>\n<\/div>\n<div class=\"row\">\n<div class=\"col-sm \">\n\t<strong>Folio: <\/strong><span class=\"text-danger\"> RC0825B014<\/span>\n\t<\/div>\n<\/div>\n<p><strong>Segmentaci\u00f3n:<\/strong><\/p>\n<div class=\"row\">\n<div class=\"col-sm \">\n\tPersonas f\u00edsicas, mayores de 30 a\u00f1os, que tengan al menos una tarjeta de cr\u00e9dito a Nivel Nacional.<\/div>\n<\/div>\n<p><strong>Campos Contenidos:<\/strong><\/p>\n<div class=\"row\">\n<div class=\"col-sm \">\n\tNombre \/ Celular \/ Ciudad..  <\/div>\n<\/p><\/div>\n<div class=\"row\">\n<div class=\"col-sm\">\n\t<strong>Garant\u00eda: <\/strong>80%-85% <strong>Precio Original: <\/strong><del>$43 USD<\/del> <strong>Descuento Especial: <\/strong><strong class=\"text-danger\">20%<\/strong>\n\t<\/div>\n<\/div>\n<div class=\"row\">\n<div class=\"col text-center\">\n\t<strong>Total a Pagar: <\/strong><strong class=\"text-danger\">$34 USD<\/strong>\n\t<\/div>\n<\/div>\n","protected":false},"featured_media":36876,"template":"","meta":{"_bst_post_transparent":"","_bst_post_title":"","_bst_post_layout":"","_bst_post_sidebar_id":"","_bst_post_content_style":"","_bst_post_vertical_padding":"","_bst_post_feature":"","_bst_post_feature_position":"","_bst_post_header":false,"_bst_post_footer":false},"product_brand":[],"product_cat":[1180],"product_tag":[1062,1063,1064,1067,1068,1071,1074,1075,1076,1078,1079,1081,1082,1084,1086,1090,1093,1117,1133,1136,1138,1144,1145,1146],"product_brands":[],"class_list":{"0":"post-36837","1":"product","2":"type-product","3":"status-publish","4":"has-post-thumbnail","6":"product_cat-personas-en-mexico","7":"product_tag-b2c-email-database","8":"product_tag-base-de-datos-campana-de-email-marketing","9":"product_tag-base-de-datos-campanas-de-email-marketing","10":"product_tag-base-de-datos-correo-masivo","11":"product_tag-base-de-datos-correo-masivos","12":"product_tag-base-de-datos-direct-e-mail-marketing","13":"product_tag-base-de-datos-email-marketer","14":"product_tag-base-de-datos-email-marketing","15":"product_tag-base-de-datos-email-masivos","16":"product_tag-base-de-datos-email-publicitario","17":"product_tag-base-de-datos-emailing","18":"product_tag-base-de-datos-enviar-email-masivo","19":"product_tag-base-de-datos-envio-de-email-masivo","20":"product_tag-base-de-datos-envio-masivo-correos","21":"product_tag-base-de-datos-envios-de-correo-masivos","22":"product_tag-base-de-datos-marketing-por-email","23":"product_tag-base-de-datos-publicidad-por-email","24":"product_tag-buy-email-list","25":"product_tag-email-address-list","26":"product_tag-email-marketing-list","27":"product_tag-lista-de-correos","28":"product_tag-marketing-correo-electronico","29":"product_tag-marketing-lists","30":"product_tag-publicidad-por-base-de-datos-correo-electronico","32":"first","33":"instock","34":"sale","35":"virtual","36":"purchasable","37":"product-type-simple","38":"entry","39":"content-bg","40":"loop-entry"},"aioseo_notices":[],"_links":{"self":[{"href":"https:\/\/edirectorios.com.mx\/directorios-latinoamerica\/wp-json\/wp\/v2\/product\/36837","targetHints":{"allow":["GET"]}}],"collection":[{"href":"https:\/\/edirectorios.com.mx\/directorios-latinoamerica\/wp-json\/wp\/v2\/product"}],"about":[{"href":"https:\/\/edirectorios.com.mx\/directorios-latinoamerica\/wp-json\/wp\/v2\/types\/product"}],"version-history":[{"count":1,"href":"https:\/\/edirectorios.com.mx\/directorios-latinoamerica\/wp-json\/wp\/v2\/product\/36837\/revisions"}],"predecessor-version":[{"id":36877,"href":"https:\/\/edirectorios.com.mx\/directorios-latinoamerica\/wp-json\/wp\/v2\/product\/36837\/revisions\/36877"}],"wp:featuredmedia":[{"embeddable":true,"href":"https:\/\/edirectorios.com.mx\/directorios-latinoamerica\/wp-json\/wp\/v2\/media\/36876"}],"wp:attachment":[{"href":"https:\/\/edirectorios.com.mx\/directorios-latinoamerica\/wp-json\/wp\/v2\/media?parent=36837"}],"wp:term":[{"taxonomy":"product_brand","embeddable":true,"href":"https:\/\/edirectorios.com.mx\/directorios-latinoamerica\/wp-json\/wp\/v2\/product_brand?post=36837"},{"taxonomy":"product_cat","embeddable":true,"href":"https:\/\/edirectorios.com.mx\/directorios-latinoamerica\/wp-json\/wp\/v2\/product_cat?post=36837"},{"taxonomy":"product_tag","embeddable":true,"href":"https:\/\/edirectorios.com.mx\/directorios-latinoamerica\/wp-json\/wp\/v2\/product_tag?post=36837"},{"taxonomy":"product_brands","embeddable":true,"href":"https:\/\/edirectorios.com.mx\/directorios-latinoamerica\/wp-json\/wp\/v2\/product_brands?post=36837"}],"curies":[{"name":"wp","href":"https:\/\/api.w.org\/{rel}","templated":true}]}}