{"id":36796,"date":"2025-12-12T17:31:38","date_gmt":"2025-12-12T17:31:38","guid":{"rendered":"https:\/\/edirectorios.com.mx\/directorios-latinoamerica\/?post_type=product&#038;p=36796"},"modified":"2025-12-12T17:32:40","modified_gmt":"2025-12-12T17:32:40","slug":"empresas-de-hospitalidad-construccion-industria-retail-y-gobierno-en-merida-yucatan-mexico","status":"publish","type":"product","link":"https:\/\/edirectorios.com.mx\/directorios-latinoamerica\/product\/empresas-de-hospitalidad-construccion-industria-retail-y-gobierno-en-merida-yucatan-mexico\/","title":{"rendered":"Empresas de Hospitalidad, Construcci\u00f3n, Industria, Retail y Gobierno en M\u00e9rida Yucat\u00e1n, M\u00e9xico."},"content":{"rendered":"","protected":false},"excerpt":{"rendered":"<p>&nbsp;<\/p>\n<div class=\"row\">\n<div class=\"col-sm\"><strong>C\u00f3digo:<\/strong> <strong class=\"text-danger\"> ERHE-C1-4<\/strong><\/div>\n<div class=\"col-sm\"><strong>N\u00famero de registros: <\/strong>200<\/div>\n<\/div>\n<div class=\"row\">\n<div class=\"col-sm \"><strong>Folio: <\/strong><span class=\"text-danger\">03GBER0922-042<\/span><\/div>\n<\/div>\n<p><strong>Segmentaci\u00f3n:<\/strong><\/p>\n<div class=\"row\">\n<div class=\"col-sm \">200 registros de empresas de los giros. (Hospitalidad, Construcci\u00f3n, Industria, Retail y Gobierno) en M\u00e9rida Yucat\u00e1n.<\/div>\n<\/div>\n<p><strong>Campos Contenidos:<\/strong><\/p>\n<div class=\"row\">\n<div class=\"col-sm \">Empresa (Raz\u00f3n Social o Comercial) \/ Sector y\/o Sub Sector \/ Domicilio \/ Ciudad \/ Estado \/ Nombre de la Persona \/ Puesto : CEO, C-Levels, Director General, Socio, Directivos, Gerentes o Tomador de decisi\u00f3n \/ Tel\u00e9fono fijo \/ Correo \/ Sitio web*opcional.<\/div>\n<\/div>\n<div class=\"row\">\n<div class=\"col-sm\"><strong>Garant\u00eda: <\/strong>80%-85% <strong>Precio Original: <\/strong><del>USD 125<\/del> <strong>Descuento Especial: <\/strong><strong class=\"text-danger\">20%<\/strong><\/div>\n<\/div>\n<div class=\"row\">\n<div class=\"col text-center\"><strong>Total a Pagar: <\/strong><strong class=\"text-danger\">USD 100<\/strong><\/div>\n<\/div>\n","protected":false},"featured_media":31013,"template":"","meta":{"_bst_post_transparent":"","_bst_post_title":"","_bst_post_layout":"","_bst_post_sidebar_id":"","_bst_post_content_style":"","_bst_post_vertical_padding":"","_bst_post_feature":"","_bst_post_feature_position":"","_bst_post_header":false,"_bst_post_footer":false},"product_brand":[],"product_cat":[1150,1060,1221,1369,1391,1344],"product_tag":[1062,1063,1064,1067,1068,1151,1152,1427,1069,1153,1071,1072,1359,1074,1075,1076,1077,1078,1079,1081,1082,1083,1084,1085,1086,1160,1223,1088,1089,1090,1356,1092,1093,1365,1163,1408,1317,1164,1097,1098,1099,1101,1102,1104,1178,1105,1106,1107,1110,1117,1118,1318,1168,1169,1170,1308,1390,1133,1136,1422,1220,1137,1138,1139,1140,1142,1144,1145,1206,1172,1173,1174,1175,1441,1149],"product_brands":[],"class_list":{"0":"post-36796","1":"product","2":"type-product","3":"status-publish","4":"has-post-thumbnail","6":"product_cat-constructoras","7":"product_cat-empresas-en-mexico","8":"product_cat-hoteles","9":"product_cat-industria-automotriz","10":"product_cat-retail","11":"product_cat-tomador-de-decisiones","12":"product_tag-b2c-email-database","13":"product_tag-base-de-datos-campana-de-email-marketing","14":"product_tag-base-de-datos-campanas-de-email-marketing","15":"product_tag-base-de-datos-correo-masivo","16":"product_tag-base-de-datos-correo-masivos","17":"product_tag-base-de-datos-de-construccion","18":"product_tag-base-de-datos-de-directivos","19":"product_tag-base-de-datos-de-directivos-en-rh","20":"product_tag-base-de-datos-de-director-general","21":"product_tag-base-de-datos-de-tomador-de-decision","22":"product_tag-base-de-datos-direct-e-mail-marketing","23":"product_tag-base-de-datos-director","24":"product_tag-base-de-datos-director-de-tecnologia","25":"product_tag-base-de-datos-email-marketer","26":"product_tag-base-de-datos-email-marketing","27":"product_tag-base-de-datos-email-masivos","28":"product_tag-base-de-datos-email-publicidad","29":"product_tag-base-de-datos-email-publicitario","30":"product_tag-base-de-datos-emailing","31":"product_tag-base-de-datos-enviar-email-masivo","32":"product_tag-base-de-datos-envio-de-email-masivo","33":"product_tag-base-de-datos-envio-masivo-correo","34":"product_tag-base-de-datos-envio-masivo-correos","35":"product_tag-base-de-datos-envio-masivo-de-emails","36":"product_tag-base-de-datos-envios-de-correo-masivos","37":"product_tag-base-de-datos-gerente","38":"product_tag-base-de-datos-hoteles","39":"product_tag-base-de-datos-marketing","40":"product_tag-base-de-datos-marketing-por-e-mail","41":"product_tag-base-de-datos-marketing-por-email","42":"product_tag-base-de-datos-merida","43":"product_tag-base-de-datos-para-marketing","44":"product_tag-base-de-datos-publicidad-por-email","45":"product_tag-base-de-datos-retail","46":"product_tag-base-de-datos-socio","47":"product_tag-base-de-datos-telecomunicaciones","48":"product_tag-base-de-datos-yucatan","49":"product_tag-bases-de-datos-constructoras","50":"product_tag-bases-de-datos-correos","51":"product_tag-bases-de-datos-correos-electronicos","52":"product_tag-bases-de-datos-de-emails","53":"product_tag-bases-de-datos-de-telefonos","54":"product_tag-bases-de-datos-email","55":"product_tag-bases-de-datos-emailing","56":"product_tag-bases-de-datos-industrias","57":"product_tag-bases-de-datos-numeros-de-telefonos","58":"product_tag-bases-de-datos-telefono","59":"product_tag-bases-de-datos-telefonos-fijos","60":"product_tag-business-directory","61":"product_tag-buy-email-list","62":"product_tag-buy-email-list-database","63":"product_tag-ceo","64":"product_tag-constructora","65":"product_tag-constructoras","66":"product_tag-database","67":"product_tag-directores","68":"product_tag-directorio-mexico","69":"product_tag-email-address-list","70":"product_tag-email-marketing-list","71":"product_tag-gerente","72":"product_tag-gerentes","73":"product_tag-list-of-email-addresses","74":"product_tag-lista-de-correos","75":"product_tag-lista-de-correos-electronicos","76":"product_tag-mail-marketing","77":"product_tag-mailing-list","78":"product_tag-marketing-correo-electronico","79":"product_tag-marketing-lists","80":"product_tag-phone","81":"product_tag-phone-database","82":"product_tag-phone-lists","83":"product_tag-phone-number","84":"product_tag-phone-number-list","85":"product_tag-socio","86":"product_tag-telefono","88":"first","89":"instock","90":"sale","91":"virtual","92":"purchasable","93":"product-type-simple","94":"entry","95":"content-bg","96":"loop-entry"},"aioseo_notices":[],"_links":{"self":[{"href":"https:\/\/edirectorios.com.mx\/directorios-latinoamerica\/wp-json\/wp\/v2\/product\/36796","targetHints":{"allow":["GET"]}}],"collection":[{"href":"https:\/\/edirectorios.com.mx\/directorios-latinoamerica\/wp-json\/wp\/v2\/product"}],"about":[{"href":"https:\/\/edirectorios.com.mx\/directorios-latinoamerica\/wp-json\/wp\/v2\/types\/product"}],"version-history":[{"count":1,"href":"https:\/\/edirectorios.com.mx\/directorios-latinoamerica\/wp-json\/wp\/v2\/product\/36796\/revisions"}],"predecessor-version":[{"id":36847,"href":"https:\/\/edirectorios.com.mx\/directorios-latinoamerica\/wp-json\/wp\/v2\/product\/36796\/revisions\/36847"}],"wp:featuredmedia":[{"embeddable":true,"href":"https:\/\/edirectorios.com.mx\/directorios-latinoamerica\/wp-json\/wp\/v2\/media\/31013"}],"wp:attachment":[{"href":"https:\/\/edirectorios.com.mx\/directorios-latinoamerica\/wp-json\/wp\/v2\/media?parent=36796"}],"wp:term":[{"taxonomy":"product_brand","embeddable":true,"href":"https:\/\/edirectorios.com.mx\/directorios-latinoamerica\/wp-json\/wp\/v2\/product_brand?post=36796"},{"taxonomy":"product_cat","embeddable":true,"href":"https:\/\/edirectorios.com.mx\/directorios-latinoamerica\/wp-json\/wp\/v2\/product_cat?post=36796"},{"taxonomy":"product_tag","embeddable":true,"href":"https:\/\/edirectorios.com.mx\/directorios-latinoamerica\/wp-json\/wp\/v2\/product_tag?post=36796"},{"taxonomy":"product_brands","embeddable":true,"href":"https:\/\/edirectorios.com.mx\/directorios-latinoamerica\/wp-json\/wp\/v2\/product_brands?post=36796"}],"curies":[{"name":"wp","href":"https:\/\/api.w.org\/{rel}","templated":true}]}}