{"id":36749,"date":"2025-12-12T17:30:49","date_gmt":"2025-12-12T17:30:49","guid":{"rendered":"https:\/\/edirectorios.com.mx\/directorios-latinoamerica\/?post_type=product&#038;p=36749"},"modified":"2025-12-12T17:31:45","modified_gmt":"2025-12-12T17:31:45","slug":"industrias-aeroespacial-automotriz-energetica-y-maquiladora-como-ensambladoras-de-cable-y-arnes-en-monterrey-queretaro-guadalajara-y-cdmx","status":"publish","type":"product","link":"https:\/\/edirectorios.com.mx\/directorios-latinoamerica\/product\/industrias-aeroespacial-automotriz-energetica-y-maquiladora-como-ensambladoras-de-cable-y-arnes-en-monterrey-queretaro-guadalajara-y-cdmx\/","title":{"rendered":"Industrias aeroespacial, automotriz, energ\u00e9tica, y maquiladora como ensambladoras de cable y arn\u00e9s en Monterrey, Quer\u00e9taro, Guadalajara y CDMX."},"content":{"rendered":"","protected":false},"excerpt":{"rendered":"<p>&nbsp;<\/p>\n<div class=\"row\">\n<div class=\"col-sm\"><strong>C\u00f3digo:<\/strong> <strong class=\"text-danger\">RACA-S5<\/strong><\/div>\n<div class=\"col-sm\"><strong>N\u00famero de registros: <\/strong>2,000<\/div>\n<\/div>\n<div class=\"row\">\n<div class=\"col-sm \"><strong>Folio: <\/strong><span class=\"text-danger\">GA0123B016<\/span><\/div>\n<\/div>\n<p><strong>Segmentaci\u00f3n:<\/strong><\/p>\n<div class=\"row\">\n<div class=\"col-sm \">Industria aeroespacial, industria automotriz, industria energ\u00e9tica, e Industria maquiladora como ensambladoras de cable y arn\u00e9s (Todas se conocen por tener IMMEX , importan materia prima y exportan productos terminados) en Monterrey, Quer\u00e9taro, Guadalajara y CDMX.<\/div>\n<\/div>\n<p><strong>Campos Contenidos:<\/strong><\/p>\n<div class=\"row\">\n<div class=\"col-sm \">Empresa \/ Giro \/ Direcci\u00f3n \/ Ciudad \/ Estado \/ Contacto \/ Puesto: Gerente de log\u00edstica o supervisor de log\u00edstica o Coordinador de log\u00edstica o Supervisor de Aduanas \/ Tel\u00e9fono \/ Email (no admin, contabilidad, ventas , tecnolog\u00eda) \/ P\u00e1gina web*opcional.<\/div>\n<\/div>\n<div class=\"row\">\n<div class=\"col-sm\"><strong>Garant\u00eda: <\/strong>80%-85% <strong>Precio Original: <\/strong><del>USD 1,189<\/del> <strong>Descuento Especial: <\/strong><strong class=\"text-danger\">20%<\/strong><\/div>\n<\/div>\n<div class=\"row\">\n<div class=\"col text-center\"><strong>Total a Pagar: <\/strong><strong class=\"text-danger\">USD 951<\/strong><\/div>\n<\/div>\n","protected":false},"featured_media":31203,"template":"","meta":{"_bst_post_transparent":"","_bst_post_title":"","_bst_post_layout":"","_bst_post_sidebar_id":"","_bst_post_content_style":"","_bst_post_vertical_padding":"","_bst_post_feature":"","_bst_post_feature_position":"","_bst_post_header":false,"_bst_post_footer":false},"product_brand":[],"product_cat":[1060,1369,1277],"product_tag":[1062,1182,1363,1063,1064,1184,1067,1068,1071,1074,1075,1076,1077,1078,1079,1080,1081,1082,1083,1084,1085,1086,1160,1216,1088,1090,1312,1093,1270,1097,1098,1099,1101,1102,1103,1104,1178,1105,1106,1107,1109,1111,1112,1113,1115,1117,1118,1166,1167,1120,1121,1122,1123,1124,1218,1314,1133,1134,1135,1136,1220,1137,1138,1139,1140,1142,1144,1145,1206,1172,1173,1174,1175,1146,1337,1429],"product_brands":[],"class_list":{"0":"post-36749","1":"product","2":"type-product","3":"status-publish","4":"has-post-thumbnail","6":"product_cat-empresas-en-mexico","7":"product_cat-industria-automotriz","8":"product_cat-zonas-mas-solicitadas","9":"product_tag-b2c-email-database","10":"product_tag-base-de-datos","11":"product_tag-base-de-datos-automotriz","12":"product_tag-base-de-datos-campana-de-email-marketing","13":"product_tag-base-de-datos-campanas-de-email-marketing","14":"product_tag-base-de-datos-cdmx","15":"product_tag-base-de-datos-correo-masivo","16":"product_tag-base-de-datos-correo-masivos","17":"product_tag-base-de-datos-direct-e-mail-marketing","18":"product_tag-base-de-datos-email-marketer","19":"product_tag-base-de-datos-email-marketing","20":"product_tag-base-de-datos-email-masivos","21":"product_tag-base-de-datos-email-publicidad","22":"product_tag-base-de-datos-email-publicitario","23":"product_tag-base-de-datos-emailing","24":"product_tag-base-de-datos-empresas-de-email-marketing","25":"product_tag-base-de-datos-enviar-email-masivo","26":"product_tag-base-de-datos-envio-de-email-masivo","27":"product_tag-base-de-datos-envio-masivo-correo","28":"product_tag-base-de-datos-envio-masivo-correos","29":"product_tag-base-de-datos-envio-masivo-de-emails","30":"product_tag-base-de-datos-envios-de-correo-masivos","31":"product_tag-base-de-datos-gerente","32":"product_tag-base-de-datos-guadalajara","33":"product_tag-base-de-datos-marketing","34":"product_tag-base-de-datos-marketing-por-email","35":"product_tag-base-de-datos-monterrey","36":"product_tag-base-de-datos-publicidad-por-email","37":"product_tag-base-de-datos-queretaro","38":"product_tag-bases-de-datos-correos","39":"product_tag-bases-de-datos-correos-electronicos","40":"product_tag-bases-de-datos-de-emails","41":"product_tag-bases-de-datos-de-telefonos","42":"product_tag-bases-de-datos-email","43":"product_tag-bases-de-datos-email-empresas","44":"product_tag-bases-de-datos-emailing","45":"product_tag-bases-de-datos-industrias","46":"product_tag-bases-de-datos-numeros-de-telefonos","47":"product_tag-bases-de-datos-telefono","48":"product_tag-bases-de-datos-telefonos-fijos","49":"product_tag-business-contact-lists","50":"product_tag-business-email-database","51":"product_tag-business-email-list","52":"product_tag-business-email-lists","53":"product_tag-business-mailing-lists","54":"product_tag-buy-email-list","55":"product_tag-buy-email-list-database","56":"product_tag-companies-email-address-list","57":"product_tag-company-email-address-list","58":"product_tag-correo-de-empresas","59":"product_tag-correos-de-empresas","60":"product_tag-correos-electronicos-de-empresas","61":"product_tag-correos-electronicos-empresas","62":"product_tag-correos-empresariales","63":"product_tag-directorios-guadalajara","64":"product_tag-directorios-monterrey","65":"product_tag-email-address-list","66":"product_tag-email-database","67":"product_tag-email-lists","68":"product_tag-email-marketing-list","69":"product_tag-gerentes","70":"product_tag-list-of-email-addresses","71":"product_tag-lista-de-correos","72":"product_tag-lista-de-correos-electronicos","73":"product_tag-mail-marketing","74":"product_tag-mailing-list","75":"product_tag-marketing-correo-electronico","76":"product_tag-marketing-lists","77":"product_tag-phone","78":"product_tag-phone-database","79":"product_tag-phone-lists","80":"product_tag-phone-number","81":"product_tag-phone-number-list","82":"product_tag-publicidad-por-base-de-datos-correo-electronico","83":"product_tag-queretaro","84":"product_tag-supervisor","86":"first","87":"instock","88":"sale","89":"virtual","90":"purchasable","91":"product-type-simple","92":"entry","93":"content-bg","94":"loop-entry"},"aioseo_notices":[],"_links":{"self":[{"href":"https:\/\/edirectorios.com.mx\/directorios-latinoamerica\/wp-json\/wp\/v2\/product\/36749","targetHints":{"allow":["GET"]}}],"collection":[{"href":"https:\/\/edirectorios.com.mx\/directorios-latinoamerica\/wp-json\/wp\/v2\/product"}],"about":[{"href":"https:\/\/edirectorios.com.mx\/directorios-latinoamerica\/wp-json\/wp\/v2\/types\/product"}],"version-history":[{"count":1,"href":"https:\/\/edirectorios.com.mx\/directorios-latinoamerica\/wp-json\/wp\/v2\/product\/36749\/revisions"}],"predecessor-version":[{"id":36800,"href":"https:\/\/edirectorios.com.mx\/directorios-latinoamerica\/wp-json\/wp\/v2\/product\/36749\/revisions\/36800"}],"wp:featuredmedia":[{"embeddable":true,"href":"https:\/\/edirectorios.com.mx\/directorios-latinoamerica\/wp-json\/wp\/v2\/media\/31203"}],"wp:attachment":[{"href":"https:\/\/edirectorios.com.mx\/directorios-latinoamerica\/wp-json\/wp\/v2\/media?parent=36749"}],"wp:term":[{"taxonomy":"product_brand","embeddable":true,"href":"https:\/\/edirectorios.com.mx\/directorios-latinoamerica\/wp-json\/wp\/v2\/product_brand?post=36749"},{"taxonomy":"product_cat","embeddable":true,"href":"https:\/\/edirectorios.com.mx\/directorios-latinoamerica\/wp-json\/wp\/v2\/product_cat?post=36749"},{"taxonomy":"product_tag","embeddable":true,"href":"https:\/\/edirectorios.com.mx\/directorios-latinoamerica\/wp-json\/wp\/v2\/product_tag?post=36749"},{"taxonomy":"product_brands","embeddable":true,"href":"https:\/\/edirectorios.com.mx\/directorios-latinoamerica\/wp-json\/wp\/v2\/product_brands?post=36749"}],"curies":[{"name":"wp","href":"https:\/\/api.w.org\/{rel}","templated":true}]}}