{"id":36712,"date":"2025-12-12T17:29:59","date_gmt":"2025-12-12T17:29:59","guid":{"rendered":"https:\/\/edirectorios.com.mx\/directorios-latinoamerica\/?post_type=product&#038;p=36712"},"modified":"2025-12-12T17:31:06","modified_gmt":"2025-12-12T17:31:06","slug":"personas-fisicas-mayores-de-edad-economicamente-activas-que-cuenten-con-vehiculos-de-los-anos-2019-2020-en-el-pais-de-uruguay","status":"publish","type":"product","link":"https:\/\/edirectorios.com.mx\/directorios-latinoamerica\/product\/personas-fisicas-mayores-de-edad-economicamente-activas-que-cuenten-con-vehiculos-de-los-anos-2019-2020-en-el-pais-de-uruguay\/","title":{"rendered":"Personas f\u00edsicas, mayores de edad, econ\u00f3micamente activas que cuenten con veh\u00edculos de los a\u00f1os 2019-2020 en el Pa\u00eds de Uruguay."},"content":{"rendered":"","protected":false},"excerpt":{"rendered":"<p>&nbsp;<\/p>\n<div class=\"row\">\n<div class=\"col-sm\"><strong>C\u00f3digo:<\/strong> <strong class=\"text-danger\">STVE-C0<\/strong><\/div>\n<div class=\"col-sm\"><strong>N\u00famero de registros: <\/strong>1200<\/div>\n<\/div>\n<div class=\"row\">\n<div class=\"col-sm \"><strong>Folio: <\/strong><span class=\"text-danger\">03SVGC0422-043<\/span><\/div>\n<\/div>\n<p><strong>Segmentaci\u00f3n:<\/strong><\/p>\n<div class=\"row\">\n<div class=\"col-sm \">Personas f\u00edsicas, mayores de edad, econ\u00f3micamente activas que cuenten con veh\u00edculos de los a\u00f1os 2019-2020 en el Pa\u00eds de Uruguay.<\/div>\n<\/div>\n<p><strong>Campos Contenidos:<\/strong><\/p>\n<div class=\"row\">\n<div class=\"col-sm \">Nombre del titular \/ Direcci\u00f3n \/ Celular \/ modelo y marca de auto.<\/div>\n<\/div>\n<div class=\"row\">\n<div class=\"col-sm\"><strong>Garant\u00eda: <\/strong>80%-85% <strong>Precio Original: <\/strong><del>USD 910<\/del> <strong>Descuento Especial: <\/strong><strong class=\"text-danger\">20%<\/strong><\/div>\n<\/div>\n<div class=\"row\">\n<div class=\"col text-center\"><strong>Total a Pagar: <\/strong><strong class=\"text-danger\">USD 728<\/strong><\/div>\n<\/div>\n","protected":false},"featured_media":31224,"template":"","meta":{"_bst_post_transparent":"","_bst_post_title":"","_bst_post_layout":"","_bst_post_sidebar_id":"","_bst_post_content_style":"","_bst_post_vertical_padding":"","_bst_post_feature":"","_bst_post_feature_position":"","_bst_post_header":false,"_bst_post_footer":false},"product_brand":[],"product_cat":[1233,1477],"product_tag":[1182,1236,1404,1479,1294,1186,1405,1244,1295,1092,1406,1543,1100,1190,1191,1192,1193,1197,1170,1482,1251,1252,1296,1145,1407,1297,1298,1299,1300,1301,1302,1303,1148],"product_brands":[],"class_list":{"0":"post-36712","1":"product","2":"type-product","3":"status-publish","4":"has-post-thumbnail","6":"product_cat-latinoamerica","7":"product_cat-personas","8":"product_tag-base-de-datos","9":"product_tag-base-de-datos-america-latina","10":"product_tag-base-de-datos-celulares","11":"product_tag-base-de-datos-consumidores-en-latinoamerica","12":"product_tag-base-de-datos-de-numeros-celulares","13":"product_tag-base-de-datos-de-personas-fisicas","14":"product_tag-base-de-datos-de-telefonos-moviles","15":"product_tag-base-de-datos-latam","16":"product_tag-base-de-datos-numeros-de-telefonos-celulares","17":"product_tag-base-de-datos-para-marketing","18":"product_tag-base-de-datos-telefonos-moviles","19":"product_tag-base-de-datos-uruguay","20":"product_tag-bases-de-datos-de-marketing","21":"product_tag-big-consumer-database","22":"product_tag-consumer-contact-lists","23":"product_tag-consumer-database","24":"product_tag-consumer-directory","25":"product_tag-consumer-list","26":"product_tag-database","27":"product_tag-directorios-consumidores-latinoamerica","28":"product_tag-latam-database","29":"product_tag-latinoamerica-database","30":"product_tag-lista-de-numeros-de-telefonos-celulares","31":"product_tag-marketing-lists","32":"product_tag-mobile","33":"product_tag-mobile-database","34":"product_tag-mobile-directory","35":"product_tag-mobile-list","36":"product_tag-mobile-number-database","37":"product_tag-mobile-number-list","38":"product_tag-mobile-phone-number","39":"product_tag-numeros-de-telefonos-celulares","40":"product_tag-tele-marketing-list","42":"first","43":"instock","44":"sale","45":"virtual","46":"purchasable","47":"product-type-simple","48":"entry","49":"content-bg","50":"loop-entry"},"aioseo_notices":[],"_links":{"self":[{"href":"https:\/\/edirectorios.com.mx\/directorios-latinoamerica\/wp-json\/wp\/v2\/product\/36712","targetHints":{"allow":["GET"]}}],"collection":[{"href":"https:\/\/edirectorios.com.mx\/directorios-latinoamerica\/wp-json\/wp\/v2\/product"}],"about":[{"href":"https:\/\/edirectorios.com.mx\/directorios-latinoamerica\/wp-json\/wp\/v2\/types\/product"}],"version-history":[{"count":1,"href":"https:\/\/edirectorios.com.mx\/directorios-latinoamerica\/wp-json\/wp\/v2\/product\/36712\/revisions"}],"predecessor-version":[{"id":36763,"href":"https:\/\/edirectorios.com.mx\/directorios-latinoamerica\/wp-json\/wp\/v2\/product\/36712\/revisions\/36763"}],"wp:featuredmedia":[{"embeddable":true,"href":"https:\/\/edirectorios.com.mx\/directorios-latinoamerica\/wp-json\/wp\/v2\/media\/31224"}],"wp:attachment":[{"href":"https:\/\/edirectorios.com.mx\/directorios-latinoamerica\/wp-json\/wp\/v2\/media?parent=36712"}],"wp:term":[{"taxonomy":"product_brand","embeddable":true,"href":"https:\/\/edirectorios.com.mx\/directorios-latinoamerica\/wp-json\/wp\/v2\/product_brand?post=36712"},{"taxonomy":"product_cat","embeddable":true,"href":"https:\/\/edirectorios.com.mx\/directorios-latinoamerica\/wp-json\/wp\/v2\/product_cat?post=36712"},{"taxonomy":"product_tag","embeddable":true,"href":"https:\/\/edirectorios.com.mx\/directorios-latinoamerica\/wp-json\/wp\/v2\/product_tag?post=36712"},{"taxonomy":"product_brands","embeddable":true,"href":"https:\/\/edirectorios.com.mx\/directorios-latinoamerica\/wp-json\/wp\/v2\/product_brands?post=36712"}],"curies":[{"name":"wp","href":"https:\/\/api.w.org\/{rel}","templated":true}]}}