{"id":36675,"date":"2025-12-12T17:29:11","date_gmt":"2025-12-12T17:29:11","guid":{"rendered":"https:\/\/edirectorios.com.mx\/directorios-latinoamerica\/?post_type=product&#038;p=36675"},"modified":"2025-12-12T17:30:25","modified_gmt":"2025-12-12T17:30:25","slug":"empresas-grandes-en-diferentes-giros-a-nivel-nacional-excepto-cdmx","status":"publish","type":"product","link":"https:\/\/edirectorios.com.mx\/directorios-latinoamerica\/product\/empresas-grandes-en-diferentes-giros-a-nivel-nacional-excepto-cdmx\/","title":{"rendered":"Empresas grandes en diferentes Giros a Nivel Nacional (excepto CDMX)."},"content":{"rendered":"","protected":false},"excerpt":{"rendered":"<p>&nbsp;<\/p>\n<div class=\"row\">\n<div class=\"col-sm\"><strong>C\u00f3digo:<\/strong> <strong class=\"text-danger\">JUSE-C5<\/strong><\/div>\n<div class=\"col-sm\"><strong>N\u00famero de registros: <\/strong>2000<\/div>\n<\/div>\n<div class=\"row\">\n<div class=\"col-sm \"><strong>Folio: <\/strong><span class=\"text-danger\">UP0120B035<\/span><\/div>\n<\/div>\n<p><strong>Segmentaci\u00f3n:<\/strong><\/p>\n<div class=\"row\">\n<div class=\"col-sm \">Empresas grandes en los giros de: Metal-mec\u00e1nica, Cart\u00f3n y papel, Automotriz, Embotelladoras de refrescos y agua, Partes mec\u00e1nicas, Gasolineras, Vidrieras, Acero y derivados, Laboratorios a Nivel Nacional (excepto CDMX).<\/div>\n<\/div>\n<p><strong>Campos Contenidos:<\/strong><\/p>\n<div class=\"row\">\n<div class=\"col-sm \">Empresa \/ Giro \/ Direcci\u00f3n \/ Ciudad \/ Estado \/ Contacto \/ Puesto: Jefe o gerente o director de tecnolog\u00eda \/ Tel\u00e9fono \/ Email \/ P\u00e1gina web*opcional.<\/div>\n<\/div>\n<div class=\"row\">\n<div class=\"col-sm\"><strong>Garant\u00eda: <\/strong>80%-85% <strong>Precio Original: <\/strong><del>USD 864.72<\/del> <strong>Descuento Especial: <\/strong><strong class=\"text-danger\">20%<\/strong><\/div>\n<\/div>\n<div class=\"row\">\n<div class=\"col text-center\"><strong>Total a Pagar: <\/strong><strong class=\"text-danger\">USD 691.78<\/strong><\/div>\n<\/div>\n","protected":false},"featured_media":31023,"template":"","meta":{"_bst_post_transparent":"","_bst_post_title":"","_bst_post_layout":"","_bst_post_sidebar_id":"","_bst_post_content_style":"","_bst_post_vertical_padding":"","_bst_post_feature":"","_bst_post_feature_position":"","_bst_post_header":false,"_bst_post_footer":false},"product_brand":[],"product_cat":[1060,1267],"product_tag":[1062,1182,1363,1063,1064,1222,1067,1068,1274,1071,1072,1359,1073,1074,1075,1076,1077,1078,1079,1540,1155,1080,1242,1081,1156,1082,1083,1084,1085,1086,1336,1160,1161,1162,1088,1089,1090,1224,1275,1092,1225,1093,1313,1291,1541,1097,1098,1099,1100,1101,1246,1102,1103,1104,1226,1290,1165,1105,1228,1106,1107,1109,1110,1111,1112,1113,1114,1115,1116,1117,1118,1166,1119,1167,1120,1121,1122,1123,1124,1170,1128,1129,1131,1132,1133,1134,1135,1136,1137,1138,1139,1140,1141,1142,1144,1145,1230,1172,1173,1174,1175,1146,1148,1149,1231,1232],"product_brands":[],"class_list":{"0":"post-36675","1":"product","2":"type-product","3":"status-publish","4":"has-post-thumbnail","6":"product_cat-empresas-en-mexico","7":"product_cat-empresas-grandes","8":"product_tag-b2c-email-database","9":"product_tag-base-de-datos","10":"product_tag-base-de-datos-automotriz","11":"product_tag-base-de-datos-campana-de-email-marketing","12":"product_tag-base-de-datos-campanas-de-email-marketing","13":"product_tag-base-de-datos-compras","14":"product_tag-base-de-datos-correo-masivo","15":"product_tag-base-de-datos-correo-masivos","16":"product_tag-base-de-datos-de-empresas-en-mexico","17":"product_tag-base-de-datos-direct-e-mail-marketing","18":"product_tag-base-de-datos-director","19":"product_tag-base-de-datos-director-de-tecnologia","20":"product_tag-base-de-datos-e-mail-marketing","21":"product_tag-base-de-datos-email-marketer","22":"product_tag-base-de-datos-email-marketing","23":"product_tag-base-de-datos-email-masivos","24":"product_tag-base-de-datos-email-publicidad","25":"product_tag-base-de-datos-email-publicitario","26":"product_tag-base-de-datos-emailing","27":"product_tag-base-de-datos-embotelladoras","28":"product_tag-base-de-datos-empresas","29":"product_tag-base-de-datos-empresas-de-email-marketing","30":"product_tag-base-de-datos-empresas-grandes","31":"product_tag-base-de-datos-enviar-email-masivo","32":"product_tag-base-de-datos-enviar-mailing","33":"product_tag-base-de-datos-envio-de-email-masivo","34":"product_tag-base-de-datos-envio-masivo-correo","35":"product_tag-base-de-datos-envio-masivo-correos","36":"product_tag-base-de-datos-envio-masivo-de-emails","37":"product_tag-base-de-datos-envios-de-correo-masivos","38":"product_tag-base-de-datos-gasolineras","39":"product_tag-base-de-datos-gerente","40":"product_tag-base-de-datos-mailing","41":"product_tag-base-de-datos-mailing-masivo","42":"product_tag-base-de-datos-marketing","43":"product_tag-base-de-datos-marketing-por-e-mail","44":"product_tag-base-de-datos-marketing-por-email","45":"product_tag-base-de-datos-nivel-nacional","46":"product_tag-base-de-datos-para-empresas","47":"product_tag-base-de-datos-para-marketing","48":"product_tag-base-de-datos-para-ventas","49":"product_tag-base-de-datos-publicidad-por-email","50":"product_tag-base-de-datos-tecnologia","51":"product_tag-base-de-datos-tecnologias-de-la-informacion","52":"product_tag-base-de-datos-vidrieras","53":"product_tag-bases-de-datos-correos","54":"product_tag-bases-de-datos-correos-electronicos","55":"product_tag-bases-de-datos-de-emails","56":"product_tag-bases-de-datos-de-marketing","57":"product_tag-bases-de-datos-de-telefonos","58":"product_tag-bases-de-datos-director-de-ti","59":"product_tag-bases-de-datos-email","60":"product_tag-bases-de-datos-email-empresas","61":"product_tag-bases-de-datos-emailing","62":"product_tag-bases-de-datos-emails","63":"product_tag-bases-de-datos-laboratorios","64":"product_tag-bases-de-datos-mailing","65":"product_tag-bases-de-datos-numeros-de-telefonos","66":"product_tag-bases-de-datos-para-ventas","67":"product_tag-bases-de-datos-telefono","68":"product_tag-bases-de-datos-telefonos-fijos","69":"product_tag-business-contact-lists","70":"product_tag-business-directory","71":"product_tag-business-email-database","72":"product_tag-business-email-list","73":"product_tag-business-email-lists","74":"product_tag-business-mailing-database","75":"product_tag-business-mailing-lists","76":"product_tag-buy-email-database","77":"product_tag-buy-email-list","78":"product_tag-buy-email-list-database","79":"product_tag-companies-email-address-list","80":"product_tag-company-database","81":"product_tag-company-email-address-list","82":"product_tag-correo-de-empresas","83":"product_tag-correos-de-empresas","84":"product_tag-correos-electronicos-de-empresas","85":"product_tag-correos-electronicos-empresas","86":"product_tag-correos-empresariales","87":"product_tag-database","88":"product_tag-directorio-empresariales","89":"product_tag-directorio-empresas","90":"product_tag-directorios-empresas","91":"product_tag-e-mail-database","92":"product_tag-email-address-list","93":"product_tag-email-database","94":"product_tag-email-lists","95":"product_tag-email-marketing-list","96":"product_tag-list-of-email-addresses","97":"product_tag-lista-de-correos","98":"product_tag-lista-de-correos-electronicos","99":"product_tag-mail-marketing","100":"product_tag-mailing-database","101":"product_tag-mailing-list","102":"product_tag-marketing-correo-electronico","103":"product_tag-marketing-lists","104":"product_tag-national-database","105":"product_tag-phone-database","106":"product_tag-phone-lists","107":"product_tag-phone-number","108":"product_tag-phone-number-list","109":"product_tag-publicidad-por-base-de-datos-correo-electronico","110":"product_tag-tele-marketing-list","111":"product_tag-telefono","112":"product_tag-venta-base-de-datos","113":"product_tag-venta-de-base-de-datos-de-empresas","115":"first","116":"instock","117":"sale","118":"virtual","119":"purchasable","120":"product-type-simple","121":"entry","122":"content-bg","123":"loop-entry"},"aioseo_notices":[],"_links":{"self":[{"href":"https:\/\/edirectorios.com.mx\/directorios-latinoamerica\/wp-json\/wp\/v2\/product\/36675","targetHints":{"allow":["GET"]}}],"collection":[{"href":"https:\/\/edirectorios.com.mx\/directorios-latinoamerica\/wp-json\/wp\/v2\/product"}],"about":[{"href":"https:\/\/edirectorios.com.mx\/directorios-latinoamerica\/wp-json\/wp\/v2\/types\/product"}],"version-history":[{"count":1,"href":"https:\/\/edirectorios.com.mx\/directorios-latinoamerica\/wp-json\/wp\/v2\/product\/36675\/revisions"}],"predecessor-version":[{"id":36734,"href":"https:\/\/edirectorios.com.mx\/directorios-latinoamerica\/wp-json\/wp\/v2\/product\/36675\/revisions\/36734"}],"wp:featuredmedia":[{"embeddable":true,"href":"https:\/\/edirectorios.com.mx\/directorios-latinoamerica\/wp-json\/wp\/v2\/media\/31023"}],"wp:attachment":[{"href":"https:\/\/edirectorios.com.mx\/directorios-latinoamerica\/wp-json\/wp\/v2\/media?parent=36675"}],"wp:term":[{"taxonomy":"product_brand","embeddable":true,"href":"https:\/\/edirectorios.com.mx\/directorios-latinoamerica\/wp-json\/wp\/v2\/product_brand?post=36675"},{"taxonomy":"product_cat","embeddable":true,"href":"https:\/\/edirectorios.com.mx\/directorios-latinoamerica\/wp-json\/wp\/v2\/product_cat?post=36675"},{"taxonomy":"product_tag","embeddable":true,"href":"https:\/\/edirectorios.com.mx\/directorios-latinoamerica\/wp-json\/wp\/v2\/product_tag?post=36675"},{"taxonomy":"product_brands","embeddable":true,"href":"https:\/\/edirectorios.com.mx\/directorios-latinoamerica\/wp-json\/wp\/v2\/product_brands?post=36675"}],"curies":[{"name":"wp","href":"https:\/\/api.w.org\/{rel}","templated":true}]}}