{"id":36613,"date":"2025-12-12T17:27:58","date_gmt":"2025-12-12T17:27:58","guid":{"rendered":"https:\/\/edirectorios.com.mx\/directorios-latinoamerica\/?post_type=product&#038;p=36613"},"modified":"2025-12-12T17:29:02","modified_gmt":"2025-12-12T17:29:02","slug":"restaurantes-hoteles-cafeterias-que-no-sean-de-un-tamano-pequeno","status":"publish","type":"product","link":"https:\/\/edirectorios.com.mx\/directorios-latinoamerica\/product\/restaurantes-hoteles-cafeterias-que-no-sean-de-un-tamano-pequeno\/","title":{"rendered":"Restaurantes, hoteles, cafeter\u00edas (que no sean de un tama\u00f1o peque\u00f1o)"},"content":{"rendered":"","protected":false},"excerpt":{"rendered":"<p>&nbsp;<\/p>\n<div class=\"row\">\n<div class=\"col-sm\"><strong>C\u00f3digo:<\/strong> <strong class=\"text-danger\">QBDI-D5<\/strong><\/div>\n<div class=\"col-sm\"><strong>N\u00famero de registros: <\/strong>500<\/div>\n<\/div>\n<div class=\"row\">\n<div class=\"col-sm \"><strong>Folio:<\/strong>KE0422B014<\/div>\n<\/div>\n<p><strong>Segmentaci\u00f3n:<\/strong><\/p>\n<div class=\"row\">\n<div class=\"col-sm \">Restaurantes, hoteles, cafeter\u00edas (que no sean de un tama\u00f1o peque\u00f1o) en Monterrey, Guadalajara, Ciudad De M\u00e9xico. Vallarta, Canc\u00fan y los Cabos (distribuci\u00f3n equilibrada para todas las ciudades).<\/div>\n<\/div>\n<p><strong>Campos Contenidos:<\/strong><\/p>\n<div class=\"row\">\n<div class=\"col-sm \">Empresa \/ Giro \/ Direcci\u00f3n \/ Ciudad \/ Estado \/ Contacto \/ Puesto: Director General, Socio, Directivos, Gerentes o Tomador de decisi\u00f3n \/ Tel\u00e9fono \/ Email \/ P\u00e1gina web*opcional.<\/div>\n<\/div>\n<div class=\"row\">\n<div class=\"col-sm\"><strong>Garant\u00eda: <\/strong>80%-85% <strong>Precio Original: <\/strong><del><span style=\"text-decoration: line-through;\">$198 USD<\/span><\/del>\u00a0<strong>Descuento Especial: <\/strong><strong class=\"text-danger\">20%<\/strong><\/div>\n<\/div>\n<div class=\"row\">\n<div class=\"col text-center\"><strong>Total a Pagar: <\/strong><strong class=\"text-danger\">$158 USD<\/strong><\/div>\n<\/div>\n","protected":false},"featured_media":30996,"template":"","meta":{"_bst_post_transparent":"","_bst_post_title":"","_bst_post_layout":"","_bst_post_sidebar_id":"","_bst_post_content_style":"","_bst_post_vertical_padding":"","_bst_post_feature":"","_bst_post_feature_position":"","_bst_post_header":false,"_bst_post_footer":false},"product_brand":[],"product_cat":[1060,1061],"product_tag":[1062,1063,1064,1067,1068,1071,1073,1074,1075,1076,1077,1078,1079,1080,1081,1082,1083,1084,1085,1086,1088,1089,1090,1092,1093,1094,1097,1098,1099,1100,1101,1102,1103,1104,1105,1106,1107,1109,1110,1111,1112,1113,1114,1115,1116,1117,1118,1119,1120,1121,1122,1123,1124,1132,1133,1134,1135,1136,1137,1138,1139,1140,1141,1142,1143,1144,1145,1146,1147,1148,1149],"product_brands":[],"class_list":{"0":"post-36613","1":"product","2":"type-product","3":"status-publish","4":"has-post-thumbnail","6":"product_cat-empresas-en-mexico","7":"product_cat-restaurantes","8":"product_tag-b2c-email-database","9":"product_tag-base-de-datos-campana-de-email-marketing","10":"product_tag-base-de-datos-campanas-de-email-marketing","11":"product_tag-base-de-datos-correo-masivo","12":"product_tag-base-de-datos-correo-masivos","13":"product_tag-base-de-datos-direct-e-mail-marketing","14":"product_tag-base-de-datos-e-mail-marketing","15":"product_tag-base-de-datos-email-marketer","16":"product_tag-base-de-datos-email-marketing","17":"product_tag-base-de-datos-email-masivos","18":"product_tag-base-de-datos-email-publicidad","19":"product_tag-base-de-datos-email-publicitario","20":"product_tag-base-de-datos-emailing","21":"product_tag-base-de-datos-empresas-de-email-marketing","22":"product_tag-base-de-datos-enviar-email-masivo","23":"product_tag-base-de-datos-envio-de-email-masivo","24":"product_tag-base-de-datos-envio-masivo-correo","25":"product_tag-base-de-datos-envio-masivo-correos","26":"product_tag-base-de-datos-envio-masivo-de-emails","27":"product_tag-base-de-datos-envios-de-correo-masivos","28":"product_tag-base-de-datos-marketing","29":"product_tag-base-de-datos-marketing-por-e-mail","30":"product_tag-base-de-datos-marketing-por-email","31":"product_tag-base-de-datos-para-marketing","32":"product_tag-base-de-datos-publicidad-por-email","33":"product_tag-base-de-datos-restaurante","34":"product_tag-bases-de-datos-correos","35":"product_tag-bases-de-datos-correos-electronicos","36":"product_tag-bases-de-datos-de-emails","37":"product_tag-bases-de-datos-de-marketing","38":"product_tag-bases-de-datos-de-telefonos","39":"product_tag-bases-de-datos-email","40":"product_tag-bases-de-datos-email-empresas","41":"product_tag-bases-de-datos-emailing","42":"product_tag-bases-de-datos-numeros-de-telefonos","43":"product_tag-bases-de-datos-telefono","44":"product_tag-bases-de-datos-telefonos-fijos","45":"product_tag-business-contact-lists","46":"product_tag-business-directory","47":"product_tag-business-email-database","48":"product_tag-business-email-list","49":"product_tag-business-email-lists","50":"product_tag-business-mailing-database","51":"product_tag-business-mailing-lists","52":"product_tag-buy-email-database","53":"product_tag-buy-email-list","54":"product_tag-buy-email-list-database","55":"product_tag-company-database","56":"product_tag-correo-de-empresas","57":"product_tag-correos-de-empresas","58":"product_tag-correos-electronicos-de-empresas","59":"product_tag-correos-electronicos-empresas","60":"product_tag-correos-empresariales","61":"product_tag-e-mail-database","62":"product_tag-email-address-list","63":"product_tag-email-database","64":"product_tag-email-lists","65":"product_tag-email-marketing-list","66":"product_tag-list-of-email-addresses","67":"product_tag-lista-de-correos","68":"product_tag-lista-de-correos-electronicos","69":"product_tag-mail-marketing","70":"product_tag-mailing-database","71":"product_tag-mailing-list","72":"product_tag-marketing","73":"product_tag-marketing-correo-electronico","74":"product_tag-marketing-lists","75":"product_tag-publicidad-por-base-de-datos-correo-electronico","76":"product_tag-restaurantes","77":"product_tag-tele-marketing-list","78":"product_tag-telefono","80":"first","81":"instock","82":"sale","83":"shipping-taxable","84":"purchasable","85":"product-type-simple","86":"entry","87":"content-bg","88":"loop-entry"},"aioseo_notices":[],"_links":{"self":[{"href":"https:\/\/edirectorios.com.mx\/directorios-latinoamerica\/wp-json\/wp\/v2\/product\/36613","targetHints":{"allow":["GET"]}}],"collection":[{"href":"https:\/\/edirectorios.com.mx\/directorios-latinoamerica\/wp-json\/wp\/v2\/product"}],"about":[{"href":"https:\/\/edirectorios.com.mx\/directorios-latinoamerica\/wp-json\/wp\/v2\/types\/product"}],"version-history":[{"count":1,"href":"https:\/\/edirectorios.com.mx\/directorios-latinoamerica\/wp-json\/wp\/v2\/product\/36613\/revisions"}],"predecessor-version":[{"id":36662,"href":"https:\/\/edirectorios.com.mx\/directorios-latinoamerica\/wp-json\/wp\/v2\/product\/36613\/revisions\/36662"}],"wp:featuredmedia":[{"embeddable":true,"href":"https:\/\/edirectorios.com.mx\/directorios-latinoamerica\/wp-json\/wp\/v2\/media\/30996"}],"wp:attachment":[{"href":"https:\/\/edirectorios.com.mx\/directorios-latinoamerica\/wp-json\/wp\/v2\/media?parent=36613"}],"wp:term":[{"taxonomy":"product_brand","embeddable":true,"href":"https:\/\/edirectorios.com.mx\/directorios-latinoamerica\/wp-json\/wp\/v2\/product_brand?post=36613"},{"taxonomy":"product_cat","embeddable":true,"href":"https:\/\/edirectorios.com.mx\/directorios-latinoamerica\/wp-json\/wp\/v2\/product_cat?post=36613"},{"taxonomy":"product_tag","embeddable":true,"href":"https:\/\/edirectorios.com.mx\/directorios-latinoamerica\/wp-json\/wp\/v2\/product_tag?post=36613"},{"taxonomy":"product_brands","embeddable":true,"href":"https:\/\/edirectorios.com.mx\/directorios-latinoamerica\/wp-json\/wp\/v2\/product_brands?post=36613"}],"curies":[{"name":"wp","href":"https:\/\/api.w.org\/{rel}","templated":true}]}}