{"id":36558,"date":"2025-12-12T17:26:21","date_gmt":"2025-12-12T17:26:21","guid":{"rendered":"https:\/\/edirectorios.com.mx\/directorios-latinoamerica\/?post_type=product&#038;p=36558"},"modified":"2025-12-12T17:27:26","modified_gmt":"2025-12-12T17:27:26","slug":"grandes-corporaciones-y-empresas-que-tengan-mas-de-1000-empleados-en-brasil-colombia-peru-chile-y-argentina","status":"publish","type":"product","link":"https:\/\/edirectorios.com.mx\/directorios-latinoamerica\/product\/grandes-corporaciones-y-empresas-que-tengan-mas-de-1000-empleados-en-brasil-colombia-peru-chile-y-argentina\/","title":{"rendered":"Grandes corporaciones y empresas, que tengan m\u00e1s de 1,000 empleados, en Brasil, Colombia, Per\u00fa, Chile y Argentina."},"content":{"rendered":"","protected":false},"excerpt":{"rendered":"<p>&nbsp;<\/p>\n<div class=\"row\">\n<div class=\"col-sm\"><strong>C\u00f3digo:<\/strong> <strong class=\"text-danger\">NJGP-D4<\/strong><\/div>\n<div class=\"col-sm\"><strong>N\u00famero de registros: <\/strong>2,400<\/div>\n<\/div>\n<div class=\"row\">\n<div class=\"col-sm \"><strong>Folio: <\/strong><span class=\"text-danger\">03OPMA1221-005<\/span><\/div>\n<\/div>\n<p><strong>Segmentaci\u00f3n:<\/strong><\/p>\n<div class=\"row\">\n<div class=\"col-sm \">Grandes corporaciones y empresas, que tengan m\u00e1s de 1,000 empleados, con un nivel de facturaci\u00f3n de 1,000 millones de d\u00f3lares anuales, del sector de Banca, Telecomunicaciones, Seguros, Tecnolog\u00eda, Utilities (energ\u00e9tico y servicios colectivos), Salud (p\u00fablico o privada), Sector p\u00fablico, Transporte (l\u00ednea a\u00e9rea, terrestre, marina), Miner\u00eda y extracci\u00f3n, Farmacia \/ Sanidad, Venta minorista, Gran consumo (CPG), Automotriz, Comunicaci\u00f3n, Servicios profesionales y Educaci\u00f3n en Brasil, Colombia, Per\u00fa, Chile y Argentina.<\/div>\n<\/div>\n<p><strong>Campos Contenidos:<\/strong><\/p>\n<div class=\"row\">\n<div class=\"col-sm \">Empresa \/ Pa\u00eds \/ Nombre de Contacto \/ Puestos: Gerente de Marketing o Director de Marketing o Gerente de MKT Digital o Director de comercio electr\u00f3nico o Gerente de comercio electr\u00f3nico o Director Comercial o Director de atenci\u00f3n al cliente o Director de Comunicaci\u00f3n o Gerente de Comunicaci\u00f3n o Coordinador de social media o Supervisor o coordinador o l\u00edder de Marketing y Comunicaci\u00f3n \/ Email.<\/div>\n<\/div>\n<div class=\"row\">\n<div class=\"col-sm\"><strong>Garant\u00eda: <\/strong>80%-85% <strong>Precio Original: <\/strong><del>$2,062 USD<\/del> <strong>Descuento Especial: <\/strong><strong class=\"text-danger\">20%<\/strong><\/div>\n<\/div>\n<div class=\"row\">\n<div class=\"col text-center\"><strong>Total a Pagar: <\/strong><strong class=\"text-danger\">$1,649 USD<\/strong><\/div>\n<\/div>\n","protected":false},"featured_media":31023,"template":"","meta":{"_bst_post_transparent":"","_bst_post_title":"","_bst_post_layout":"","_bst_post_sidebar_id":"","_bst_post_content_style":"","_bst_post_vertical_padding":"","_bst_post_feature":"","_bst_post_feature_position":"","_bst_post_header":false,"_bst_post_footer":false},"product_brand":[],"product_cat":[1060,1267],"product_tag":[1062,1182,1237,1363,1451,1063,1064,1238,1239,1222,1067,1068,1211,1274,1071,1072,1073,1074,1075,1076,1077,1078,1079,1212,1155,1080,1386,1242,1081,1156,1082,1083,1084,1085,1086,1214,1160,1161,1162,1088,1089,1090,1275,1092,1225,1245,1093,1313,1408,1304,1097,1098,1099,1100,1102,1103,1104,1226,1165,1228,1109,1110,1111,1112,1113,1114,1115,1116,1117,1118,1413,1166,1119,1167,1120,1121,1122,1123,1124,1170,1127,1129,1131,1132,1133,1134,1135,1136,1137,1138,1139,1140,1141,1142,1144,1145,1253,1146,1148,1231,1232],"product_brands":[],"class_list":{"0":"post-36558","1":"product","2":"type-product","3":"status-publish","4":"has-post-thumbnail","6":"product_cat-empresas-en-mexico","7":"product_cat-empresas-grandes","8":"product_tag-b2c-email-database","9":"product_tag-base-de-datos","10":"product_tag-base-de-datos-argentina","11":"product_tag-base-de-datos-automotriz","12":"product_tag-base-de-datos-brasil","13":"product_tag-base-de-datos-campana-de-email-marketing","14":"product_tag-base-de-datos-campanas-de-email-marketing","15":"product_tag-base-de-datos-chile","16":"product_tag-base-de-datos-colombia","17":"product_tag-base-de-datos-compras","18":"product_tag-base-de-datos-correo-masivo","19":"product_tag-base-de-datos-correo-masivos","20":"product_tag-base-de-datos-de-empresas-b2b","21":"product_tag-base-de-datos-de-empresas-en-mexico","22":"product_tag-base-de-datos-direct-e-mail-marketing","23":"product_tag-base-de-datos-director","24":"product_tag-base-de-datos-e-mail-marketing","25":"product_tag-base-de-datos-email-marketer","26":"product_tag-base-de-datos-email-marketing","27":"product_tag-base-de-datos-email-masivos","28":"product_tag-base-de-datos-email-publicidad","29":"product_tag-base-de-datos-email-publicitario","30":"product_tag-base-de-datos-emailing","31":"product_tag-base-de-datos-empresa","32":"product_tag-base-de-datos-empresas","33":"product_tag-base-de-datos-empresas-de-email-marketing","34":"product_tag-base-de-datos-empresas-en-mexico","35":"product_tag-base-de-datos-empresas-grandes","36":"product_tag-base-de-datos-enviar-email-masivo","37":"product_tag-base-de-datos-enviar-mailing","38":"product_tag-base-de-datos-envio-de-email-masivo","39":"product_tag-base-de-datos-envio-masivo-correo","40":"product_tag-base-de-datos-envio-masivo-correos","41":"product_tag-base-de-datos-envio-masivo-de-emails","42":"product_tag-base-de-datos-envios-de-correo-masivos","43":"product_tag-base-de-datos-farmaceutica","44":"product_tag-base-de-datos-gerente","45":"product_tag-base-de-datos-mailing","46":"product_tag-base-de-datos-mailing-masivo","47":"product_tag-base-de-datos-marketing","48":"product_tag-base-de-datos-marketing-por-e-mail","49":"product_tag-base-de-datos-marketing-por-email","50":"product_tag-base-de-datos-para-empresas","51":"product_tag-base-de-datos-para-marketing","52":"product_tag-base-de-datos-para-ventas","53":"product_tag-base-de-datos-peru","54":"product_tag-base-de-datos-publicidad-por-email","55":"product_tag-base-de-datos-tecnologia","56":"product_tag-base-de-datos-telecomunicaciones","57":"product_tag-base-de-datos-transporte","58":"product_tag-bases-de-datos-correos","59":"product_tag-bases-de-datos-correos-electronicos","60":"product_tag-bases-de-datos-de-emails","61":"product_tag-bases-de-datos-de-marketing","62":"product_tag-bases-de-datos-email","63":"product_tag-bases-de-datos-email-empresas","64":"product_tag-bases-de-datos-emailing","65":"product_tag-bases-de-datos-emails","66":"product_tag-bases-de-datos-mailing","67":"product_tag-bases-de-datos-para-ventas","68":"product_tag-business-contact-lists","69":"product_tag-business-directory","70":"product_tag-business-email-database","71":"product_tag-business-email-list","72":"product_tag-business-email-lists","73":"product_tag-business-mailing-database","74":"product_tag-business-mailing-lists","75":"product_tag-buy-email-database","76":"product_tag-buy-email-list","77":"product_tag-buy-email-list-database","78":"product_tag-comercio","79":"product_tag-companies-email-address-list","80":"product_tag-company-database","81":"product_tag-company-email-address-list","82":"product_tag-correo-de-empresas","83":"product_tag-correos-de-empresas","84":"product_tag-correos-electronicos-de-empresas","85":"product_tag-correos-electronicos-empresas","86":"product_tag-correos-empresariales","87":"product_tag-database","88":"product_tag-directorio-empresarial","89":"product_tag-directorio-empresas","90":"product_tag-directorios-empresas","91":"product_tag-e-mail-database","92":"product_tag-email-address-list","93":"product_tag-email-database","94":"product_tag-email-lists","95":"product_tag-email-marketing-list","96":"product_tag-list-of-email-addresses","97":"product_tag-lista-de-correos","98":"product_tag-lista-de-correos-electronicos","99":"product_tag-mail-marketing","100":"product_tag-mailing-database","101":"product_tag-mailing-list","102":"product_tag-marketing-correo-electronico","103":"product_tag-marketing-lists","104":"product_tag-peru-database","105":"product_tag-publicidad-por-base-de-datos-correo-electronico","106":"product_tag-tele-marketing-list","107":"product_tag-venta-base-de-datos","108":"product_tag-venta-de-base-de-datos-de-empresas","110":"first","111":"instock","112":"sale","113":"virtual","114":"purchasable","115":"product-type-simple","116":"entry","117":"content-bg","118":"loop-entry"},"aioseo_notices":[],"_links":{"self":[{"href":"https:\/\/edirectorios.com.mx\/directorios-latinoamerica\/wp-json\/wp\/v2\/product\/36558","targetHints":{"allow":["GET"]}}],"collection":[{"href":"https:\/\/edirectorios.com.mx\/directorios-latinoamerica\/wp-json\/wp\/v2\/product"}],"about":[{"href":"https:\/\/edirectorios.com.mx\/directorios-latinoamerica\/wp-json\/wp\/v2\/types\/product"}],"version-history":[{"count":1,"href":"https:\/\/edirectorios.com.mx\/directorios-latinoamerica\/wp-json\/wp\/v2\/product\/36558\/revisions"}],"predecessor-version":[{"id":36598,"href":"https:\/\/edirectorios.com.mx\/directorios-latinoamerica\/wp-json\/wp\/v2\/product\/36558\/revisions\/36598"}],"wp:featuredmedia":[{"embeddable":true,"href":"https:\/\/edirectorios.com.mx\/directorios-latinoamerica\/wp-json\/wp\/v2\/media\/31023"}],"wp:attachment":[{"href":"https:\/\/edirectorios.com.mx\/directorios-latinoamerica\/wp-json\/wp\/v2\/media?parent=36558"}],"wp:term":[{"taxonomy":"product_brand","embeddable":true,"href":"https:\/\/edirectorios.com.mx\/directorios-latinoamerica\/wp-json\/wp\/v2\/product_brand?post=36558"},{"taxonomy":"product_cat","embeddable":true,"href":"https:\/\/edirectorios.com.mx\/directorios-latinoamerica\/wp-json\/wp\/v2\/product_cat?post=36558"},{"taxonomy":"product_tag","embeddable":true,"href":"https:\/\/edirectorios.com.mx\/directorios-latinoamerica\/wp-json\/wp\/v2\/product_tag?post=36558"},{"taxonomy":"product_brands","embeddable":true,"href":"https:\/\/edirectorios.com.mx\/directorios-latinoamerica\/wp-json\/wp\/v2\/product_brands?post=36558"}],"curies":[{"name":"wp","href":"https:\/\/api.w.org\/{rel}","templated":true}]}}