{"id":36420,"date":"2025-12-12T17:23:27","date_gmt":"2025-12-12T17:23:27","guid":{"rendered":"https:\/\/edirectorios.com.mx\/directorios-latinoamerica\/?post_type=product&#038;p=36420"},"modified":"2025-12-12T17:24:28","modified_gmt":"2025-12-12T17:24:28","slug":"empresas-que-se-dediquen-a-la-fabricacion-de-limpiadores-shampoo-detergentes-jabon-liquido-productos-para-el-cabello-y-cuidado-personal-en-los-paises-de-centro-y-sudamerica","status":"publish","type":"product","link":"https:\/\/edirectorios.com.mx\/directorios-latinoamerica\/product\/empresas-que-se-dediquen-a-la-fabricacion-de-limpiadores-shampoo-detergentes-jabon-liquido-productos-para-el-cabello-y-cuidado-personal-en-los-paises-de-centro-y-sudamerica\/","title":{"rendered":"Empresas que se dediquen a la fabricaci\u00f3n de Limpiadores, Shampoo, Detergentes, jab\u00f3n L\u00edquido, Productos para el cabello y cuidado personal  en los Pa\u00edses de Centro y Sudam\u00e9rica."},"content":{"rendered":"","protected":false},"excerpt":{"rendered":"<p>&nbsp;<\/p>\n<div class=\"row\">\n<div class=\"col-sm\"><strong>C\u00f3digo:<\/strong> <strong class=\"text-danger\">HBSF-O3<\/strong><\/div>\n<div class=\"col-sm\"><strong>N\u00famero de registros: <\/strong>2300<\/div>\n<\/div>\n<div class=\"row\">\n<div class=\"col-sm \"><strong>Folio: <\/strong><span class=\"text-danger\">03VBGR1020-013<\/span><\/div>\n<\/div>\n<p><strong>Segmentaci\u00f3n:<\/strong><\/p>\n<div class=\"row\">\n<div class=\"col-sm \">Empresas que se dediquen a la fabricaci\u00f3n de Limpiadores, Shampoo, Detergentes, jab\u00f3n L\u00edquido, Productos para el cabello y cuidado personal en los Pa\u00edses de Centro y Sudam\u00e9rica.<\/div>\n<\/div>\n<p><strong>Campos Contenidos:<\/strong><\/p>\n<div class=\"row\">\n<div class=\"col-sm \">Empresa \/ Giro \/ Direcci\u00f3n \/ Ciudad \/ Estado \/ Contacto \/ Puesto: \u00c1rea de Empaque o \u00c1rea de Compras \/ Tel\u00e9fono \/ Email \/ Pagina Web opcional*.<\/div>\n<\/div>\n<div class=\"row\">\n<div class=\"col-sm\"><strong>Garant\u00eda: <\/strong>80%-85% <strong>Precio Original: <\/strong><del>$1,432 USD<\/del> <strong>Descuento Especial: <\/strong><strong class=\"text-danger\">20%<\/strong><\/div>\n<\/div>\n<div class=\"row\">\n<div class=\"col text-center\"><strong>Total a Pagar: <\/strong><strong class=\"text-danger\">$1,146 USD<\/strong><\/div>\n<\/div>\n","protected":false},"featured_media":31008,"template":"","meta":{"_bst_post_transparent":"","_bst_post_title":"","_bst_post_layout":"","_bst_post_sidebar_id":"","_bst_post_content_style":"","_bst_post_vertical_padding":"","_bst_post_feature":"","_bst_post_feature_position":"","_bst_post_header":false,"_bst_post_footer":false},"product_brand":[],"product_cat":[1060,1221],"product_tag":[1062,1063,1064,1222,1067,1068,1071,1073,1074,1075,1076,1077,1078,1079,1155,1080,1177,1081,1082,1083,1084,1085,1086,1088,1089,1090,1092,1225,1093,1097,1098,1099,1100,1101,1102,1103,1104,1226,1227,1165,1105,1228,1106,1107,1229,1111,1112,1113,1114,1115,1116,1117,1118,1166,1119,1167,1120,1121,1122,1123,1124,1170,1126,1130,1132,1133,1134,1135,1136,1171,1137,1138,1139,1140,1142,1143,1144,1145,1206,1172,1173,1174,1175,1146,1148,1149,1231,1232],"product_brands":[],"class_list":{"0":"post-36420","1":"product","2":"type-product","3":"status-publish","4":"has-post-thumbnail","6":"product_cat-empresas-en-mexico","7":"product_cat-hoteles","8":"product_tag-b2c-email-database","9":"product_tag-base-de-datos-campana-de-email-marketing","10":"product_tag-base-de-datos-campanas-de-email-marketing","11":"product_tag-base-de-datos-compras","12":"product_tag-base-de-datos-correo-masivo","13":"product_tag-base-de-datos-correo-masivos","14":"product_tag-base-de-datos-direct-e-mail-marketing","15":"product_tag-base-de-datos-e-mail-marketing","16":"product_tag-base-de-datos-email-marketer","17":"product_tag-base-de-datos-email-marketing","18":"product_tag-base-de-datos-email-masivos","19":"product_tag-base-de-datos-email-publicidad","20":"product_tag-base-de-datos-email-publicitario","21":"product_tag-base-de-datos-emailing","22":"product_tag-base-de-datos-empresas","23":"product_tag-base-de-datos-empresas-de-email-marketing","24":"product_tag-base-de-datos-encargados-de-compras","25":"product_tag-base-de-datos-enviar-email-masivo","26":"product_tag-base-de-datos-envio-de-email-masivo","27":"product_tag-base-de-datos-envio-masivo-correo","28":"product_tag-base-de-datos-envio-masivo-correos","29":"product_tag-base-de-datos-envio-masivo-de-emails","30":"product_tag-base-de-datos-envios-de-correo-masivos","31":"product_tag-base-de-datos-marketing","32":"product_tag-base-de-datos-marketing-por-e-mail","33":"product_tag-base-de-datos-marketing-por-email","34":"product_tag-base-de-datos-para-marketing","35":"product_tag-base-de-datos-para-ventas","36":"product_tag-base-de-datos-publicidad-por-email","37":"product_tag-bases-de-datos-correos","38":"product_tag-bases-de-datos-correos-electronicos","39":"product_tag-bases-de-datos-de-emails","40":"product_tag-bases-de-datos-de-marketing","41":"product_tag-bases-de-datos-de-telefonos","42":"product_tag-bases-de-datos-email","43":"product_tag-bases-de-datos-email-empresas","44":"product_tag-bases-de-datos-emailing","45":"product_tag-bases-de-datos-emails","46":"product_tag-bases-de-datos-empresariales","47":"product_tag-bases-de-datos-mailing","48":"product_tag-bases-de-datos-numeros-de-telefonos","49":"product_tag-bases-de-datos-para-ventas","50":"product_tag-bases-de-datos-telefono","51":"product_tag-bases-de-datos-telefonos-fijos","52":"product_tag-big-corporates-database","53":"product_tag-business-email-database","54":"product_tag-business-email-list","55":"product_tag-business-email-lists","56":"product_tag-business-mailing-database","57":"product_tag-business-mailing-lists","58":"product_tag-buy-email-database","59":"product_tag-buy-email-list","60":"product_tag-buy-email-list-database","61":"product_tag-companies-email-address-list","62":"product_tag-company-database","63":"product_tag-company-email-address-list","64":"product_tag-correo-de-empresas","65":"product_tag-correos-de-empresas","66":"product_tag-correos-electronicos-de-empresas","67":"product_tag-correos-electronicos-empresas","68":"product_tag-correos-empresariales","69":"product_tag-database","70":"product_tag-directorio-emailing","71":"product_tag-directorios-de-empresas","72":"product_tag-e-mail-database","73":"product_tag-email-address-list","74":"product_tag-email-database","75":"product_tag-email-lists","76":"product_tag-email-marketing-list","77":"product_tag-email-marketing-mexico","78":"product_tag-list-of-email-addresses","79":"product_tag-lista-de-correos","80":"product_tag-lista-de-correos-electronicos","81":"product_tag-mail-marketing","82":"product_tag-mailing-list","83":"product_tag-marketing","84":"product_tag-marketing-correo-electronico","85":"product_tag-marketing-lists","86":"product_tag-phone","87":"product_tag-phone-database","88":"product_tag-phone-lists","89":"product_tag-phone-number","90":"product_tag-phone-number-list","91":"product_tag-publicidad-por-base-de-datos-correo-electronico","92":"product_tag-tele-marketing-list","93":"product_tag-telefono","94":"product_tag-venta-base-de-datos","95":"product_tag-venta-de-base-de-datos-de-empresas","97":"first","98":"instock","99":"sale","100":"virtual","101":"purchasable","102":"product-type-simple","103":"entry","104":"content-bg","105":"loop-entry"},"aioseo_notices":[],"_links":{"self":[{"href":"https:\/\/edirectorios.com.mx\/directorios-latinoamerica\/wp-json\/wp\/v2\/product\/36420","targetHints":{"allow":["GET"]}}],"collection":[{"href":"https:\/\/edirectorios.com.mx\/directorios-latinoamerica\/wp-json\/wp\/v2\/product"}],"about":[{"href":"https:\/\/edirectorios.com.mx\/directorios-latinoamerica\/wp-json\/wp\/v2\/types\/product"}],"version-history":[{"count":1,"href":"https:\/\/edirectorios.com.mx\/directorios-latinoamerica\/wp-json\/wp\/v2\/product\/36420\/revisions"}],"predecessor-version":[{"id":36469,"href":"https:\/\/edirectorios.com.mx\/directorios-latinoamerica\/wp-json\/wp\/v2\/product\/36420\/revisions\/36469"}],"wp:featuredmedia":[{"embeddable":true,"href":"https:\/\/edirectorios.com.mx\/directorios-latinoamerica\/wp-json\/wp\/v2\/media\/31008"}],"wp:attachment":[{"href":"https:\/\/edirectorios.com.mx\/directorios-latinoamerica\/wp-json\/wp\/v2\/media?parent=36420"}],"wp:term":[{"taxonomy":"product_brand","embeddable":true,"href":"https:\/\/edirectorios.com.mx\/directorios-latinoamerica\/wp-json\/wp\/v2\/product_brand?post=36420"},{"taxonomy":"product_cat","embeddable":true,"href":"https:\/\/edirectorios.com.mx\/directorios-latinoamerica\/wp-json\/wp\/v2\/product_cat?post=36420"},{"taxonomy":"product_tag","embeddable":true,"href":"https:\/\/edirectorios.com.mx\/directorios-latinoamerica\/wp-json\/wp\/v2\/product_tag?post=36420"},{"taxonomy":"product_brands","embeddable":true,"href":"https:\/\/edirectorios.com.mx\/directorios-latinoamerica\/wp-json\/wp\/v2\/product_brands?post=36420"}],"curies":[{"name":"wp","href":"https:\/\/api.w.org\/{rel}","templated":true}]}}