{"id":36373,"date":"2025-12-12T17:22:15","date_gmt":"2025-12-12T17:22:15","guid":{"rendered":"https:\/\/edirectorios.com.mx\/directorios-latinoamerica\/?post_type=product&#038;p=36373"},"modified":"2025-12-12T17:23:35","modified_gmt":"2025-12-12T17:23:35","slug":"empresas-aaa-que-sean-de-consumo-y-vendan-sus-productos-en-tiendas-de-autoservicio-tipo-coca-cola-pepsico-sabritas-danone-procter-and-gamble-la-costena-lala-alpura-bachoco-en-la-zona-bajio","status":"publish","type":"product","link":"https:\/\/edirectorios.com.mx\/directorios-latinoamerica\/product\/empresas-aaa-que-sean-de-consumo-y-vendan-sus-productos-en-tiendas-de-autoservicio-tipo-coca-cola-pepsico-sabritas-danone-procter-and-gamble-la-costena-lala-alpura-bachoco-en-la-zona-bajio\/","title":{"rendered":"Empresas AAA, que sean de consumo y vendan sus productos en tiendas de autoservicio (tipo coca cola, pepsico, sabritas, danone, procter and gamble, la coste\u00f1a, lala, alpura, bachoco) en la zona Baj\u00edo de M\u00e9xico."},"content":{"rendered":"","protected":false},"excerpt":{"rendered":"<p>&nbsp;<\/p>\n<div class=\"row\">\n<div class=\"col-sm\"><strong>C\u00f3digo:<\/strong> <strong class=\"text-danger\">KVTB-D9<\/strong><\/div>\n<div class=\"col-sm\"><strong>N\u00famero de registros: <\/strong>100<\/div>\n<\/div>\n<div class=\"row\">\n<div class=\"col-sm \"><strong>Folio: <\/strong><span class=\"text-danger\">06EPJS0620-092<\/span><\/div>\n<\/div>\n<p><strong>Segmentaci\u00f3n:<\/strong><\/p>\n<div class=\"row\">\n<div class=\"col-sm \">Empresas AAA, que sean de consumo y vendan sus productos en tiendas de autoservicio (tipo coca cola, pepsico, sabritas, danone, procter and gamble, la coste\u00f1a, lala, alpura, bachoco) en la zona Baj\u00edo de M\u00e9xico.<\/div>\n<\/div>\n<p><strong>Campos Contenidos:<\/strong><\/p>\n<div class=\"row\">\n<div class=\"col-sm \">Empresa \/ Contacto \/ Puesto: Director de mercadotecnia o Director de compras \/ Tel\u00e9fono directo*opcional \/ Email.<\/div>\n<\/div>\n<div class=\"row\">\n<div class=\"col-sm\"><strong>Garant\u00eda: <\/strong>80%-85% <strong>Precio Original: <\/strong><del>$109 USD<\/del> <strong>Descuento Especial: <\/strong><strong class=\"text-danger\">20%<\/strong><\/div>\n<\/div>\n<div class=\"row\">\n<div class=\"col text-center\"><strong>Total a Pagar: <\/strong><strong class=\"text-danger\">$87 USD<\/strong><\/div>\n<\/div>\n","protected":false},"featured_media":31023,"template":"","meta":{"_bst_post_transparent":"","_bst_post_title":"","_bst_post_layout":"","_bst_post_sidebar_id":"","_bst_post_content_style":"","_bst_post_vertical_padding":"","_bst_post_feature":"","_bst_post_feature_position":"","_bst_post_header":false,"_bst_post_footer":false},"product_brand":[],"product_cat":[1060,1267],"product_tag":[1062,1182,1063,1064,1222,1067,1068,1069,1211,1274,1385,1071,1072,1073,1074,1075,1076,1077,1078,1079,1155,1355,1080,1242,1081,1156,1082,1083,1084,1085,1086,1161,1162,1088,1089,1090,1388,1275,1092,1225,1093,1097,1098,1099,1100,1101,1102,1103,1104,1226,1165,1105,1228,1106,1107,1109,1110,1111,1112,1113,1114,1115,1116,1117,1118,1166,1119,1167,1120,1121,1122,1123,1124,1170,1128,1129,1131,1132,1133,1134,1135,1136,1137,1138,1139,1140,1141,1142,1144,1145,1412,1172,1173,1174,1175,1146,1148,1149,1231,1232],"product_brands":[],"class_list":{"0":"post-36373","1":"product","2":"type-product","3":"status-publish","4":"has-post-thumbnail","6":"product_cat-empresas-en-mexico","7":"product_cat-empresas-grandes","8":"product_tag-b2c-email-database","9":"product_tag-base-de-datos","10":"product_tag-base-de-datos-campana-de-email-marketing","11":"product_tag-base-de-datos-campanas-de-email-marketing","12":"product_tag-base-de-datos-compras","13":"product_tag-base-de-datos-correo-masivo","14":"product_tag-base-de-datos-correo-masivos","15":"product_tag-base-de-datos-de-director-general","16":"product_tag-base-de-datos-de-empresas-b2b","17":"product_tag-base-de-datos-de-empresas-en-mexico","18":"product_tag-base-de-datos-de-mexico","19":"product_tag-base-de-datos-direct-e-mail-marketing","20":"product_tag-base-de-datos-director","21":"product_tag-base-de-datos-e-mail-marketing","22":"product_tag-base-de-datos-email-marketer","23":"product_tag-base-de-datos-email-marketing","24":"product_tag-base-de-datos-email-masivos","25":"product_tag-base-de-datos-email-publicidad","26":"product_tag-base-de-datos-email-publicitario","27":"product_tag-base-de-datos-emailing","28":"product_tag-base-de-datos-empresas","29":"product_tag-base-de-datos-empresas-aaa","30":"product_tag-base-de-datos-empresas-de-email-marketing","31":"product_tag-base-de-datos-empresas-grandes","32":"product_tag-base-de-datos-enviar-email-masivo","33":"product_tag-base-de-datos-enviar-mailing","34":"product_tag-base-de-datos-envio-de-email-masivo","35":"product_tag-base-de-datos-envio-masivo-correo","36":"product_tag-base-de-datos-envio-masivo-correos","37":"product_tag-base-de-datos-envio-masivo-de-emails","38":"product_tag-base-de-datos-envios-de-correo-masivos","39":"product_tag-base-de-datos-mailing","40":"product_tag-base-de-datos-mailing-masivo","41":"product_tag-base-de-datos-marketing","42":"product_tag-base-de-datos-marketing-por-e-mail","43":"product_tag-base-de-datos-marketing-por-email","44":"product_tag-base-de-datos-mexico","45":"product_tag-base-de-datos-para-empresas","46":"product_tag-base-de-datos-para-marketing","47":"product_tag-base-de-datos-para-ventas","48":"product_tag-base-de-datos-publicidad-por-email","49":"product_tag-bases-de-datos-correos","50":"product_tag-bases-de-datos-correos-electronicos","51":"product_tag-bases-de-datos-de-emails","52":"product_tag-bases-de-datos-de-marketing","53":"product_tag-bases-de-datos-de-telefonos","54":"product_tag-bases-de-datos-email","55":"product_tag-bases-de-datos-email-empresas","56":"product_tag-bases-de-datos-emailing","57":"product_tag-bases-de-datos-emails","58":"product_tag-bases-de-datos-mailing","59":"product_tag-bases-de-datos-numeros-de-telefonos","60":"product_tag-bases-de-datos-para-ventas","61":"product_tag-bases-de-datos-telefono","62":"product_tag-bases-de-datos-telefonos-fijos","63":"product_tag-business-contact-lists","64":"product_tag-business-directory","65":"product_tag-business-email-database","66":"product_tag-business-email-list","67":"product_tag-business-email-lists","68":"product_tag-business-mailing-database","69":"product_tag-business-mailing-lists","70":"product_tag-buy-email-database","71":"product_tag-buy-email-list","72":"product_tag-buy-email-list-database","73":"product_tag-companies-email-address-list","74":"product_tag-company-database","75":"product_tag-company-email-address-list","76":"product_tag-correo-de-empresas","77":"product_tag-correos-de-empresas","78":"product_tag-correos-electronicos-de-empresas","79":"product_tag-correos-electronicos-empresas","80":"product_tag-correos-empresariales","81":"product_tag-database","82":"product_tag-directorio-empresariales","83":"product_tag-directorio-empresas","84":"product_tag-directorios-empresas","85":"product_tag-e-mail-database","86":"product_tag-email-address-list","87":"product_tag-email-database","88":"product_tag-email-lists","89":"product_tag-email-marketing-list","90":"product_tag-list-of-email-addresses","91":"product_tag-lista-de-correos","92":"product_tag-lista-de-correos-electronicos","93":"product_tag-mail-marketing","94":"product_tag-mailing-database","95":"product_tag-mailing-list","96":"product_tag-marketing-correo-electronico","97":"product_tag-marketing-lists","98":"product_tag-marketing-mexico","99":"product_tag-phone-database","100":"product_tag-phone-lists","101":"product_tag-phone-number","102":"product_tag-phone-number-list","103":"product_tag-publicidad-por-base-de-datos-correo-electronico","104":"product_tag-tele-marketing-list","105":"product_tag-telefono","106":"product_tag-venta-base-de-datos","107":"product_tag-venta-de-base-de-datos-de-empresas","109":"first","110":"instock","111":"sale","112":"virtual","113":"purchasable","114":"product-type-simple","115":"entry","116":"content-bg","117":"loop-entry"},"aioseo_notices":[],"_links":{"self":[{"href":"https:\/\/edirectorios.com.mx\/directorios-latinoamerica\/wp-json\/wp\/v2\/product\/36373","targetHints":{"allow":["GET"]}}],"collection":[{"href":"https:\/\/edirectorios.com.mx\/directorios-latinoamerica\/wp-json\/wp\/v2\/product"}],"about":[{"href":"https:\/\/edirectorios.com.mx\/directorios-latinoamerica\/wp-json\/wp\/v2\/types\/product"}],"version-history":[{"count":1,"href":"https:\/\/edirectorios.com.mx\/directorios-latinoamerica\/wp-json\/wp\/v2\/product\/36373\/revisions"}],"predecessor-version":[{"id":36429,"href":"https:\/\/edirectorios.com.mx\/directorios-latinoamerica\/wp-json\/wp\/v2\/product\/36373\/revisions\/36429"}],"wp:featuredmedia":[{"embeddable":true,"href":"https:\/\/edirectorios.com.mx\/directorios-latinoamerica\/wp-json\/wp\/v2\/media\/31023"}],"wp:attachment":[{"href":"https:\/\/edirectorios.com.mx\/directorios-latinoamerica\/wp-json\/wp\/v2\/media?parent=36373"}],"wp:term":[{"taxonomy":"product_brand","embeddable":true,"href":"https:\/\/edirectorios.com.mx\/directorios-latinoamerica\/wp-json\/wp\/v2\/product_brand?post=36373"},{"taxonomy":"product_cat","embeddable":true,"href":"https:\/\/edirectorios.com.mx\/directorios-latinoamerica\/wp-json\/wp\/v2\/product_cat?post=36373"},{"taxonomy":"product_tag","embeddable":true,"href":"https:\/\/edirectorios.com.mx\/directorios-latinoamerica\/wp-json\/wp\/v2\/product_tag?post=36373"},{"taxonomy":"product_brands","embeddable":true,"href":"https:\/\/edirectorios.com.mx\/directorios-latinoamerica\/wp-json\/wp\/v2\/product_brands?post=36373"}],"curies":[{"name":"wp","href":"https:\/\/api.w.org\/{rel}","templated":true}]}}