{"id":36265,"date":"2025-12-12T17:19:45","date_gmt":"2025-12-12T17:19:45","guid":{"rendered":"https:\/\/edirectorios.com.mx\/directorios-latinoamerica\/?post_type=product&#038;p=36265"},"modified":"2025-12-12T17:20:55","modified_gmt":"2025-12-12T17:20:55","slug":"ferreterias-pequenas-constructoras-y-maquiladoras-de-fabricacion-de-herrajes-en-ciudad-de-mexico-y-la-zona-metropolitana-de-la-ciudad-de-monterrey-nuevo-leon","status":"publish","type":"product","link":"https:\/\/edirectorios.com.mx\/directorios-latinoamerica\/product\/ferreterias-pequenas-constructoras-y-maquiladoras-de-fabricacion-de-herrajes-en-ciudad-de-mexico-y-la-zona-metropolitana-de-la-ciudad-de-monterrey-nuevo-leon\/","title":{"rendered":"Ferreter\u00edas, peque\u00f1as constructoras y maquiladoras de fabricaci\u00f3n de herrajes, en ciudad de M\u00e9xico y la zona metropolitana de la ciudad de Monterrey, Nuevo Le\u00f3n."},"content":{"rendered":"","protected":false},"excerpt":{"rendered":"<p>&nbsp;<\/p>\n<div class=\"row\">\n<div class=\"col-sm\"><strong>C\u00f3digo:<\/strong> <strong class=\"text-danger\">KPAV-D1<\/strong><\/div>\n<div class=\"col-sm\"><strong>N\u00famero de registros: <\/strong>600<\/div>\n<\/div>\n<div class=\"row\">\n<div class=\"col-sm \"><strong>Folio: <\/strong><span class=\"text-danger\">03PLJZ0721-015\u00a0<\/span><\/div>\n<\/div>\n<p><strong>Segmentaci\u00f3n:<\/strong><\/p>\n<div class=\"row\">\n<div class=\"col-sm \">Ferreter\u00edas, peque\u00f1as constructoras y maquiladoras de fabricaci\u00f3n de herrajes, en las zonas de Iztacalco, Venustiano Carranza, Nezahualc\u00f3yotl, Benito Ju\u00e1rez, Cuauht\u00e9moc, Chimalhuac\u00e1n, Tl\u00e1huac, Coyoac\u00e1n, Xochimilco y Azcapotzalco, de la ciudad de M\u00e9xico y la zona metropolitana de la ciudad de Monterrey, Nuevo Le\u00f3n.<\/div>\n<\/div>\n<p><strong>Campos Contenidos:<\/strong><\/p>\n<div class=\"row\">\n<div class=\"col-sm \">Empresa \/ Giro \/ Direcci\u00f3n \/ Ciudad \/ Estado \/ Nombre de Contacto \/ Puesto: Director General o Socios o Directivos o Gerentes Generales o Tomador de decisi\u00f3n\/ Tel\u00e9fono \/ Email \/ P\u00e1gina web*opcional.<\/div>\n<\/div>\n<div class=\"row\">\n<div class=\"col-sm\"><strong>Garant\u00eda: <\/strong>80%-85% <strong>Precio Original: <\/strong><del>$250 USD<\/del> <strong>Descuento Especial: <\/strong><strong class=\"text-danger\">20%<\/strong><\/div>\n<\/div>\n<div class=\"row\">\n<div class=\"col text-center\"><strong>Total a Pagar: <\/strong><strong class=\"text-danger\">$200 USD<\/strong><\/div>\n<\/div>\n","protected":false},"featured_media":30999,"template":"","meta":{"_bst_post_transparent":"","_bst_post_title":"","_bst_post_layout":"","_bst_post_sidebar_id":"","_bst_post_content_style":"","_bst_post_vertical_padding":"","_bst_post_feature":"","_bst_post_feature_position":"","_bst_post_header":false,"_bst_post_footer":false},"product_brand":[],"product_cat":[1150,1060],"product_tag":[1062,1182,1063,1064,1066,1222,1067,1068,1151,1152,1069,1153,1071,1072,1073,1074,1075,1076,1077,1078,1079,1155,1080,1081,1156,1082,1157,1083,1084,1085,1158,1086,1159,1334,1160,1161,1162,1088,1089,1090,1312,1224,1188,1092,1093,1163,1096,1164,1099,1100,1101,1102,1103,1104,1165,1105,1106,1107,1110,1111,1112,1113,1114,1115,1116,1117,1118,1166,1119,1167,1120,1121,1122,1123,1170,1390,1131,1314,1132,1133,1134,1135,1136,1171,1137,1138,1139,1140,1141,1142,1144,1145,1230,1205,1172,1173,1174,1175,1148,1149],"product_brands":[],"class_list":{"0":"post-36265","1":"product","2":"type-product","3":"status-publish","4":"has-post-thumbnail","6":"product_cat-constructoras","7":"product_cat-empresas-en-mexico","8":"product_tag-b2c-email-database","9":"product_tag-base-de-datos","10":"product_tag-base-de-datos-campana-de-email-marketing","11":"product_tag-base-de-datos-campanas-de-email-marketing","12":"product_tag-base-de-datos-ciudad-de-mexico","13":"product_tag-base-de-datos-compras","14":"product_tag-base-de-datos-correo-masivo","15":"product_tag-base-de-datos-correo-masivos","16":"product_tag-base-de-datos-de-construccion","17":"product_tag-base-de-datos-de-directivos","18":"product_tag-base-de-datos-de-director-general","19":"product_tag-base-de-datos-de-tomador-de-decision","20":"product_tag-base-de-datos-direct-e-mail-marketing","21":"product_tag-base-de-datos-director","22":"product_tag-base-de-datos-e-mail-marketing","23":"product_tag-base-de-datos-email-marketer","24":"product_tag-base-de-datos-email-marketing","25":"product_tag-base-de-datos-email-masivos","26":"product_tag-base-de-datos-email-publicidad","27":"product_tag-base-de-datos-email-publicitario","28":"product_tag-base-de-datos-emailing","29":"product_tag-base-de-datos-empresas","30":"product_tag-base-de-datos-empresas-de-email-marketing","31":"product_tag-base-de-datos-enviar-email-masivo","32":"product_tag-base-de-datos-enviar-mailing","33":"product_tag-base-de-datos-envio-de-email-masivo","34":"product_tag-base-de-datos-envio-masivo","35":"product_tag-base-de-datos-envio-masivo-correo","36":"product_tag-base-de-datos-envio-masivo-correos","37":"product_tag-base-de-datos-envio-masivo-de-emails","38":"product_tag-base-de-datos-envio-masivos","39":"product_tag-base-de-datos-envios-de-correo-masivos","40":"product_tag-base-de-datos-envios-masivos","41":"product_tag-base-de-datos-ferreterias","42":"product_tag-base-de-datos-gerente","43":"product_tag-base-de-datos-mailing","44":"product_tag-base-de-datos-mailing-masivo","45":"product_tag-base-de-datos-marketing","46":"product_tag-base-de-datos-marketing-por-e-mail","47":"product_tag-base-de-datos-marketing-por-email","48":"product_tag-base-de-datos-monterrey","49":"product_tag-base-de-datos-nivel-nacional","50":"product_tag-base-de-datos-nuevo-leon","51":"product_tag-base-de-datos-para-marketing","52":"product_tag-base-de-datos-publicidad-por-email","53":"product_tag-base-de-datos-socio","54":"product_tag-base-de-datos-zona-metropolitana","55":"product_tag-bases-de-datos-constructoras","56":"product_tag-bases-de-datos-de-emails","57":"product_tag-bases-de-datos-de-marketing","58":"product_tag-bases-de-datos-de-telefonos","59":"product_tag-bases-de-datos-email","60":"product_tag-bases-de-datos-email-empresas","61":"product_tag-bases-de-datos-emailing","62":"product_tag-bases-de-datos-mailing","63":"product_tag-bases-de-datos-numeros-de-telefonos","64":"product_tag-bases-de-datos-telefono","65":"product_tag-bases-de-datos-telefonos-fijos","66":"product_tag-business-directory","67":"product_tag-business-email-database","68":"product_tag-business-email-list","69":"product_tag-business-email-lists","70":"product_tag-business-mailing-database","71":"product_tag-business-mailing-lists","72":"product_tag-buy-email-database","73":"product_tag-buy-email-list","74":"product_tag-buy-email-list-database","75":"product_tag-companies-email-address-list","76":"product_tag-company-database","77":"product_tag-company-email-address-list","78":"product_tag-correo-de-empresas","79":"product_tag-correos-de-empresas","80":"product_tag-correos-electronicos-de-empresas","81":"product_tag-correos-electronicos-empresas","82":"product_tag-database","83":"product_tag-directorio-mexico","84":"product_tag-directorios-empresas","85":"product_tag-directorios-monterrey","86":"product_tag-e-mail-database","87":"product_tag-email-address-list","88":"product_tag-email-database","89":"product_tag-email-lists","90":"product_tag-email-marketing-list","91":"product_tag-email-marketing-mexico","92":"product_tag-list-of-email-addresses","93":"product_tag-lista-de-correos","94":"product_tag-lista-de-correos-electronicos","95":"product_tag-mail-marketing","96":"product_tag-mailing-database","97":"product_tag-mailing-list","98":"product_tag-marketing-correo-electronico","99":"product_tag-marketing-lists","100":"product_tag-national-database","101":"product_tag-nuevo-leon-database","102":"product_tag-phone-database","103":"product_tag-phone-lists","104":"product_tag-phone-number","105":"product_tag-phone-number-list","106":"product_tag-tele-marketing-list","107":"product_tag-telefono","109":"first","110":"instock","111":"sale","112":"virtual","113":"purchasable","114":"product-type-simple","115":"entry","116":"content-bg","117":"loop-entry"},"aioseo_notices":[],"_links":{"self":[{"href":"https:\/\/edirectorios.com.mx\/directorios-latinoamerica\/wp-json\/wp\/v2\/product\/36265","targetHints":{"allow":["GET"]}}],"collection":[{"href":"https:\/\/edirectorios.com.mx\/directorios-latinoamerica\/wp-json\/wp\/v2\/product"}],"about":[{"href":"https:\/\/edirectorios.com.mx\/directorios-latinoamerica\/wp-json\/wp\/v2\/types\/product"}],"version-history":[{"count":1,"href":"https:\/\/edirectorios.com.mx\/directorios-latinoamerica\/wp-json\/wp\/v2\/product\/36265\/revisions"}],"predecessor-version":[{"id":36312,"href":"https:\/\/edirectorios.com.mx\/directorios-latinoamerica\/wp-json\/wp\/v2\/product\/36265\/revisions\/36312"}],"wp:featuredmedia":[{"embeddable":true,"href":"https:\/\/edirectorios.com.mx\/directorios-latinoamerica\/wp-json\/wp\/v2\/media\/30999"}],"wp:attachment":[{"href":"https:\/\/edirectorios.com.mx\/directorios-latinoamerica\/wp-json\/wp\/v2\/media?parent=36265"}],"wp:term":[{"taxonomy":"product_brand","embeddable":true,"href":"https:\/\/edirectorios.com.mx\/directorios-latinoamerica\/wp-json\/wp\/v2\/product_brand?post=36265"},{"taxonomy":"product_cat","embeddable":true,"href":"https:\/\/edirectorios.com.mx\/directorios-latinoamerica\/wp-json\/wp\/v2\/product_cat?post=36265"},{"taxonomy":"product_tag","embeddable":true,"href":"https:\/\/edirectorios.com.mx\/directorios-latinoamerica\/wp-json\/wp\/v2\/product_tag?post=36265"},{"taxonomy":"product_brands","embeddable":true,"href":"https:\/\/edirectorios.com.mx\/directorios-latinoamerica\/wp-json\/wp\/v2\/product_brands?post=36265"}],"curies":[{"name":"wp","href":"https:\/\/api.w.org\/{rel}","templated":true}]}}