{"id":36032,"date":"2025-12-12T17:15:36","date_gmt":"2025-12-12T17:15:36","guid":{"rendered":"https:\/\/edirectorios.com.mx\/directorios-latinoamerica\/?post_type=product&#038;p=36032"},"modified":"2025-12-12T17:16:20","modified_gmt":"2025-12-12T17:16:20","slug":"industrias-con-mas-de-100-empleados-en-ciudad-de-mexico-y-area-conurbada","status":"publish","type":"product","link":"https:\/\/edirectorios.com.mx\/directorios-latinoamerica\/product\/industrias-con-mas-de-100-empleados-en-ciudad-de-mexico-y-area-conurbada\/","title":{"rendered":"Industrias con m\u00e1s de 100 empleados en Ciudad de M\u00e9xico y \u00c1rea Conurbada"},"content":{"rendered":"","protected":false},"excerpt":{"rendered":"<p>&nbsp;<\/p>\n<div class=\"row\">\n<div class=\"col-sm\"><strong>C\u00f3digo:<\/strong> <strong class=\"text-danger\">SPGF-D6<\/strong><\/div>\n<div class=\"col-sm\"><strong>N\u00famero de registros: <\/strong>250<\/div>\n<\/div>\n<div class=\"row\">\n<div class=\"col-sm \"><strong>Folio: <\/strong><span class=\"text-danger\">FA0421B019<\/span><\/div>\n<\/div>\n<p><strong>Segmentaci\u00f3n:<\/strong><\/p>\n<div class=\"row\">\n<div class=\"col-sm \">Industrias con m\u00e1s de 100 empleados en Ciudad de M\u00e9xico y \u00c1rea Conurbada<\/div>\n<\/div>\n<p><strong>Campos Contenidos:<\/strong><\/p>\n<div class=\"row\">\n<div class=\"col-sm \">Empresa \/ Giro \/ Direcci\u00f3n \/ Ciudad \/ Estado \/ Contacto 1 \/ Puesto: Director de finanzas 1\/ Tel\u00e9fono 1 \/ Email 1\/ Contacto 2 \/ Puesto: Director de recursos humanos \/ Tel\u00e9fono 2 \/ Email 2 \/ P\u00e1gina web*opcional<\/div>\n<\/div>\n<div class=\"row\">\n<div class=\"col-sm\"><strong>Garant\u00eda: <\/strong>80%-85% <strong>Precio Original: <\/strong><del><span style=\"text-decoration: line-through;\">$209 USD<\/span><\/del>\u00a0<strong>Descuento Especial: <\/strong><strong class=\"text-danger\">20%<\/strong><\/div>\n<\/div>\n<div class=\"row\">\n<div class=\"col text-center\"><strong>Total a Pagar: <\/strong><strong class=\"text-danger\">$167 USD<\/strong><\/div>\n<\/div>\n","protected":false},"featured_media":31282,"template":"","meta":{"_bst_post_transparent":"","_bst_post_title":"","_bst_post_layout":"","_bst_post_sidebar_id":"","_bst_post_content_style":"","_bst_post_vertical_padding":"","_bst_post_feature":"","_bst_post_feature_position":"","_bst_post_header":false,"_bst_post_footer":false},"product_brand":[],"product_cat":[1379,1060],"product_tag":[1518,1062,1306,1063,1064,1066,1067,1068,1427,1211,1319,1274,1442,1385,1071,1359,1073,1074,1075,1076,1077,1078,1079,1154,1212,1213,1155,1080,1386,1387,1364,1081,1156,1082,1157,1083,1084,1085,1158,1086,1159,1087,1335,1160,1269,1161,1162,1088,1089,1090,1388,1224,1275,1092,1225,1328,1093,1270,1284,1217,1313,1097,1098,1099,1100,1101,1102,1103,1104,1226,1227,1165,1105,1228,1106,1107,1109,1110,1111,1112,1113,1114,1115,1116,1117,1118,1166,1167,1345,1346,1120,1121,1122,1123,1124,1127,1309,1128,1129,1390,1131,1310,1132,1133,1464,1134,1465,1135,1136,1171,1466,1467,1468,1137,1138,1139,1140,1141,1142,1469,1144,1145,1412,1394,1172,1173,1174,1175,1146,1522,1148,1231,1232],"product_brands":[],"class_list":{"0":"post-36032","1":"product","2":"type-product","3":"status-publish","4":"has-post-thumbnail","6":"product_cat-con-mas-de-100-empleados","7":"product_cat-empresas-en-mexico","8":"product_tag-b2b-contact-data","9":"product_tag-b2c-email-database","10":"product_tag-base-de-datos-aguascalientes","11":"product_tag-base-de-datos-campana-de-email-marketing","12":"product_tag-base-de-datos-campanas-de-email-marketing","13":"product_tag-base-de-datos-ciudad-de-mexico","14":"product_tag-base-de-datos-correo-masivo","15":"product_tag-base-de-datos-correo-masivos","16":"product_tag-base-de-datos-de-directivos-en-rh","17":"product_tag-base-de-datos-de-empresas-b2b","18":"product_tag-base-de-datos-de-empresas-con-mas-de-100-empleados","19":"product_tag-base-de-datos-de-empresas-en-mexico","20":"product_tag-base-de-datos-de-empresas-mexicanas","21":"product_tag-base-de-datos-de-mexico","22":"product_tag-base-de-datos-direct-e-mail-marketing","23":"product_tag-base-de-datos-director-de-tecnologia","24":"product_tag-base-de-datos-e-mail-marketing","25":"product_tag-base-de-datos-email-marketer","26":"product_tag-base-de-datos-email-marketing","27":"product_tag-base-de-datos-email-masivos","28":"product_tag-base-de-datos-email-publicidad","29":"product_tag-base-de-datos-email-publicitario","30":"product_tag-base-de-datos-emailing","31":"product_tag-base-de-datos-emails-mexico","32":"product_tag-base-de-datos-empresa","33":"product_tag-base-de-datos-empresarial","34":"product_tag-base-de-datos-empresas","35":"product_tag-base-de-datos-empresas-de-email-marketing","36":"product_tag-base-de-datos-empresas-en-mexico","37":"product_tag-base-de-datos-empresas-mexico","38":"product_tag-base-de-datos-empresas-que-tengan-hasta-200-empleados","39":"product_tag-base-de-datos-enviar-email-masivo","40":"product_tag-base-de-datos-enviar-mailing","41":"product_tag-base-de-datos-envio-de-email-masivo","42":"product_tag-base-de-datos-envio-masivo","43":"product_tag-base-de-datos-envio-masivo-correo","44":"product_tag-base-de-datos-envio-masivo-correos","45":"product_tag-base-de-datos-envio-masivo-de-emails","46":"product_tag-base-de-datos-envio-masivos","47":"product_tag-base-de-datos-envios-de-correo-masivos","48":"product_tag-base-de-datos-envios-masivos","49":"product_tag-base-de-datos-estado-de-mexico","50":"product_tag-base-de-datos-finanzas","51":"product_tag-base-de-datos-gerente","52":"product_tag-base-de-datos-guanajuato","53":"product_tag-base-de-datos-mailing","54":"product_tag-base-de-datos-mailing-masivo","55":"product_tag-base-de-datos-marketing","56":"product_tag-base-de-datos-marketing-por-e-mail","57":"product_tag-base-de-datos-marketing-por-email","58":"product_tag-base-de-datos-mexico","59":"product_tag-base-de-datos-nivel-nacional","60":"product_tag-base-de-datos-para-empresas","61":"product_tag-base-de-datos-para-marketing","62":"product_tag-base-de-datos-para-ventas","63":"product_tag-base-de-datos-publicidad","64":"product_tag-base-de-datos-publicidad-por-email","65":"product_tag-base-de-datos-queretaro","66":"product_tag-base-de-datos-recursos-humanos","67":"product_tag-base-de-datos-san-luis-potosi","68":"product_tag-base-de-datos-tecnologia","69":"product_tag-bases-de-datos-correos","70":"product_tag-bases-de-datos-correos-electronicos","71":"product_tag-bases-de-datos-de-emails","72":"product_tag-bases-de-datos-de-marketing","73":"product_tag-bases-de-datos-de-telefonos","74":"product_tag-bases-de-datos-email","75":"product_tag-bases-de-datos-email-empresas","76":"product_tag-bases-de-datos-emailing","77":"product_tag-bases-de-datos-emails","78":"product_tag-bases-de-datos-empresariales","79":"product_tag-bases-de-datos-mailing","80":"product_tag-bases-de-datos-numeros-de-telefonos","81":"product_tag-bases-de-datos-para-ventas","82":"product_tag-bases-de-datos-telefono","83":"product_tag-bases-de-datos-telefonos-fijos","84":"product_tag-business-contact-lists","85":"product_tag-business-directory","86":"product_tag-business-email-database","87":"product_tag-business-email-list","88":"product_tag-business-email-lists","89":"product_tag-business-mailing-database","90":"product_tag-business-mailing-lists","91":"product_tag-buy-email-database","92":"product_tag-buy-email-list","93":"product_tag-buy-email-list-database","94":"product_tag-companies-email-address-list","95":"product_tag-company-email-address-list","96":"product_tag-compra-base-de-datos","97":"product_tag-comprar-bases-de-datos-mexico","98":"product_tag-correo-de-empresas","99":"product_tag-correos-de-empresas","100":"product_tag-correos-electronicos-de-empresas","101":"product_tag-correos-electronicos-empresas","102":"product_tag-correos-empresariales","103":"product_tag-directorio-empresarial","104":"product_tag-directorio-empresarial-mexico","105":"product_tag-directorio-empresariales","106":"product_tag-directorio-empresas","107":"product_tag-directorio-mexico","108":"product_tag-directorios-empresas","109":"product_tag-directorios-en-mexico","110":"product_tag-e-mail-database","111":"product_tag-email-address-list","112":"product_tag-email-base-de-datos","113":"product_tag-email-database","114":"product_tag-email-de-empresas","115":"product_tag-email-lists","116":"product_tag-email-marketing-list","117":"product_tag-email-marketing-mexico","118":"product_tag-empresa-de-base-de-datos","119":"product_tag-empresas-bases-de-datos","120":"product_tag-empresas-de-base-de-datos","121":"product_tag-list-of-email-addresses","122":"product_tag-lista-de-correos","123":"product_tag-lista-de-correos-electronicos","124":"product_tag-mail-marketing","125":"product_tag-mailing-database","126":"product_tag-mailing-list","127":"product_tag-mails-de-empresas","128":"product_tag-marketing-correo-electronico","129":"product_tag-marketing-lists","130":"product_tag-marketing-mexico","131":"product_tag-mexico-business-directory","132":"product_tag-phone-database","133":"product_tag-phone-lists","134":"product_tag-phone-number","135":"product_tag-phone-number-list","136":"product_tag-publicidad-por-base-de-datos-correo-electronico","137":"product_tag-sales-leads","138":"product_tag-tele-marketing-list","139":"product_tag-venta-base-de-datos","140":"product_tag-venta-de-base-de-datos-de-empresas","142":"first","143":"instock","144":"sale","145":"virtual","146":"purchasable","147":"product-type-simple","148":"entry","149":"content-bg","150":"loop-entry"},"aioseo_notices":[],"_links":{"self":[{"href":"https:\/\/edirectorios.com.mx\/directorios-latinoamerica\/wp-json\/wp\/v2\/product\/36032","targetHints":{"allow":["GET"]}}],"collection":[{"href":"https:\/\/edirectorios.com.mx\/directorios-latinoamerica\/wp-json\/wp\/v2\/product"}],"about":[{"href":"https:\/\/edirectorios.com.mx\/directorios-latinoamerica\/wp-json\/wp\/v2\/types\/product"}],"version-history":[{"count":1,"href":"https:\/\/edirectorios.com.mx\/directorios-latinoamerica\/wp-json\/wp\/v2\/product\/36032\/revisions"}],"predecessor-version":[{"id":36073,"href":"https:\/\/edirectorios.com.mx\/directorios-latinoamerica\/wp-json\/wp\/v2\/product\/36032\/revisions\/36073"}],"wp:featuredmedia":[{"embeddable":true,"href":"https:\/\/edirectorios.com.mx\/directorios-latinoamerica\/wp-json\/wp\/v2\/media\/31282"}],"wp:attachment":[{"href":"https:\/\/edirectorios.com.mx\/directorios-latinoamerica\/wp-json\/wp\/v2\/media?parent=36032"}],"wp:term":[{"taxonomy":"product_brand","embeddable":true,"href":"https:\/\/edirectorios.com.mx\/directorios-latinoamerica\/wp-json\/wp\/v2\/product_brand?post=36032"},{"taxonomy":"product_cat","embeddable":true,"href":"https:\/\/edirectorios.com.mx\/directorios-latinoamerica\/wp-json\/wp\/v2\/product_cat?post=36032"},{"taxonomy":"product_tag","embeddable":true,"href":"https:\/\/edirectorios.com.mx\/directorios-latinoamerica\/wp-json\/wp\/v2\/product_tag?post=36032"},{"taxonomy":"product_brands","embeddable":true,"href":"https:\/\/edirectorios.com.mx\/directorios-latinoamerica\/wp-json\/wp\/v2\/product_brands?post=36032"}],"curies":[{"name":"wp","href":"https:\/\/api.w.org\/{rel}","templated":true}]}}