{"id":35926,"date":"2025-12-12T17:13:33","date_gmt":"2025-12-12T17:13:33","guid":{"rendered":"https:\/\/edirectorios.com.mx\/directorios-latinoamerica\/?post_type=product&#038;p=35926"},"modified":"2025-12-12T17:14:34","modified_gmt":"2025-12-12T17:14:34","slug":"250-registros-consultorios-medicos-y-hospitales-y-250-registros-industrias-del-sector-metal-mecanica-en-ciudad-de-mexico-estado-de-mexico-guadalajara-jalisco-y-monterrey-nuevo-leon","status":"publish","type":"product","link":"https:\/\/edirectorios.com.mx\/directorios-latinoamerica\/product\/250-registros-consultorios-medicos-y-hospitales-y-250-registros-industrias-del-sector-metal-mecanica-en-ciudad-de-mexico-estado-de-mexico-guadalajara-jalisco-y-monterrey-nuevo-leon\/","title":{"rendered":"250 registros Consultorios m\u00e9dicos y Hospitales  y 250 registros Industrias del sector metal-mec\u00e1nica en Ciudad de M\u00e9xico, Estado de M\u00e9xico, Guadalajara Jalisco y  Monterrey Nuevo Le\u00f3n."},"content":{"rendered":"","protected":false},"excerpt":{"rendered":"<p>&nbsp;<\/p>\n<div class=\"row\">\n<div class=\"col-sm\"><strong>C\u00f3digo:<\/strong> <strong class=\"text-danger\">BEHB-D5<\/strong><\/div>\n<div class=\"col-sm\"><strong>N\u00famero de registros: 500<\/strong><\/div>\n<\/div>\n<div class=\"row\">\n<div class=\"col-sm \"><strong>Folio: <\/strong><span class=\"text-danger\">AG0221B054<\/span><\/div>\n<\/div>\n<p><strong>Segmentaci\u00f3n:<\/strong><\/p>\n<div class=\"row\">\n<div class=\"col-sm \">* 250 registros Consultorios m\u00e9dicos y Hospitales en Ciudad de M\u00e9xico, Estado de M\u00e9xico, Guadalajara Jalisco y Monterrey Nuevo Le\u00f3n. * 250 registros Industrias del sector metal-mec\u00e1nica en Ciudad de M\u00e9xico, Estado de M\u00e9xico, Guadalajara Jalisco y Monterrey Nuevo Le\u00f3n.<\/div>\n<\/div>\n<p><strong>Campos Contenidos:<\/strong><\/p>\n<div class=\"row\">\n<div class=\"col-sm \">* Empresa \/ Giro \/ Direcci\u00f3n \/ Ciudad \/ Estado \/ Contacto \/ Puesto: Encargado de compras \/ Tel\u00e9fono \/ Email \/ P\u00e1gina web*opcional. * Empresa \/ Giro \/ Direcci\u00f3n \/ Ciudad \/ Estado \/ Contacto \/ Puesto: Encargado de compras \/ Tel\u00e9fono \/ Email \/ P\u00e1gina web*opcional.<\/div>\n<\/div>\n<div class=\"row\">\n<div class=\"col-sm\"><strong>Garant\u00eda: <\/strong>80%-85% <strong>Precio Original: <\/strong><del>$229 USD<\/del> <strong>Descuento Especial: <\/strong><strong class=\"text-danger\">20%<\/strong><\/div>\n<\/div>\n<div class=\"row\">\n<div class=\"col text-center\"><strong>Total a Pagar: <\/strong><strong class=\"text-danger\">$183 USD<\/strong><\/div>\n<\/div>\n","protected":false},"featured_media":31043,"template":"","meta":{"_bst_post_transparent":"","_bst_post_title":"","_bst_post_layout":"","_bst_post_sidebar_id":"","_bst_post_content_style":"","_bst_post_vertical_padding":"","_bst_post_feature":"","_bst_post_feature_position":"","_bst_post_header":false,"_bst_post_footer":false},"product_brand":[],"product_cat":[1278,1060,1277],"product_tag":[1062,1182,1063,1064,1066,1067,1068,1071,1073,1074,1075,1076,1077,1078,1079,1080,1176,1177,1081,1156,1082,1083,1084,1085,1086,1087,1216,1162,1088,1089,1090,1312,1188,1092,1093,1097,1098,1099,1100,1101,1102,1103,1104,1289,1178,1179,1105,1106,1107,1229,1109,1110,1111,1112,1113,1114,1115,1116,1117,1118,1166,1119,1120,1121,1122,1123,1124,1170,1218,1314,1132,1133,1134,1136,1137,1138,1139,1140,1141,1142,1143,1144,1145,1205,1206,1172,1173,1174,1175,1146,1148],"product_brands":[],"class_list":{"0":"post-35926","1":"product","2":"type-product","3":"status-publish","4":"has-post-thumbnail","6":"product_cat-ciudad-de-mexico","7":"product_cat-empresas-en-mexico","8":"product_cat-zonas-mas-solicitadas","9":"product_tag-b2c-email-database","10":"product_tag-base-de-datos","11":"product_tag-base-de-datos-campana-de-email-marketing","12":"product_tag-base-de-datos-campanas-de-email-marketing","13":"product_tag-base-de-datos-ciudad-de-mexico","14":"product_tag-base-de-datos-correo-masivo","15":"product_tag-base-de-datos-correo-masivos","16":"product_tag-base-de-datos-direct-e-mail-marketing","17":"product_tag-base-de-datos-e-mail-marketing","18":"product_tag-base-de-datos-email-marketer","19":"product_tag-base-de-datos-email-marketing","20":"product_tag-base-de-datos-email-masivos","21":"product_tag-base-de-datos-email-publicidad","22":"product_tag-base-de-datos-email-publicitario","23":"product_tag-base-de-datos-emailing","24":"product_tag-base-de-datos-empresas-de-email-marketing","25":"product_tag-base-de-datos-encargados","26":"product_tag-base-de-datos-encargados-de-compras","27":"product_tag-base-de-datos-enviar-email-masivo","28":"product_tag-base-de-datos-enviar-mailing","29":"product_tag-base-de-datos-envio-de-email-masivo","30":"product_tag-base-de-datos-envio-masivo-correo","31":"product_tag-base-de-datos-envio-masivo-correos","32":"product_tag-base-de-datos-envio-masivo-de-emails","33":"product_tag-base-de-datos-envios-de-correo-masivos","34":"product_tag-base-de-datos-estado-de-mexico","35":"product_tag-base-de-datos-guadalajara","36":"product_tag-base-de-datos-mailing-masivo","37":"product_tag-base-de-datos-marketing","38":"product_tag-base-de-datos-marketing-por-e-mail","39":"product_tag-base-de-datos-marketing-por-email","40":"product_tag-base-de-datos-monterrey","41":"product_tag-base-de-datos-nuevo-leon","42":"product_tag-base-de-datos-para-marketing","43":"product_tag-base-de-datos-publicidad-por-email","44":"product_tag-bases-de-datos-correos","45":"product_tag-bases-de-datos-correos-electronicos","46":"product_tag-bases-de-datos-de-emails","47":"product_tag-bases-de-datos-de-marketing","48":"product_tag-bases-de-datos-de-telefonos","49":"product_tag-bases-de-datos-email","50":"product_tag-bases-de-datos-email-empresas","51":"product_tag-bases-de-datos-emailing","52":"product_tag-bases-de-datos-hospitales","53":"product_tag-bases-de-datos-industrias","54":"product_tag-bases-de-datos-jalisco","55":"product_tag-bases-de-datos-numeros-de-telefonos","56":"product_tag-bases-de-datos-telefono","57":"product_tag-bases-de-datos-telefonos-fijos","58":"product_tag-big-corporates-database","59":"product_tag-business-contact-lists","60":"product_tag-business-directory","61":"product_tag-business-email-database","62":"product_tag-business-email-list","63":"product_tag-business-email-lists","64":"product_tag-business-mailing-database","65":"product_tag-business-mailing-lists","66":"product_tag-buy-email-database","67":"product_tag-buy-email-list","68":"product_tag-buy-email-list-database","69":"product_tag-companies-email-address-list","70":"product_tag-company-database","71":"product_tag-correo-de-empresas","72":"product_tag-correos-de-empresas","73":"product_tag-correos-electronicos-de-empresas","74":"product_tag-correos-electronicos-empresas","75":"product_tag-correos-empresariales","76":"product_tag-database","77":"product_tag-directorios-guadalajara","78":"product_tag-directorios-monterrey","79":"product_tag-e-mail-database","80":"product_tag-email-address-list","81":"product_tag-email-database","82":"product_tag-email-marketing-list","83":"product_tag-list-of-email-addresses","84":"product_tag-lista-de-correos","85":"product_tag-lista-de-correos-electronicos","86":"product_tag-mail-marketing","87":"product_tag-mailing-database","88":"product_tag-mailing-list","89":"product_tag-marketing","90":"product_tag-marketing-correo-electronico","91":"product_tag-marketing-lists","92":"product_tag-nuevo-leon-database","93":"product_tag-phone","94":"product_tag-phone-database","95":"product_tag-phone-lists","96":"product_tag-phone-number","97":"product_tag-phone-number-list","98":"product_tag-publicidad-por-base-de-datos-correo-electronico","99":"product_tag-tele-marketing-list","101":"first","102":"instock","103":"sale","104":"shipping-taxable","105":"purchasable","106":"product-type-simple","107":"entry","108":"content-bg","109":"loop-entry"},"aioseo_notices":[],"_links":{"self":[{"href":"https:\/\/edirectorios.com.mx\/directorios-latinoamerica\/wp-json\/wp\/v2\/product\/35926","targetHints":{"allow":["GET"]}}],"collection":[{"href":"https:\/\/edirectorios.com.mx\/directorios-latinoamerica\/wp-json\/wp\/v2\/product"}],"about":[{"href":"https:\/\/edirectorios.com.mx\/directorios-latinoamerica\/wp-json\/wp\/v2\/types\/product"}],"version-history":[{"count":1,"href":"https:\/\/edirectorios.com.mx\/directorios-latinoamerica\/wp-json\/wp\/v2\/product\/35926\/revisions"}],"predecessor-version":[{"id":35976,"href":"https:\/\/edirectorios.com.mx\/directorios-latinoamerica\/wp-json\/wp\/v2\/product\/35926\/revisions\/35976"}],"wp:featuredmedia":[{"embeddable":true,"href":"https:\/\/edirectorios.com.mx\/directorios-latinoamerica\/wp-json\/wp\/v2\/media\/31043"}],"wp:attachment":[{"href":"https:\/\/edirectorios.com.mx\/directorios-latinoamerica\/wp-json\/wp\/v2\/media?parent=35926"}],"wp:term":[{"taxonomy":"product_brand","embeddable":true,"href":"https:\/\/edirectorios.com.mx\/directorios-latinoamerica\/wp-json\/wp\/v2\/product_brand?post=35926"},{"taxonomy":"product_cat","embeddable":true,"href":"https:\/\/edirectorios.com.mx\/directorios-latinoamerica\/wp-json\/wp\/v2\/product_cat?post=35926"},{"taxonomy":"product_tag","embeddable":true,"href":"https:\/\/edirectorios.com.mx\/directorios-latinoamerica\/wp-json\/wp\/v2\/product_tag?post=35926"},{"taxonomy":"product_brands","embeddable":true,"href":"https:\/\/edirectorios.com.mx\/directorios-latinoamerica\/wp-json\/wp\/v2\/product_brands?post=35926"}],"curies":[{"name":"wp","href":"https:\/\/api.w.org\/{rel}","templated":true}]}}