{"id":35723,"date":"2025-12-12T17:10:12","date_gmt":"2025-12-12T17:10:12","guid":{"rendered":"https:\/\/edirectorios.com.mx\/directorios-latinoamerica\/?post_type=product&#038;p=35723"},"modified":"2025-12-12T17:10:56","modified_gmt":"2025-12-12T17:10:56","slug":"empresas-con-mas-de-250-empleados-del-area-de-farma-seguros-afores-retail-en-ciudad-de-mexico-guadalajara-y-nuevo-leon","status":"publish","type":"product","link":"https:\/\/edirectorios.com.mx\/directorios-latinoamerica\/product\/empresas-con-mas-de-250-empleados-del-area-de-farma-seguros-afores-retail-en-ciudad-de-mexico-guadalajara-y-nuevo-leon\/","title":{"rendered":"Empresas con m\u00e1s de 250 empleados, del \u00e1rea de farma, seguros, afores, retail, en Ciudad de M\u00e9xico, Guadalajara y Nuevo Le\u00f3n."},"content":{"rendered":"","protected":false},"excerpt":{"rendered":"<div class=\"row\">\n<div class=\"col-sm\"><strong>C\u00f3digo:<\/strong> <strong class=\"text-danger\">KQKB-D4<\/strong><\/div>\n<div class=\"col-sm\"><strong>N\u00famero de registros: <\/strong>300<\/div>\n<\/div>\n<div class=\"row\">\n<div class=\"col-sm \"><strong>Folio: <\/strong><span class=\"text-danger\">03SLJP0820-076<\/span><\/div>\n<\/div>\n<p><strong>Segmentaci\u00f3n:<\/strong><\/p>\n<div class=\"row\">\n<div class=\"col-sm \">Empresas con m\u00e1s de 250 empleados, en empresas del \u00e1rea de farma (laboratorios, distribuidores y farmacias), seguros, afores, retail(tiendas departamentales y supermercados), en el \u00e1rea metropolitana de la Ciudad de M\u00e9xico, Guadalajara y Nuevo Le\u00f3n.<\/div>\n<\/div>\n<p><strong>Campos Contenidos:<\/strong><\/p>\n<div class=\"row\">\n<div class=\"col-sm \">Empresa \/ Giro \/ Contacto \/ Puesto: Director General o Director o Gerente de marketing o Director o Gerente de innovaci\u00f3n o Director o Gerente de \u00e1rea de negocio o Encargado de \u00e1rea digital o Multichannel o customer engagement \/ Tel\u00e9fono \/ Email \/ P\u00e1gina web*opcional \/ Rango de empleados.<\/div>\n<\/div>\n<div class=\"row\">\n<div class=\"col-sm\"><strong>Garant\u00eda:\u00a0<\/strong>80%-85%\u00a0<strong>Precio Original:\u00a0<\/strong><del>$303 USD<\/del>\u00a0<strong>Descuento Especial:\u00a0<\/strong><strong class=\"text-danger\">20%<\/strong><\/div>\n<\/div>\n<div class=\"row\">\n<div class=\"col text-center\"><strong>Total a Pagar:\u00a0<\/strong><strong class=\"text-danger\">$242 USD<\/strong><\/div>\n<\/div>\n","protected":false},"featured_media":31013,"template":"","meta":{"_bst_post_transparent":"","_bst_post_title":"","_bst_post_layout":"","_bst_post_sidebar_id":"","_bst_post_content_style":"","_bst_post_vertical_padding":"","_bst_post_feature":"","_bst_post_feature_position":"","_bst_post_header":false,"_bst_post_footer":false},"product_brand":[],"product_cat":[1060],"product_tag":[1062,1182,1063,1064,1066,1067,1068,1069,1211,1071,1072,1073,1074,1075,1076,1077,1078,1079,1155,1080,1364,1176,1081,1082,1157,1083,1084,1085,1158,1086,1159,1215,1160,1216,1088,1089,1090,1188,1092,1093,1365,1096,1097,1098,1099,1100,1101,1102,1104,1226,1290,1165,1105,1228,1106,1107,1229,1111,1114,1116,1117,1118,1119,1167,1170,1254,1126,1127,1128,1129,1130,1131,1218,1133,1135,1136,1509,1137,1138,1139,1140,1142,1144,1145,1205,1206,1172,1173,1174,1175,1146,1474,1149],"product_brands":[],"class_list":{"0":"post-35723","1":"product","2":"type-product","3":"status-publish","4":"has-post-thumbnail","6":"product_cat-empresas-en-mexico","7":"product_tag-b2c-email-database","8":"product_tag-base-de-datos","9":"product_tag-base-de-datos-campana-de-email-marketing","10":"product_tag-base-de-datos-campanas-de-email-marketing","11":"product_tag-base-de-datos-ciudad-de-mexico","12":"product_tag-base-de-datos-correo-masivo","13":"product_tag-base-de-datos-correo-masivos","14":"product_tag-base-de-datos-de-director-general","15":"product_tag-base-de-datos-de-empresas-b2b","16":"product_tag-base-de-datos-direct-e-mail-marketing","17":"product_tag-base-de-datos-director","18":"product_tag-base-de-datos-e-mail-marketing","19":"product_tag-base-de-datos-email-marketer","20":"product_tag-base-de-datos-email-marketing","21":"product_tag-base-de-datos-email-masivos","22":"product_tag-base-de-datos-email-publicidad","23":"product_tag-base-de-datos-email-publicitario","24":"product_tag-base-de-datos-emailing","25":"product_tag-base-de-datos-empresas","26":"product_tag-base-de-datos-empresas-de-email-marketing","27":"product_tag-base-de-datos-empresas-que-tengan-hasta-200-empleados","28":"product_tag-base-de-datos-encargados","29":"product_tag-base-de-datos-enviar-email-masivo","30":"product_tag-base-de-datos-envio-de-email-masivo","31":"product_tag-base-de-datos-envio-masivo","32":"product_tag-base-de-datos-envio-masivo-correo","33":"product_tag-base-de-datos-envio-masivo-correos","34":"product_tag-base-de-datos-envio-masivo-de-emails","35":"product_tag-base-de-datos-envio-masivos","36":"product_tag-base-de-datos-envios-de-correo-masivos","37":"product_tag-base-de-datos-envios-masivos","38":"product_tag-base-de-datos-farmacias","39":"product_tag-base-de-datos-gerente","40":"product_tag-base-de-datos-guadalajara","41":"product_tag-base-de-datos-marketing","42":"product_tag-base-de-datos-marketing-por-e-mail","43":"product_tag-base-de-datos-marketing-por-email","44":"product_tag-base-de-datos-nuevo-leon","45":"product_tag-base-de-datos-para-marketing","46":"product_tag-base-de-datos-publicidad-por-email","47":"product_tag-base-de-datos-retail","48":"product_tag-base-de-datos-zona-metropolitana","49":"product_tag-bases-de-datos-correos","50":"product_tag-bases-de-datos-correos-electronicos","51":"product_tag-bases-de-datos-de-emails","52":"product_tag-bases-de-datos-de-marketing","53":"product_tag-bases-de-datos-de-telefonos","54":"product_tag-bases-de-datos-email","55":"product_tag-bases-de-datos-emailing","56":"product_tag-bases-de-datos-emails","57":"product_tag-bases-de-datos-laboratorios","58":"product_tag-bases-de-datos-mailing","59":"product_tag-bases-de-datos-numeros-de-telefonos","60":"product_tag-bases-de-datos-para-ventas","61":"product_tag-bases-de-datos-telefono","62":"product_tag-bases-de-datos-telefonos-fijos","63":"product_tag-big-corporates-database","64":"product_tag-business-email-database","65":"product_tag-business-mailing-database","66":"product_tag-buy-email-database","67":"product_tag-buy-email-list","68":"product_tag-buy-email-list-database","69":"product_tag-company-database","70":"product_tag-company-email-address-list","71":"product_tag-database","72":"product_tag-databases","73":"product_tag-directorio-emailing","74":"product_tag-directorio-empresarial","75":"product_tag-directorio-empresariales","76":"product_tag-directorio-empresas","77":"product_tag-directorios-de-empresas","78":"product_tag-directorios-empresas","79":"product_tag-directorios-guadalajara","80":"product_tag-email-address-list","81":"product_tag-email-lists","82":"product_tag-email-marketing-list","83":"product_tag-encargado","84":"product_tag-list-of-email-addresses","85":"product_tag-lista-de-correos","86":"product_tag-lista-de-correos-electronicos","87":"product_tag-mail-marketing","88":"product_tag-mailing-list","89":"product_tag-marketing-correo-electronico","90":"product_tag-marketing-lists","91":"product_tag-nuevo-leon-database","92":"product_tag-phone","93":"product_tag-phone-database","94":"product_tag-phone-lists","95":"product_tag-phone-number","96":"product_tag-phone-number-list","97":"product_tag-publicidad-por-base-de-datos-correo-electronico","98":"product_tag-seguros","99":"product_tag-telefono","101":"first","102":"instock","103":"sale","104":"virtual","105":"purchasable","106":"product-type-simple","107":"entry","108":"content-bg","109":"loop-entry"},"aioseo_notices":[],"_links":{"self":[{"href":"https:\/\/edirectorios.com.mx\/directorios-latinoamerica\/wp-json\/wp\/v2\/product\/35723","targetHints":{"allow":["GET"]}}],"collection":[{"href":"https:\/\/edirectorios.com.mx\/directorios-latinoamerica\/wp-json\/wp\/v2\/product"}],"about":[{"href":"https:\/\/edirectorios.com.mx\/directorios-latinoamerica\/wp-json\/wp\/v2\/types\/product"}],"version-history":[{"count":1,"href":"https:\/\/edirectorios.com.mx\/directorios-latinoamerica\/wp-json\/wp\/v2\/product\/35723\/revisions"}],"predecessor-version":[{"id":35762,"href":"https:\/\/edirectorios.com.mx\/directorios-latinoamerica\/wp-json\/wp\/v2\/product\/35723\/revisions\/35762"}],"wp:featuredmedia":[{"embeddable":true,"href":"https:\/\/edirectorios.com.mx\/directorios-latinoamerica\/wp-json\/wp\/v2\/media\/31013"}],"wp:attachment":[{"href":"https:\/\/edirectorios.com.mx\/directorios-latinoamerica\/wp-json\/wp\/v2\/media?parent=35723"}],"wp:term":[{"taxonomy":"product_brand","embeddable":true,"href":"https:\/\/edirectorios.com.mx\/directorios-latinoamerica\/wp-json\/wp\/v2\/product_brand?post=35723"},{"taxonomy":"product_cat","embeddable":true,"href":"https:\/\/edirectorios.com.mx\/directorios-latinoamerica\/wp-json\/wp\/v2\/product_cat?post=35723"},{"taxonomy":"product_tag","embeddable":true,"href":"https:\/\/edirectorios.com.mx\/directorios-latinoamerica\/wp-json\/wp\/v2\/product_tag?post=35723"},{"taxonomy":"product_brands","embeddable":true,"href":"https:\/\/edirectorios.com.mx\/directorios-latinoamerica\/wp-json\/wp\/v2\/product_brands?post=35723"}],"curies":[{"name":"wp","href":"https:\/\/api.w.org\/{rel}","templated":true}]}}