{"id":35675,"date":"2025-12-12T17:09:25","date_gmt":"2025-12-12T17:09:25","guid":{"rendered":"https:\/\/edirectorios.com.mx\/directorios-latinoamerica\/?post_type=product&#038;p=35675"},"modified":"2025-12-12T17:10:08","modified_gmt":"2025-12-12T17:10:08","slug":"personas-fisicas-con-un-nivel-de-pago-de-servicio-de-luz-superior-a-2300-en-mexico","status":"publish","type":"product","link":"https:\/\/edirectorios.com.mx\/directorios-latinoamerica\/product\/personas-fisicas-con-un-nivel-de-pago-de-servicio-de-luz-superior-a-2300-en-mexico\/","title":{"rendered":"Personas F\u00edsicas, con un nivel de pago de servicio de luz superior a $2,300, en M\u00e9xico."},"content":{"rendered":"","protected":false},"excerpt":{"rendered":"<div class=\"row\">\n<div class=\"col-sm\"><strong>C\u00f3digo:<\/strong> <strong class=\"text-danger\">BMNB-D6<\/strong><\/div>\n<div class=\"col-sm\"><strong>N\u00famero de registros: <\/strong>300<\/div>\n<\/div>\n<div class=\"row\">\n<div class=\"col-sm \"><strong>Folio: <\/strong><span class=\"text-danger\">03TEAM0620-160<\/span><\/div>\n<\/div>\n<p><strong>Segmentaci\u00f3n:<\/strong><\/p>\n<div class=\"row\">\n<div class=\"col-sm \">Personas F\u00edsicas, de 35 a 60 a\u00f1os, econ\u00f3micamente activas y tarjetahabientes, NSE C+, B y A, con un nivel de pago de servicio de luz superior a $2,300 en tarifa DAC y PDBT,en Ciudad de M\u00e9xico y los Estados de Estado de M\u00e9xico, Quer\u00e9taro, Puebla, Hidalgo, Morelos y Guanajuato.<\/div>\n<\/div>\n<p><strong>Campos Contenidos:<\/strong><\/p>\n<div class=\"row\">\n<div class=\"col-sm \">Nombre \/ Direcci\u00f3n \/ Ciudad \/ Estado \/ Celular \/ Email.<\/div>\n<\/div>\n<div class=\"row\">\n<div class=\"col-sm\"><strong>Garant\u00eda:\u00a0<\/strong>80%-85%\u00a0<strong>Precio Original:<del>\u00a0<\/del><\/strong><del>$145 USD<\/del>\u00a0<strong>Descuento Especial:\u00a0<\/strong><strong class=\"text-danger\">20%<\/strong><\/div>\n<\/div>\n<div class=\"row\">\n<div class=\"col text-center\"><strong>Total a Pagar:\u00a0<\/strong><strong class=\"text-danger\">$116 USD<\/strong><\/div>\n<\/div>\n","protected":false},"featured_media":31224,"template":"","meta":{"_bst_post_transparent":"","_bst_post_title":"","_bst_post_layout":"","_bst_post_sidebar_id":"","_bst_post_content_style":"","_bst_post_vertical_padding":"","_bst_post_feature":"","_bst_post_feature_position":"","_bst_post_header":false,"_bst_post_footer":false},"product_brand":[],"product_cat":[1180],"product_tag":[1062,1182,1063,1064,1404,1066,1067,1068,1258,1207,1420,1324,1209,1294,1186,1371,1187,1405,1071,1074,1075,1076,1077,1078,1079,1081,1082,1157,1083,1084,1085,1158,1086,1159,1087,1269,1088,1089,1090,1295,1092,1189,1093,1270,1406,1097,1098,1099,1100,1102,1104,1226,1165,1228,1116,1117,1118,1202,1203,1204,1170,1133,1135,1136,1137,1138,1139,1296,1140,1142,1144,1145,1407,1297,1298,1299,1300,1301,1302,1303,1146],"product_brands":[],"class_list":{"0":"post-35675","1":"product","2":"type-product","3":"status-publish","4":"has-post-thumbnail","6":"product_cat-personas-en-mexico","7":"product_tag-b2c-email-database","8":"product_tag-base-de-datos","9":"product_tag-base-de-datos-campana-de-email-marketing","10":"product_tag-base-de-datos-campanas-de-email-marketing","11":"product_tag-base-de-datos-celulares","12":"product_tag-base-de-datos-ciudad-de-mexico","13":"product_tag-base-de-datos-correo-masivo","14":"product_tag-base-de-datos-correo-masivos","15":"product_tag-base-de-datos-de-morelos","16":"product_tag-base-de-datos-de-nse","17":"product_tag-base-de-datos-de-nse-a","18":"product_tag-base-de-datos-de-nse-b","19":"product_tag-base-de-datos-de-nse-c","20":"product_tag-base-de-datos-de-numeros-celulares","21":"product_tag-base-de-datos-de-personas-fisicas","22":"product_tag-base-de-datos-de-personas-puebla","23":"product_tag-base-de-datos-de-tarjetahabientes","24":"product_tag-base-de-datos-de-telefonos-moviles","25":"product_tag-base-de-datos-direct-e-mail-marketing","26":"product_tag-base-de-datos-email-marketer","27":"product_tag-base-de-datos-email-marketing","28":"product_tag-base-de-datos-email-masivos","29":"product_tag-base-de-datos-email-publicidad","30":"product_tag-base-de-datos-email-publicitario","31":"product_tag-base-de-datos-emailing","32":"product_tag-base-de-datos-enviar-email-masivo","33":"product_tag-base-de-datos-envio-de-email-masivo","34":"product_tag-base-de-datos-envio-masivo","35":"product_tag-base-de-datos-envio-masivo-correo","36":"product_tag-base-de-datos-envio-masivo-correos","37":"product_tag-base-de-datos-envio-masivo-de-emails","38":"product_tag-base-de-datos-envio-masivos","39":"product_tag-base-de-datos-envios-de-correo-masivos","40":"product_tag-base-de-datos-envios-masivos","41":"product_tag-base-de-datos-estado-de-mexico","42":"product_tag-base-de-datos-guanajuato","43":"product_tag-base-de-datos-marketing","44":"product_tag-base-de-datos-marketing-por-e-mail","45":"product_tag-base-de-datos-marketing-por-email","46":"product_tag-base-de-datos-numeros-de-telefonos-celulares","47":"product_tag-base-de-datos-para-marketing","48":"product_tag-base-de-datos-personas-de-email-marketing","49":"product_tag-base-de-datos-publicidad-por-email","50":"product_tag-base-de-datos-queretaro","51":"product_tag-base-de-datos-telefonos-moviles","52":"product_tag-bases-de-datos-correos","53":"product_tag-bases-de-datos-correos-electronicos","54":"product_tag-bases-de-datos-de-emails","55":"product_tag-bases-de-datos-de-marketing","56":"product_tag-bases-de-datos-email","57":"product_tag-bases-de-datos-emailing","58":"product_tag-bases-de-datos-emails","59":"product_tag-bases-de-datos-mailing","60":"product_tag-bases-de-datos-para-ventas","61":"product_tag-buy-email-database","62":"product_tag-buy-email-list","63":"product_tag-buy-email-list-database","64":"product_tag-correo-de-personas","65":"product_tag-correos-electronicos-de-personas","66":"product_tag-correos-electronicos-personas","67":"product_tag-database","68":"product_tag-email-address-list","69":"product_tag-email-lists","70":"product_tag-email-marketing-list","71":"product_tag-list-of-email-addresses","72":"product_tag-lista-de-correos","73":"product_tag-lista-de-correos-electronicos","74":"product_tag-lista-de-numeros-de-telefonos-celulares","75":"product_tag-mail-marketing","76":"product_tag-mailing-list","77":"product_tag-marketing-correo-electronico","78":"product_tag-marketing-lists","79":"product_tag-mobile","80":"product_tag-mobile-database","81":"product_tag-mobile-directory","82":"product_tag-mobile-list","83":"product_tag-mobile-number-database","84":"product_tag-mobile-number-list","85":"product_tag-mobile-phone-number","86":"product_tag-numeros-de-telefonos-celulares","87":"product_tag-publicidad-por-base-de-datos-correo-electronico","89":"first","90":"instock","91":"sale","92":"virtual","93":"purchasable","94":"product-type-simple","95":"entry","96":"content-bg","97":"loop-entry"},"aioseo_notices":[],"_links":{"self":[{"href":"https:\/\/edirectorios.com.mx\/directorios-latinoamerica\/wp-json\/wp\/v2\/product\/35675","targetHints":{"allow":["GET"]}}],"collection":[{"href":"https:\/\/edirectorios.com.mx\/directorios-latinoamerica\/wp-json\/wp\/v2\/product"}],"about":[{"href":"https:\/\/edirectorios.com.mx\/directorios-latinoamerica\/wp-json\/wp\/v2\/types\/product"}],"version-history":[{"count":1,"href":"https:\/\/edirectorios.com.mx\/directorios-latinoamerica\/wp-json\/wp\/v2\/product\/35675\/revisions"}],"predecessor-version":[{"id":35719,"href":"https:\/\/edirectorios.com.mx\/directorios-latinoamerica\/wp-json\/wp\/v2\/product\/35675\/revisions\/35719"}],"wp:featuredmedia":[{"embeddable":true,"href":"https:\/\/edirectorios.com.mx\/directorios-latinoamerica\/wp-json\/wp\/v2\/media\/31224"}],"wp:attachment":[{"href":"https:\/\/edirectorios.com.mx\/directorios-latinoamerica\/wp-json\/wp\/v2\/media?parent=35675"}],"wp:term":[{"taxonomy":"product_brand","embeddable":true,"href":"https:\/\/edirectorios.com.mx\/directorios-latinoamerica\/wp-json\/wp\/v2\/product_brand?post=35675"},{"taxonomy":"product_cat","embeddable":true,"href":"https:\/\/edirectorios.com.mx\/directorios-latinoamerica\/wp-json\/wp\/v2\/product_cat?post=35675"},{"taxonomy":"product_tag","embeddable":true,"href":"https:\/\/edirectorios.com.mx\/directorios-latinoamerica\/wp-json\/wp\/v2\/product_tag?post=35675"},{"taxonomy":"product_brands","embeddable":true,"href":"https:\/\/edirectorios.com.mx\/directorios-latinoamerica\/wp-json\/wp\/v2\/product_brands?post=35675"}],"curies":[{"name":"wp","href":"https:\/\/api.w.org\/{rel}","templated":true}]}}