{"id":35651,"date":"2025-12-12T17:09:02","date_gmt":"2025-12-12T17:09:02","guid":{"rendered":"https:\/\/edirectorios.com.mx\/directorios-latinoamerica\/?post_type=product&#038;p=35651"},"modified":"2025-12-12T17:09:45","modified_gmt":"2025-12-12T17:09:45","slug":"industrias-en-diversos-sectores-que-tengan-de-100-a-10k-empleados-en-ciudad-de-mexico-y-area-metropolitana","status":"publish","type":"product","link":"https:\/\/edirectorios.com.mx\/directorios-latinoamerica\/product\/industrias-en-diversos-sectores-que-tengan-de-100-a-10k-empleados-en-ciudad-de-mexico-y-area-metropolitana\/","title":{"rendered":"Industrias en diversos sectores que tengan de 100 a +10k empleados en Ciudad de M\u00e9xico y \u00c1rea Metropolitana"},"content":{"rendered":"","protected":false},"excerpt":{"rendered":"<p>&nbsp;<\/p>\n<div class=\"row\">\n<div class=\"col-sm\"><strong>C\u00f3digo:<\/strong> <strong class=\"text-danger\"><strong>NBHP-D4-1<\/strong> <\/strong><\/div>\n<div class=\"col-sm\"><strong>N\u00famero de registros: <\/strong>500<\/div>\n<\/div>\n<div class=\"row\">\n<div class=\"col-sm \"><strong>Folio: <\/strong><span class=\"text-danger\">CR0520B080 <\/span><\/div>\n<\/div>\n<p><strong>Segmentaci\u00f3n:<\/strong><\/p>\n<div class=\"row\">\n<div class=\"col-sm \"><span style=\"font-size: 1rem;\">INDUSTRIAS MANUFACTURERAS, COMERCIO AL POR MAYOR, COMERCIO AL POR MENOR, INFORMACI\u00d3N EN MEDIOS MASIVOS, SERVICIOS PROFESIONALES, CIENT\u00cdFICOS Y T\u00c9CNICOS, CORPORATIVOS, SERVICIOS DE APOYO A LOS NEGOCIOS Y MANEJO DE DESECHOS Y SERVICIOS DE REMEDIACI\u00d3N, SERVICIOS EDUCATIVOS, SERVICIOS DE SALUD Y DE ASISTENCIA SOCIAL, SERVICIOS DE ESPARCIMIENTO CULTURALES Y DEPORTIVOS, Y OTROS SERVICIOS RECREATIVOS, SERVICIOS DE ALOJAMIENTO TEMPORAL Y DE PREPARACI\u00d3N DE ALIMENTOS Y BEBIDAS, SERVICIOS EXCEPTO ACTIVIDADES GUBERNAMENTALES que tengan de 100 a +10k empleados en Ciudad de M\u00e9xico y \u00c1rea Metropolitana<\/span><\/div>\n<\/div>\n<p><strong>Campos Contenidos:<\/strong><\/p>\n<div class=\"row\">\n<div class=\"col-sm \"><span style=\"font-size: 1rem;\">Empresa \/ Giro \/ Direcci\u00f3n \/ Ciudad \/ Estado \/ Contacto \/ Puesto: Profesionales de RH \/ Tel\u00e9fono \/ Email \/ P\u00e1gina web*opcional.<\/span><\/div>\n<\/div>\n<div class=\"row\">\n<div class=\"col-sm\"><strong>Garant\u00eda: <\/strong>80%-85% <strong>Precio Original: <\/strong><del>$292 USD<\/del>\u00a0<strong>Descuento Especial: <\/strong><strong class=\"text-danger\">20%<\/strong><\/div>\n<\/div>\n<div class=\"row\">\n<div class=\"col text-center\"><strong>Total a Pagar: <\/strong><strong class=\"text-danger\">$233 USD<\/strong><\/div>\n<\/div>\n","protected":false},"featured_media":31282,"template":"","meta":{"_bst_post_transparent":"","_bst_post_title":"","_bst_post_layout":"","_bst_post_sidebar_id":"","_bst_post_content_style":"","_bst_post_vertical_padding":"","_bst_post_feature":"","_bst_post_feature_position":"","_bst_post_header":false,"_bst_post_footer":false},"product_brand":[],"product_cat":[1379,1060],"product_tag":[1062,1260,1063,1064,1066,1074,1075,1076,1077,1078,1079,1154,1080,1081,1156,1082,1157,1083,1084,1085,1158,1086,1159,1261,1093,1284,1097,1098,1099,1100,1101,1102,1103,1104,1226,1227,1165,1105,1228,1106,1107,1109,1110,1111,1112,1113,1114,1115,1116,1117,1118,1166,1119,1167,1345,1346,1120,1121,1122,1123,1124,1170,1127,1309,1128,1129,1390,1249,1131,1310,1132,1133,1464,1134,1465,1135,1136,1171,1466,1467,1468,1137,1138,1139,1140,1141,1142,1469,1144,1145,1412,1394,1172,1173,1175],"product_brands":[],"class_list":{"0":"post-35651","1":"product","2":"type-product","3":"status-publish","4":"has-post-thumbnail","6":"product_cat-con-mas-de-100-empleados","7":"product_cat-empresas-en-mexico","8":"product_tag-b2c-email-database","9":"product_tag-base-de-datos-alimentos","10":"product_tag-base-de-datos-campana-de-email-marketing","11":"product_tag-base-de-datos-campanas-de-email-marketing","12":"product_tag-base-de-datos-ciudad-de-mexico","13":"product_tag-base-de-datos-email-marketer","14":"product_tag-base-de-datos-email-marketing","15":"product_tag-base-de-datos-email-masivos","16":"product_tag-base-de-datos-email-publicidad","17":"product_tag-base-de-datos-email-publicitario","18":"product_tag-base-de-datos-emailing","19":"product_tag-base-de-datos-emails-mexico","20":"product_tag-base-de-datos-empresas-de-email-marketing","21":"product_tag-base-de-datos-enviar-email-masivo","22":"product_tag-base-de-datos-enviar-mailing","23":"product_tag-base-de-datos-envio-de-email-masivo","24":"product_tag-base-de-datos-envio-masivo","25":"product_tag-base-de-datos-envio-masivo-correo","26":"product_tag-base-de-datos-envio-masivo-correos","27":"product_tag-base-de-datos-envio-masivo-de-emails","28":"product_tag-base-de-datos-envio-masivos","29":"product_tag-base-de-datos-envios-de-correo-masivos","30":"product_tag-base-de-datos-envios-masivos","31":"product_tag-base-de-datos-manufacturera","32":"product_tag-base-de-datos-publicidad-por-email","33":"product_tag-base-de-datos-recursos-humanos","34":"product_tag-bases-de-datos-correos","35":"product_tag-bases-de-datos-correos-electronicos","36":"product_tag-bases-de-datos-de-emails","37":"product_tag-bases-de-datos-de-marketing","38":"product_tag-bases-de-datos-de-telefonos","39":"product_tag-bases-de-datos-email","40":"product_tag-bases-de-datos-email-empresas","41":"product_tag-bases-de-datos-emailing","42":"product_tag-bases-de-datos-emails","43":"product_tag-bases-de-datos-empresariales","44":"product_tag-bases-de-datos-mailing","45":"product_tag-bases-de-datos-numeros-de-telefonos","46":"product_tag-bases-de-datos-para-ventas","47":"product_tag-bases-de-datos-telefono","48":"product_tag-bases-de-datos-telefonos-fijos","49":"product_tag-business-contact-lists","50":"product_tag-business-directory","51":"product_tag-business-email-database","52":"product_tag-business-email-list","53":"product_tag-business-email-lists","54":"product_tag-business-mailing-database","55":"product_tag-business-mailing-lists","56":"product_tag-buy-email-database","57":"product_tag-buy-email-list","58":"product_tag-buy-email-list-database","59":"product_tag-companies-email-address-list","60":"product_tag-company-database","61":"product_tag-company-email-address-list","62":"product_tag-compra-base-de-datos","63":"product_tag-comprar-bases-de-datos-mexico","64":"product_tag-correo-de-empresas","65":"product_tag-correos-de-empresas","66":"product_tag-correos-electronicos-de-empresas","67":"product_tag-correos-electronicos-empresas","68":"product_tag-correos-empresariales","69":"product_tag-database","70":"product_tag-directorio-empresarial","71":"product_tag-directorio-empresarial-mexico","72":"product_tag-directorio-empresariales","73":"product_tag-directorio-empresas","74":"product_tag-directorio-mexico","75":"product_tag-directorios-empresarial-latinoamerica","76":"product_tag-directorios-empresas","77":"product_tag-directorios-en-mexico","78":"product_tag-e-mail-database","79":"product_tag-email-address-list","80":"product_tag-email-base-de-datos","81":"product_tag-email-database","82":"product_tag-email-de-empresas","83":"product_tag-email-lists","84":"product_tag-email-marketing-list","85":"product_tag-email-marketing-mexico","86":"product_tag-empresa-de-base-de-datos","87":"product_tag-empresas-bases-de-datos","88":"product_tag-empresas-de-base-de-datos","89":"product_tag-list-of-email-addresses","90":"product_tag-lista-de-correos","91":"product_tag-lista-de-correos-electronicos","92":"product_tag-mail-marketing","93":"product_tag-mailing-database","94":"product_tag-mailing-list","95":"product_tag-mails-de-empresas","96":"product_tag-marketing-correo-electronico","97":"product_tag-marketing-lists","98":"product_tag-marketing-mexico","99":"product_tag-mexico-business-directory","100":"product_tag-phone-database","101":"product_tag-phone-lists","102":"product_tag-phone-number-list","104":"first","105":"instock","106":"sale","107":"virtual","108":"purchasable","109":"product-type-simple","110":"entry","111":"content-bg","112":"loop-entry"},"aioseo_notices":[],"_links":{"self":[{"href":"https:\/\/edirectorios.com.mx\/directorios-latinoamerica\/wp-json\/wp\/v2\/product\/35651","targetHints":{"allow":["GET"]}}],"collection":[{"href":"https:\/\/edirectorios.com.mx\/directorios-latinoamerica\/wp-json\/wp\/v2\/product"}],"about":[{"href":"https:\/\/edirectorios.com.mx\/directorios-latinoamerica\/wp-json\/wp\/v2\/types\/product"}],"version-history":[{"count":1,"href":"https:\/\/edirectorios.com.mx\/directorios-latinoamerica\/wp-json\/wp\/v2\/product\/35651\/revisions"}],"predecessor-version":[{"id":35692,"href":"https:\/\/edirectorios.com.mx\/directorios-latinoamerica\/wp-json\/wp\/v2\/product\/35651\/revisions\/35692"}],"wp:featuredmedia":[{"embeddable":true,"href":"https:\/\/edirectorios.com.mx\/directorios-latinoamerica\/wp-json\/wp\/v2\/media\/31282"}],"wp:attachment":[{"href":"https:\/\/edirectorios.com.mx\/directorios-latinoamerica\/wp-json\/wp\/v2\/media?parent=35651"}],"wp:term":[{"taxonomy":"product_brand","embeddable":true,"href":"https:\/\/edirectorios.com.mx\/directorios-latinoamerica\/wp-json\/wp\/v2\/product_brand?post=35651"},{"taxonomy":"product_cat","embeddable":true,"href":"https:\/\/edirectorios.com.mx\/directorios-latinoamerica\/wp-json\/wp\/v2\/product_cat?post=35651"},{"taxonomy":"product_tag","embeddable":true,"href":"https:\/\/edirectorios.com.mx\/directorios-latinoamerica\/wp-json\/wp\/v2\/product_tag?post=35651"},{"taxonomy":"product_brands","embeddable":true,"href":"https:\/\/edirectorios.com.mx\/directorios-latinoamerica\/wp-json\/wp\/v2\/product_brands?post=35651"}],"curies":[{"name":"wp","href":"https:\/\/api.w.org\/{rel}","templated":true}]}}