{"id":35591,"date":"2025-12-12T17:07:46","date_gmt":"2025-12-12T17:07:46","guid":{"rendered":"https:\/\/edirectorios.com.mx\/directorios-latinoamerica\/?post_type=product&#038;p=35591"},"modified":"2025-12-12T17:08:51","modified_gmt":"2025-12-12T17:08:51","slug":"empresas-que-facturen-por-lo-menos-40-millones-usd-al-ano-a-nivel-nacional","status":"publish","type":"product","link":"https:\/\/edirectorios.com.mx\/directorios-latinoamerica\/product\/empresas-que-facturen-por-lo-menos-40-millones-usd-al-ano-a-nivel-nacional\/","title":{"rendered":"Empresas que facturen por lo menos $40 millones USD al a\u00f1o,  a Nivel Nacional."},"content":{"rendered":"","protected":false},"excerpt":{"rendered":"<p>&nbsp;<\/p>\n<div class=\"row\">\n<div class=\"col-sm\"><strong>C\u00f3digo:<\/strong> <strong class=\"text-danger\">KPJO-D7-1<\/strong><\/div>\n<div class=\"col-sm\"><strong>N\u00famero de registros:\u00a0<\/strong>1000<\/div>\n<\/div>\n<div class=\"row\">\n<div class=\"col-sm \"><strong>Folio: <\/strong><span class=\"text-danger\">SE0520B087<\/span><\/div>\n<\/div>\n<p><strong>Segmentaci\u00f3n:<\/strong><\/p>\n<div class=\"row\">\n<div class=\"col-sm \">Empresas que facturen por lo menos $40 millones USD al a\u00f1o de las industrias de: farmac\u00e9utica, retail, consumo e industria qu\u00edmica (tentativamente 25% de cada industria) a Nivel Nacional.<\/div>\n<\/div>\n<p><strong>Campos Contenidos:<\/strong><\/p>\n<div class=\"row\">\n<div class=\"col-sm \">Empresa \/ Giro \/ Direcci\u00f3n \/ Ciudad \/ Estado \/ Contacto \/ Puesto: Jefe o gerente o director de tecnolog\u00eda \/ Tel\u00e9fono \/ Email \/ P\u00e1gina web*opcional.<\/div>\n<\/div>\n<div class=\"row\">\n<div class=\"col-sm\"><strong>Garant\u00eda:\u00a0<\/strong>80%-85% <strong>Precio Original:\u00a0<\/strong><del>$511 USD<\/del> <strong>Descuento Especial:\u00a0<\/strong><strong class=\"text-danger\">20%<\/strong><\/div>\n<\/div>\n<div class=\"row\">\n<div class=\"col text-center\"><strong>Total a Pagar:\u00a0<\/strong><strong class=\"text-danger\">$408 USD<\/strong><\/div>\n<\/div>\n","protected":false},"featured_media":31006,"template":"","meta":{"_bst_post_transparent":"","_bst_post_title":"","_bst_post_layout":"","_bst_post_sidebar_id":"","_bst_post_content_style":"","_bst_post_vertical_padding":"","_bst_post_feature":"","_bst_post_feature_position":"","_bst_post_header":false,"_bst_post_footer":false},"product_brand":[],"product_cat":[1060,1210],"product_tag":[1062,1063,1064,1067,1068,1211,1071,1072,1359,1073,1074,1075,1076,1077,1078,1079,1212,1213,1155,1080,1081,1082,1083,1084,1085,1086,1214,1160,1088,1089,1090,1224,1092,1093,1365,1097,1098,1099,1100,1101,1246,1102,1103,1104,1178,1105,1106,1107,1109,1111,1112,1114,1115,1116,1117,1118,1166,1119,1167,1120,1121,1122,1123,1124,1170,1125,1127,1128,1131,1132,1133,1134,1135,1136,1219,1220,1137,1138,1139,1140,1141,1142,1144,1145,1230,1172,1173,1174,1175,1146,1148,1149],"product_brands":[],"class_list":{"0":"post-35591","1":"product","2":"type-product","3":"status-publish","4":"has-post-thumbnail","6":"product_cat-empresas-en-mexico","7":"product_cat-farmaceuticas","8":"product_tag-b2c-email-database","9":"product_tag-base-de-datos-campana-de-email-marketing","10":"product_tag-base-de-datos-campanas-de-email-marketing","11":"product_tag-base-de-datos-correo-masivo","12":"product_tag-base-de-datos-correo-masivos","13":"product_tag-base-de-datos-de-empresas-b2b","14":"product_tag-base-de-datos-direct-e-mail-marketing","15":"product_tag-base-de-datos-director","16":"product_tag-base-de-datos-director-de-tecnologia","17":"product_tag-base-de-datos-e-mail-marketing","18":"product_tag-base-de-datos-email-marketer","19":"product_tag-base-de-datos-email-marketing","20":"product_tag-base-de-datos-email-masivos","21":"product_tag-base-de-datos-email-publicidad","22":"product_tag-base-de-datos-email-publicitario","23":"product_tag-base-de-datos-emailing","24":"product_tag-base-de-datos-empresa","25":"product_tag-base-de-datos-empresarial","26":"product_tag-base-de-datos-empresas","27":"product_tag-base-de-datos-empresas-de-email-marketing","28":"product_tag-base-de-datos-enviar-email-masivo","29":"product_tag-base-de-datos-envio-de-email-masivo","30":"product_tag-base-de-datos-envio-masivo-correo","31":"product_tag-base-de-datos-envio-masivo-correos","32":"product_tag-base-de-datos-envio-masivo-de-emails","33":"product_tag-base-de-datos-envios-de-correo-masivos","34":"product_tag-base-de-datos-farmaceutica","35":"product_tag-base-de-datos-gerente","36":"product_tag-base-de-datos-marketing","37":"product_tag-base-de-datos-marketing-por-e-mail","38":"product_tag-base-de-datos-marketing-por-email","39":"product_tag-base-de-datos-nivel-nacional","40":"product_tag-base-de-datos-para-marketing","41":"product_tag-base-de-datos-publicidad-por-email","42":"product_tag-base-de-datos-retail","43":"product_tag-bases-de-datos-correos","44":"product_tag-bases-de-datos-correos-electronicos","45":"product_tag-bases-de-datos-de-emails","46":"product_tag-bases-de-datos-de-marketing","47":"product_tag-bases-de-datos-de-telefonos","48":"product_tag-bases-de-datos-director-de-ti","49":"product_tag-bases-de-datos-email","50":"product_tag-bases-de-datos-email-empresas","51":"product_tag-bases-de-datos-emailing","52":"product_tag-bases-de-datos-industrias","53":"product_tag-bases-de-datos-numeros-de-telefonos","54":"product_tag-bases-de-datos-telefono","55":"product_tag-bases-de-datos-telefonos-fijos","56":"product_tag-business-contact-lists","57":"product_tag-business-email-database","58":"product_tag-business-email-list","59":"product_tag-business-mailing-database","60":"product_tag-business-mailing-lists","61":"product_tag-buy-email-database","62":"product_tag-buy-email-list","63":"product_tag-buy-email-list-database","64":"product_tag-companies-email-address-list","65":"product_tag-company-database","66":"product_tag-company-email-address-list","67":"product_tag-correo-de-empresas","68":"product_tag-correos-de-empresas","69":"product_tag-correos-electronicos-de-empresas","70":"product_tag-correos-electronicos-empresas","71":"product_tag-correos-empresariales","72":"product_tag-database","73":"product_tag-director","74":"product_tag-directorio-empresarial","75":"product_tag-directorio-empresariales","76":"product_tag-directorios-empresas","77":"product_tag-e-mail-database","78":"product_tag-email-address-list","79":"product_tag-email-database","80":"product_tag-email-lists","81":"product_tag-email-marketing-list","82":"product_tag-engineering-services-databases","83":"product_tag-gerentes","84":"product_tag-list-of-email-addresses","85":"product_tag-lista-de-correos","86":"product_tag-lista-de-correos-electronicos","87":"product_tag-mail-marketing","88":"product_tag-mailing-database","89":"product_tag-mailing-list","90":"product_tag-marketing-correo-electronico","91":"product_tag-marketing-lists","92":"product_tag-national-database","93":"product_tag-phone-database","94":"product_tag-phone-lists","95":"product_tag-phone-number","96":"product_tag-phone-number-list","97":"product_tag-publicidad-por-base-de-datos-correo-electronico","98":"product_tag-tele-marketing-list","99":"product_tag-telefono","101":"first","102":"instock","103":"sale","104":"virtual","105":"purchasable","106":"product-type-simple","107":"entry","108":"content-bg","109":"loop-entry"},"aioseo_notices":[],"_links":{"self":[{"href":"https:\/\/edirectorios.com.mx\/directorios-latinoamerica\/wp-json\/wp\/v2\/product\/35591","targetHints":{"allow":["GET"]}}],"collection":[{"href":"https:\/\/edirectorios.com.mx\/directorios-latinoamerica\/wp-json\/wp\/v2\/product"}],"about":[{"href":"https:\/\/edirectorios.com.mx\/directorios-latinoamerica\/wp-json\/wp\/v2\/types\/product"}],"version-history":[{"count":1,"href":"https:\/\/edirectorios.com.mx\/directorios-latinoamerica\/wp-json\/wp\/v2\/product\/35591\/revisions"}],"predecessor-version":[{"id":35640,"href":"https:\/\/edirectorios.com.mx\/directorios-latinoamerica\/wp-json\/wp\/v2\/product\/35591\/revisions\/35640"}],"wp:featuredmedia":[{"embeddable":true,"href":"https:\/\/edirectorios.com.mx\/directorios-latinoamerica\/wp-json\/wp\/v2\/media\/31006"}],"wp:attachment":[{"href":"https:\/\/edirectorios.com.mx\/directorios-latinoamerica\/wp-json\/wp\/v2\/media?parent=35591"}],"wp:term":[{"taxonomy":"product_brand","embeddable":true,"href":"https:\/\/edirectorios.com.mx\/directorios-latinoamerica\/wp-json\/wp\/v2\/product_brand?post=35591"},{"taxonomy":"product_cat","embeddable":true,"href":"https:\/\/edirectorios.com.mx\/directorios-latinoamerica\/wp-json\/wp\/v2\/product_cat?post=35591"},{"taxonomy":"product_tag","embeddable":true,"href":"https:\/\/edirectorios.com.mx\/directorios-latinoamerica\/wp-json\/wp\/v2\/product_tag?post=35591"},{"taxonomy":"product_brands","embeddable":true,"href":"https:\/\/edirectorios.com.mx\/directorios-latinoamerica\/wp-json\/wp\/v2\/product_brands?post=35591"}],"curies":[{"name":"wp","href":"https:\/\/api.w.org\/{rel}","templated":true}]}}