{"id":35588,"date":"2025-12-12T17:07:45","date_gmt":"2025-12-12T17:07:45","guid":{"rendered":"https:\/\/edirectorios.com.mx\/directorios-latinoamerica\/?post_type=product&#038;p=35588"},"modified":"2025-12-12T17:08:46","modified_gmt":"2025-12-12T17:08:46","slug":"empresas-en-los-estados-de-san-luis-potosi-aguascalientes-guanajuato-baja-california-norte","status":"publish","type":"product","link":"https:\/\/edirectorios.com.mx\/directorios-latinoamerica\/product\/empresas-en-los-estados-de-san-luis-potosi-aguascalientes-guanajuato-baja-california-norte\/","title":{"rendered":"* Empresas en los Estados de San Luis Potos\u00ed, Aguascalientes, Guanajuato, Baja California Norte."},"content":{"rendered":"","protected":false},"excerpt":{"rendered":"<p>&nbsp;<\/p>\n<div class=\"row\">\n<div class=\"col-sm\"><strong>C\u00f3digo:<\/strong> <strong class=\"text-danger\">BELU-C6<\/strong><\/div>\n<div class=\"col-sm\"><strong>N\u00famero de registros:\u00a0<\/strong>1000<\/div>\n<\/div>\n<div class=\"row\">\n<div class=\"col-sm \"><strong>Folio: <\/strong><span class=\"text-danger\">CA0520B085<\/span><\/div>\n<\/div>\n<p><strong>Segmentaci\u00f3n:<\/strong><\/p>\n<div class=\"row\">\n<div class=\"col-sm \">* Empresas de: Constructoras, Infraestructura Gobierno, Transporte y urbanizaci\u00f3n, Electricidad y Construcciones, Edificaci\u00f3n en los Estados de Campeche, Veracruz, Sinaloa y Quintana Roo. (500 REGISTROS).<\/p>\n<p>*Empresas de: Proveedores de la industria automotriz, Manufactura e industria Aeroespacial, At\u00fan enlatado, Juguetes, Limpieza, Industria m\u00e9dica, Energ\u00eda, Agua, Gas, Servicios, Ganader\u00eda, Agricultura y Pesca, Farmac\u00e9utica y Farmac\u00e9utica nacional en los Estados de San Luis Potos\u00ed, Aguascalientes, Guanajuato, Baja California Norte. (500 REGISTROS).<\/p><\/div>\n<\/div>\n<p><strong>Campos Contenidos:<\/strong><\/p>\n<div class=\"row\">\n<div class=\"col-sm \">*Empresa \/ Giro \/ Direcci\u00f3n \/ Ciudad \/ Estado \/ Contacto \/ Puesto: l\u00edder de proyectos o gerente de sistemas o gerente de compras o Dise\u00f1ador CAD o ingeniero\/arquitecto \/ Tel\u00e9fono \/ Email \/ P\u00e1gina web*opcional.<\/div>\n<\/div>\n<div class=\"row\">\n<div class=\"col-sm\"><strong>Garant\u00eda:\u00a0<\/strong>80%-85% <strong>Precio Original:<del>\u00a0<\/del><\/strong><del>$477 USD<\/del> <strong>Descuento Especial:\u00a0<\/strong><strong class=\"text-danger\">20%<\/strong><\/div>\n<\/div>\n<div class=\"row\">\n<div class=\"col text-center\"><strong>Total a Pagar:\u00a0<\/strong><strong class=\"text-danger\">$382 USD<\/strong><\/div>\n<\/div>\n","protected":false},"featured_media":30999,"template":"","meta":{"_bst_post_transparent":"","_bst_post_title":"","_bst_post_layout":"","_bst_post_sidebar_id":"","_bst_post_content_style":"","_bst_post_vertical_padding":"","_bst_post_feature":"","_bst_post_feature_position":"","_bst_post_header":false,"_bst_post_footer":false},"product_brand":[],"product_cat":[1150,1060],"product_tag":[1062,1306,1424,1063,1064,1414,1151,1307,1071,1073,1074,1075,1076,1077,1078,1079,1155,1080,1081,1156,1082,1157,1083,1084,1085,1158,1086,1159,1214,1269,1161,1162,1261,1088,1089,1090,1092,1093,1357,1217,1316,1446,1164,1099,1100,1101,1102,1103,1104,1178,1165,1105,1106,1107,1108,1111,1112,1113,1114,1115,1116,1117,1118,1166,1119,1167,1168,1120,1121,1122,1123,1170,1132,1133,1134,1135,1136,1171,1137,1138,1139,1140,1141,1142,1144,1145,1172,1173,1174,1175,1148,1149],"product_brands":[],"class_list":{"0":"post-35588","1":"product","2":"type-product","3":"status-publish","4":"has-post-thumbnail","6":"product_cat-constructoras","7":"product_cat-empresas-en-mexico","8":"product_tag-b2c-email-database","9":"product_tag-base-de-datos-aguascalientes","10":"product_tag-base-de-datos-autotransporte","11":"product_tag-base-de-datos-campana-de-email-marketing","12":"product_tag-base-de-datos-campanas-de-email-marketing","13":"product_tag-base-de-datos-campeche","14":"product_tag-base-de-datos-de-construccion","15":"product_tag-base-de-datos-de-transporte-de-carga","16":"product_tag-base-de-datos-direct-e-mail-marketing","17":"product_tag-base-de-datos-e-mail-marketing","18":"product_tag-base-de-datos-email-marketer","19":"product_tag-base-de-datos-email-marketing","20":"product_tag-base-de-datos-email-masivos","21":"product_tag-base-de-datos-email-publicidad","22":"product_tag-base-de-datos-email-publicitario","23":"product_tag-base-de-datos-emailing","24":"product_tag-base-de-datos-empresas","25":"product_tag-base-de-datos-empresas-de-email-marketing","26":"product_tag-base-de-datos-enviar-email-masivo","27":"product_tag-base-de-datos-enviar-mailing","28":"product_tag-base-de-datos-envio-de-email-masivo","29":"product_tag-base-de-datos-envio-masivo","30":"product_tag-base-de-datos-envio-masivo-correo","31":"product_tag-base-de-datos-envio-masivo-correos","32":"product_tag-base-de-datos-envio-masivo-de-emails","33":"product_tag-base-de-datos-envio-masivos","34":"product_tag-base-de-datos-envios-de-correo-masivos","35":"product_tag-base-de-datos-envios-masivos","36":"product_tag-base-de-datos-farmaceutica","37":"product_tag-base-de-datos-guanajuato","38":"product_tag-base-de-datos-mailing","39":"product_tag-base-de-datos-mailing-masivo","40":"product_tag-base-de-datos-manufacturera","41":"product_tag-base-de-datos-marketing","42":"product_tag-base-de-datos-marketing-por-e-mail","43":"product_tag-base-de-datos-marketing-por-email","44":"product_tag-base-de-datos-para-marketing","45":"product_tag-base-de-datos-publicidad-por-email","46":"product_tag-base-de-datos-quintana-roo","47":"product_tag-base-de-datos-san-luis-potosi","48":"product_tag-base-de-datos-sinaloa","49":"product_tag-base-de-datos-transporte-de-pasajeros","50":"product_tag-bases-de-datos-constructoras","51":"product_tag-bases-de-datos-de-emails","52":"product_tag-bases-de-datos-de-marketing","53":"product_tag-bases-de-datos-de-telefonos","54":"product_tag-bases-de-datos-email","55":"product_tag-bases-de-datos-email-empresas","56":"product_tag-bases-de-datos-emailing","57":"product_tag-bases-de-datos-industrias","58":"product_tag-bases-de-datos-mailing","59":"product_tag-bases-de-datos-numeros-de-telefonos","60":"product_tag-bases-de-datos-telefono","61":"product_tag-bases-de-datos-telefonos-fijos","62":"product_tag-bases-de-datos-veracruz","63":"product_tag-business-email-database","64":"product_tag-business-email-list","65":"product_tag-business-email-lists","66":"product_tag-business-mailing-database","67":"product_tag-business-mailing-lists","68":"product_tag-buy-email-database","69":"product_tag-buy-email-list","70":"product_tag-buy-email-list-database","71":"product_tag-companies-email-address-list","72":"product_tag-company-database","73":"product_tag-company-email-address-list","74":"product_tag-constructora","75":"product_tag-correo-de-empresas","76":"product_tag-correos-de-empresas","77":"product_tag-correos-electronicos-de-empresas","78":"product_tag-correos-electronicos-empresas","79":"product_tag-database","80":"product_tag-e-mail-database","81":"product_tag-email-address-list","82":"product_tag-email-database","83":"product_tag-email-lists","84":"product_tag-email-marketing-list","85":"product_tag-email-marketing-mexico","86":"product_tag-list-of-email-addresses","87":"product_tag-lista-de-correos","88":"product_tag-lista-de-correos-electronicos","89":"product_tag-mail-marketing","90":"product_tag-mailing-database","91":"product_tag-mailing-list","92":"product_tag-marketing-correo-electronico","93":"product_tag-marketing-lists","94":"product_tag-phone-database","95":"product_tag-phone-lists","96":"product_tag-phone-number","97":"product_tag-phone-number-list","98":"product_tag-tele-marketing-list","99":"product_tag-telefono","101":"first","102":"instock","103":"sale","104":"virtual","105":"purchasable","106":"product-type-simple","107":"entry","108":"content-bg","109":"loop-entry"},"aioseo_notices":[],"_links":{"self":[{"href":"https:\/\/edirectorios.com.mx\/directorios-latinoamerica\/wp-json\/wp\/v2\/product\/35588","targetHints":{"allow":["GET"]}}],"collection":[{"href":"https:\/\/edirectorios.com.mx\/directorios-latinoamerica\/wp-json\/wp\/v2\/product"}],"about":[{"href":"https:\/\/edirectorios.com.mx\/directorios-latinoamerica\/wp-json\/wp\/v2\/types\/product"}],"version-history":[{"count":1,"href":"https:\/\/edirectorios.com.mx\/directorios-latinoamerica\/wp-json\/wp\/v2\/product\/35588\/revisions"}],"predecessor-version":[{"id":35637,"href":"https:\/\/edirectorios.com.mx\/directorios-latinoamerica\/wp-json\/wp\/v2\/product\/35588\/revisions\/35637"}],"wp:featuredmedia":[{"embeddable":true,"href":"https:\/\/edirectorios.com.mx\/directorios-latinoamerica\/wp-json\/wp\/v2\/media\/30999"}],"wp:attachment":[{"href":"https:\/\/edirectorios.com.mx\/directorios-latinoamerica\/wp-json\/wp\/v2\/media?parent=35588"}],"wp:term":[{"taxonomy":"product_brand","embeddable":true,"href":"https:\/\/edirectorios.com.mx\/directorios-latinoamerica\/wp-json\/wp\/v2\/product_brand?post=35588"},{"taxonomy":"product_cat","embeddable":true,"href":"https:\/\/edirectorios.com.mx\/directorios-latinoamerica\/wp-json\/wp\/v2\/product_cat?post=35588"},{"taxonomy":"product_tag","embeddable":true,"href":"https:\/\/edirectorios.com.mx\/directorios-latinoamerica\/wp-json\/wp\/v2\/product_tag?post=35588"},{"taxonomy":"product_brands","embeddable":true,"href":"https:\/\/edirectorios.com.mx\/directorios-latinoamerica\/wp-json\/wp\/v2\/product_brands?post=35588"}],"curies":[{"name":"wp","href":"https:\/\/api.w.org\/{rel}","templated":true}]}}