{"id":35563,"date":"2025-12-12T17:07:20","date_gmt":"2025-12-12T17:07:20","guid":{"rendered":"https:\/\/edirectorios.com.mx\/directorios-latinoamerica\/?post_type=product&#038;p=35563"},"modified":"2025-12-12T17:08:20","modified_gmt":"2025-12-12T17:08:20","slug":"empresas-manufactureras-de-alimentos-en-zona-metropolitana-de-nuevo-leon-zona-metropolitana-de-jalisco-y-zona-del-bajio","status":"publish","type":"product","link":"https:\/\/edirectorios.com.mx\/directorios-latinoamerica\/product\/empresas-manufactureras-de-alimentos-en-zona-metropolitana-de-nuevo-leon-zona-metropolitana-de-jalisco-y-zona-del-bajio\/","title":{"rendered":"Empresas Manufactureras de Alimentos en Zona metropolitana de Nuevo Le\u00f3n, Zona Metropolitana de Jalisco y  Zona del Baj\u00edo"},"content":{"rendered":"","protected":false},"excerpt":{"rendered":"<p>&nbsp;<\/p>\n<div class=\"row\">\n<div class=\"col-sm\"><strong>C\u00f3digo:<\/strong> <strong class=\"text-danger\">KPDP-R2<\/strong><\/div>\n<div class=\"col-sm\"><strong>N\u00famero de registros: <\/strong>600<\/div>\n<\/div>\n<div class=\"row\">\n<div class=\"col-sm \"><strong>Folio: <\/strong><span class=\"text-danger\">03GAJC0719-013<\/span><\/div>\n<\/div>\n<p><strong>Segmentaci\u00f3n:<\/strong><\/p>\n<div class=\"row\">\n<div class=\"col-sm \"><span class=\"text-justify\">Empresas que sean plantas Manufactureras de Alimentos (que procesen alimentos c\u00e1rnicos, l\u00e1cteos, av\u00edcolas, alimentos congelados, bebidas, hortalizas y frutas) en la Zona metropolitana de Nuevo Le\u00f3n (Monterrey, Guadalupe, Apodaca, San Nicol\u00e1s de los Garza, General Escobedo, Santa Catarina, Benito Ju\u00e1rez Garc\u00eda, San Pedro Garza Garc\u00eda, Cadereyta Jim\u00e9nez, Santiago, Salinas Victoria), en la Zona Metropolitana de Jalisco (Guadalajara, San Pedro, Tlaquepaque, Tonal\u00e1, Zapopan, Tlajomulco de Z\u00fa\u00f1iga, El Salto, Juanacatl\u00e1n e Ixtlahuac\u00e1n de los Membrillo) y en la Zona del Baj\u00edo (Edo. de Quer\u00e9taro, Edo. de Guanajuato, Edo. de San Luis Potos\u00ed).<\/span><\/div>\n<\/div>\n<p><strong>Campos Contenidos:<\/strong><\/p>\n<div class=\"row\">\n<div class=\"col-sm \"><span class=\"text-justify\">Empresa \/ Giro \/ Direcci\u00f3n \/ Ciudad \/ Estado \/ Contacto \/ Puesto: Gerente del \u00c1rea de Compras o Gerente de Calidad o Gerente de Sanidad o Gerente de Producci\u00f3n \/ Tel\u00e9fono \/ Email\/ P\u00e1gina Web Opcional.<\/span><\/div>\n<\/div>\n<div class=\"row\">\n<div class=\"col-sm\">\n<p><strong>Garant\u00eda:\u00a0<\/strong>80%-85%<\/p>\n<p><strong>Precio Original:\u00a0<\/strong><del>$307 USD<\/del><\/p>\n<p><strong>Descuento Especial:\u00a0<\/strong><strong class=\"text-danger\">20%<\/strong><\/p>\n<\/div>\n<\/div>\n<div class=\"row\">\n<div class=\"col text-center\"><strong>Total a Pagar:\u00a0<\/strong><strong class=\"text-danger\">$246 USD<\/strong><\/div>\n<\/div>\n","protected":false},"featured_media":31017,"template":"","meta":{"_bst_post_transparent":"","_bst_post_title":"","_bst_post_layout":"","_bst_post_sidebar_id":"","_bst_post_content_style":"","_bst_post_vertical_padding":"","_bst_post_feature":"","_bst_post_feature_position":"","_bst_post_header":false,"_bst_post_footer":false},"product_brand":[],"product_cat":[1060,1259],"product_tag":[1062,1260,1063,1064,1067,1068,1071,1074,1075,1076,1077,1078,1079,1080,1081,1082,1083,1084,1085,1086,1216,1269,1261,1088,1090,1312,1188,1093,1270,1217,1096,1097,1098,1099,1101,1102,1103,1104,1226,1179,1105,1106,1107,1229,1111,1112,1114,1115,1116,1117,1118,1119,1120,1121,1122,1123,1124,1170,1218,1314,1132,1133,1134,1135,1136,1219,1137,1138,1139,1140,1141,1142,1144,1145,1205,1206,1172,1173,1174,1175,1146,1149],"product_brands":[],"class_list":{"0":"post-35563","1":"product","2":"type-product","3":"status-publish","4":"has-post-thumbnail","6":"product_cat-empresas-en-mexico","7":"product_cat-manufactureras","8":"product_tag-b2c-email-database","9":"product_tag-base-de-datos-alimentos","10":"product_tag-base-de-datos-campana-de-email-marketing","11":"product_tag-base-de-datos-campanas-de-email-marketing","12":"product_tag-base-de-datos-correo-masivo","13":"product_tag-base-de-datos-correo-masivos","14":"product_tag-base-de-datos-direct-e-mail-marketing","15":"product_tag-base-de-datos-email-marketer","16":"product_tag-base-de-datos-email-marketing","17":"product_tag-base-de-datos-email-masivos","18":"product_tag-base-de-datos-email-publicidad","19":"product_tag-base-de-datos-email-publicitario","20":"product_tag-base-de-datos-emailing","21":"product_tag-base-de-datos-empresas-de-email-marketing","22":"product_tag-base-de-datos-enviar-email-masivo","23":"product_tag-base-de-datos-envio-de-email-masivo","24":"product_tag-base-de-datos-envio-masivo-correo","25":"product_tag-base-de-datos-envio-masivo-correos","26":"product_tag-base-de-datos-envio-masivo-de-emails","27":"product_tag-base-de-datos-envios-de-correo-masivos","28":"product_tag-base-de-datos-guadalajara","29":"product_tag-base-de-datos-guanajuato","30":"product_tag-base-de-datos-manufacturera","31":"product_tag-base-de-datos-marketing","32":"product_tag-base-de-datos-marketing-por-email","33":"product_tag-base-de-datos-monterrey","34":"product_tag-base-de-datos-nuevo-leon","35":"product_tag-base-de-datos-publicidad-por-email","36":"product_tag-base-de-datos-queretaro","37":"product_tag-base-de-datos-san-luis-potosi","38":"product_tag-base-de-datos-zona-metropolitana","39":"product_tag-bases-de-datos-correos","40":"product_tag-bases-de-datos-correos-electronicos","41":"product_tag-bases-de-datos-de-emails","42":"product_tag-bases-de-datos-de-telefonos","43":"product_tag-bases-de-datos-email","44":"product_tag-bases-de-datos-email-empresas","45":"product_tag-bases-de-datos-emailing","46":"product_tag-bases-de-datos-emails","47":"product_tag-bases-de-datos-jalisco","48":"product_tag-bases-de-datos-numeros-de-telefonos","49":"product_tag-bases-de-datos-telefono","50":"product_tag-bases-de-datos-telefonos-fijos","51":"product_tag-big-corporates-database","52":"product_tag-business-email-database","53":"product_tag-business-email-list","54":"product_tag-business-mailing-database","55":"product_tag-business-mailing-lists","56":"product_tag-buy-email-database","57":"product_tag-buy-email-list","58":"product_tag-buy-email-list-database","59":"product_tag-company-database","60":"product_tag-correo-de-empresas","61":"product_tag-correos-de-empresas","62":"product_tag-correos-electronicos-de-empresas","63":"product_tag-correos-electronicos-empresas","64":"product_tag-correos-empresariales","65":"product_tag-database","66":"product_tag-directorios-guadalajara","67":"product_tag-directorios-monterrey","68":"product_tag-e-mail-database","69":"product_tag-email-address-list","70":"product_tag-email-database","71":"product_tag-email-lists","72":"product_tag-email-marketing-list","73":"product_tag-engineering-services-databases","74":"product_tag-list-of-email-addresses","75":"product_tag-lista-de-correos","76":"product_tag-lista-de-correos-electronicos","77":"product_tag-mail-marketing","78":"product_tag-mailing-database","79":"product_tag-mailing-list","80":"product_tag-marketing-correo-electronico","81":"product_tag-marketing-lists","82":"product_tag-nuevo-leon-database","83":"product_tag-phone","84":"product_tag-phone-database","85":"product_tag-phone-lists","86":"product_tag-phone-number","87":"product_tag-phone-number-list","88":"product_tag-publicidad-por-base-de-datos-correo-electronico","89":"product_tag-telefono","91":"first","92":"instock","93":"sale","94":"virtual","95":"purchasable","96":"product-type-simple","97":"entry","98":"content-bg","99":"loop-entry"},"aioseo_notices":[],"_links":{"self":[{"href":"https:\/\/edirectorios.com.mx\/directorios-latinoamerica\/wp-json\/wp\/v2\/product\/35563","targetHints":{"allow":["GET"]}}],"collection":[{"href":"https:\/\/edirectorios.com.mx\/directorios-latinoamerica\/wp-json\/wp\/v2\/product"}],"about":[{"href":"https:\/\/edirectorios.com.mx\/directorios-latinoamerica\/wp-json\/wp\/v2\/types\/product"}],"version-history":[{"count":1,"href":"https:\/\/edirectorios.com.mx\/directorios-latinoamerica\/wp-json\/wp\/v2\/product\/35563\/revisions"}],"predecessor-version":[{"id":35615,"href":"https:\/\/edirectorios.com.mx\/directorios-latinoamerica\/wp-json\/wp\/v2\/product\/35563\/revisions\/35615"}],"wp:featuredmedia":[{"embeddable":true,"href":"https:\/\/edirectorios.com.mx\/directorios-latinoamerica\/wp-json\/wp\/v2\/media\/31017"}],"wp:attachment":[{"href":"https:\/\/edirectorios.com.mx\/directorios-latinoamerica\/wp-json\/wp\/v2\/media?parent=35563"}],"wp:term":[{"taxonomy":"product_brand","embeddable":true,"href":"https:\/\/edirectorios.com.mx\/directorios-latinoamerica\/wp-json\/wp\/v2\/product_brand?post=35563"},{"taxonomy":"product_cat","embeddable":true,"href":"https:\/\/edirectorios.com.mx\/directorios-latinoamerica\/wp-json\/wp\/v2\/product_cat?post=35563"},{"taxonomy":"product_tag","embeddable":true,"href":"https:\/\/edirectorios.com.mx\/directorios-latinoamerica\/wp-json\/wp\/v2\/product_tag?post=35563"},{"taxonomy":"product_brands","embeddable":true,"href":"https:\/\/edirectorios.com.mx\/directorios-latinoamerica\/wp-json\/wp\/v2\/product_brands?post=35563"}],"curies":[{"name":"wp","href":"https:\/\/api.w.org\/{rel}","templated":true}]}}