{"id":35538,"date":"2025-12-12T17:06:57","date_gmt":"2025-12-12T17:06:57","guid":{"rendered":"https:\/\/edirectorios.com.mx\/directorios-latinoamerica\/?post_type=product&#038;p=35538"},"modified":"2025-12-12T17:07:54","modified_gmt":"2025-12-12T17:07:54","slug":"empresas-de-manufactura-empresas-de-confeccion-empresas-de-transporte-de-carga-a-nivel-nacional","status":"publish","type":"product","link":"https:\/\/edirectorios.com.mx\/directorios-latinoamerica\/product\/empresas-de-manufactura-empresas-de-confeccion-empresas-de-transporte-de-carga-a-nivel-nacional\/","title":{"rendered":"Empresas de manufactura, Empresas de confecci\u00f3n, Empresas de transporte de carga a Nivel Nacional"},"content":{"rendered":"","protected":false},"excerpt":{"rendered":"<p>&nbsp;<\/p>\n<div class=\"row\">\n<div class=\"col-sm\"><strong>C\u00f3digo:<\/strong> <strong class=\"text-danger\">FSSB-D9<\/strong><\/div>\n<div class=\"col-sm\"><strong>N\u00famero de registros:\u00a0<\/strong>440<\/div>\n<\/div>\n<div class=\"row\">\n<div class=\"col-sm \"><strong>Folio: <\/strong><span class=\"text-danger\">CO0320B059 <\/span><\/div>\n<\/div>\n<p><strong>Segmentaci\u00f3n:<\/strong><\/p>\n<div class=\"row\">\n<div class=\"col-sm \">Empresas de manufactura, Empresas de confecci\u00f3n, Empresas de transporte de carga, Empresas que fabriquen herramientas de sujeci\u00f3n de carga, Empresas fabricantes de equipos deportivos (uniformes, maletas, calzado, redes,), Empresas fabricantes de calzado, Empresas fabricantes de uniformes y accesorios m\u00e9dicos, Empresas fabricantes de uniformes en general, Empresas fabricantes de bolsas para regalo, Empresas del ramo de la construcci\u00f3n y el cemento, Empresas fabricantes de mangueras, Empresas fabricantes de art\u00edculos de limpieza y ba\u00f1o, Empresas transformadoras del Acero (Empresas m\u00e1s grandes con las que contamos) a Nivel Nacional<\/div>\n<\/div>\n<p><strong>Campos Contenidos:<\/strong><\/p>\n<div class=\"row\">\n<div class=\"col-sm \">Empresa \/ Giro \/ Direcci\u00f3n \/ Ciudad \/ Estado \/ Contacto \/ Puesto: Director General, Socio, Directivos, Gerentes o Tomador de decisi\u00f3n \/ Tel\u00e9fono \/ Email \/ P\u00e1gina web*opcional.<\/div>\n<\/div>\n<div class=\"row\">\n<div class=\"col-sm\"><strong>Garant\u00eda:\u00a0<\/strong>80%-85% <strong>Precio Original:\u00a0<\/strong><del>$221 USD<\/del> <strong>Descuento Especial:\u00a0<\/strong><strong class=\"text-danger\">20%<\/strong><\/div>\n<\/div>\n<div class=\"row\">\n<div class=\"col text-center\"><strong>Total a Pagar:\u00a0<\/strong><strong class=\"text-danger\">$177 USD<\/strong><\/div>\n<\/div>\n","protected":false},"featured_media":31017,"template":"","meta":{"_bst_post_transparent":"","_bst_post_title":"","_bst_post_layout":"","_bst_post_sidebar_id":"","_bst_post_content_style":"","_bst_post_vertical_padding":"","_bst_post_feature":"","_bst_post_feature_position":"","_bst_post_header":false,"_bst_post_footer":false},"product_brand":[],"product_cat":[1060,1259],"product_tag":[1062,1063,1064,1067,1068,1152,1069,1153,1307,1071,1072,1074,1075,1076,1077,1078,1079,1155,1080,1081,1082,1083,1084,1085,1086,1261,1088,1090,1093,1163,1097,1098,1099,1101,1102,1103,1104,1226,1105,1106,1107,1229,1110,1111,1112,1114,1115,1116,1117,1118,1119,1120,1121,1122,1123,1124,1170,1125,1126,1127,1128,1129,1131,1132,1133,1134,1135,1136,1219,1220,1137,1138,1139,1140,1141,1142,1144,1145,1206,1172,1173,1174,1175,1146,1149],"product_brands":[],"class_list":{"0":"post-35538","1":"product","2":"type-product","3":"status-publish","4":"has-post-thumbnail","6":"product_cat-empresas-en-mexico","7":"product_cat-manufactureras","8":"product_tag-b2c-email-database","9":"product_tag-base-de-datos-campana-de-email-marketing","10":"product_tag-base-de-datos-campanas-de-email-marketing","11":"product_tag-base-de-datos-correo-masivo","12":"product_tag-base-de-datos-correo-masivos","13":"product_tag-base-de-datos-de-directivos","14":"product_tag-base-de-datos-de-director-general","15":"product_tag-base-de-datos-de-tomador-de-decision","16":"product_tag-base-de-datos-de-transporte-de-carga","17":"product_tag-base-de-datos-direct-e-mail-marketing","18":"product_tag-base-de-datos-director","19":"product_tag-base-de-datos-email-marketer","20":"product_tag-base-de-datos-email-marketing","21":"product_tag-base-de-datos-email-masivos","22":"product_tag-base-de-datos-email-publicidad","23":"product_tag-base-de-datos-email-publicitario","24":"product_tag-base-de-datos-emailing","25":"product_tag-base-de-datos-empresas","26":"product_tag-base-de-datos-empresas-de-email-marketing","27":"product_tag-base-de-datos-enviar-email-masivo","28":"product_tag-base-de-datos-envio-de-email-masivo","29":"product_tag-base-de-datos-envio-masivo-correo","30":"product_tag-base-de-datos-envio-masivo-correos","31":"product_tag-base-de-datos-envio-masivo-de-emails","32":"product_tag-base-de-datos-envios-de-correo-masivos","33":"product_tag-base-de-datos-manufacturera","34":"product_tag-base-de-datos-marketing","35":"product_tag-base-de-datos-marketing-por-email","36":"product_tag-base-de-datos-publicidad-por-email","37":"product_tag-base-de-datos-socio","38":"product_tag-bases-de-datos-correos","39":"product_tag-bases-de-datos-correos-electronicos","40":"product_tag-bases-de-datos-de-emails","41":"product_tag-bases-de-datos-de-telefonos","42":"product_tag-bases-de-datos-email","43":"product_tag-bases-de-datos-email-empresas","44":"product_tag-bases-de-datos-emailing","45":"product_tag-bases-de-datos-emails","46":"product_tag-bases-de-datos-numeros-de-telefonos","47":"product_tag-bases-de-datos-telefono","48":"product_tag-bases-de-datos-telefonos-fijos","49":"product_tag-big-corporates-database","50":"product_tag-business-directory","51":"product_tag-business-email-database","52":"product_tag-business-email-list","53":"product_tag-business-mailing-database","54":"product_tag-business-mailing-lists","55":"product_tag-buy-email-database","56":"product_tag-buy-email-list","57":"product_tag-buy-email-list-database","58":"product_tag-company-database","59":"product_tag-correo-de-empresas","60":"product_tag-correos-de-empresas","61":"product_tag-correos-electronicos-de-empresas","62":"product_tag-correos-electronicos-empresas","63":"product_tag-correos-empresariales","64":"product_tag-database","65":"product_tag-director","66":"product_tag-directorio-emailing","67":"product_tag-directorio-empresarial","68":"product_tag-directorio-empresariales","69":"product_tag-directorio-empresas","70":"product_tag-directorios-empresas","71":"product_tag-e-mail-database","72":"product_tag-email-address-list","73":"product_tag-email-database","74":"product_tag-email-lists","75":"product_tag-email-marketing-list","76":"product_tag-engineering-services-databases","77":"product_tag-gerentes","78":"product_tag-list-of-email-addresses","79":"product_tag-lista-de-correos","80":"product_tag-lista-de-correos-electronicos","81":"product_tag-mail-marketing","82":"product_tag-mailing-database","83":"product_tag-mailing-list","84":"product_tag-marketing-correo-electronico","85":"product_tag-marketing-lists","86":"product_tag-phone","87":"product_tag-phone-database","88":"product_tag-phone-lists","89":"product_tag-phone-number","90":"product_tag-phone-number-list","91":"product_tag-publicidad-por-base-de-datos-correo-electronico","92":"product_tag-telefono","94":"first","95":"instock","96":"sale","97":"virtual","98":"purchasable","99":"product-type-simple","100":"entry","101":"content-bg","102":"loop-entry"},"aioseo_notices":[],"_links":{"self":[{"href":"https:\/\/edirectorios.com.mx\/directorios-latinoamerica\/wp-json\/wp\/v2\/product\/35538","targetHints":{"allow":["GET"]}}],"collection":[{"href":"https:\/\/edirectorios.com.mx\/directorios-latinoamerica\/wp-json\/wp\/v2\/product"}],"about":[{"href":"https:\/\/edirectorios.com.mx\/directorios-latinoamerica\/wp-json\/wp\/v2\/types\/product"}],"version-history":[{"count":1,"href":"https:\/\/edirectorios.com.mx\/directorios-latinoamerica\/wp-json\/wp\/v2\/product\/35538\/revisions"}],"predecessor-version":[{"id":35596,"href":"https:\/\/edirectorios.com.mx\/directorios-latinoamerica\/wp-json\/wp\/v2\/product\/35538\/revisions\/35596"}],"wp:featuredmedia":[{"embeddable":true,"href":"https:\/\/edirectorios.com.mx\/directorios-latinoamerica\/wp-json\/wp\/v2\/media\/31017"}],"wp:attachment":[{"href":"https:\/\/edirectorios.com.mx\/directorios-latinoamerica\/wp-json\/wp\/v2\/media?parent=35538"}],"wp:term":[{"taxonomy":"product_brand","embeddable":true,"href":"https:\/\/edirectorios.com.mx\/directorios-latinoamerica\/wp-json\/wp\/v2\/product_brand?post=35538"},{"taxonomy":"product_cat","embeddable":true,"href":"https:\/\/edirectorios.com.mx\/directorios-latinoamerica\/wp-json\/wp\/v2\/product_cat?post=35538"},{"taxonomy":"product_tag","embeddable":true,"href":"https:\/\/edirectorios.com.mx\/directorios-latinoamerica\/wp-json\/wp\/v2\/product_tag?post=35538"},{"taxonomy":"product_brands","embeddable":true,"href":"https:\/\/edirectorios.com.mx\/directorios-latinoamerica\/wp-json\/wp\/v2\/product_brands?post=35538"}],"curies":[{"name":"wp","href":"https:\/\/api.w.org\/{rel}","templated":true}]}}