{"id":35294,"date":"2025-12-12T17:03:11","date_gmt":"2025-12-12T17:03:11","guid":{"rendered":"https:\/\/edirectorios.com.mx\/directorios-latinoamerica\/?post_type=product&#038;p=35294"},"modified":"2025-12-12T17:03:43","modified_gmt":"2025-12-12T17:03:43","slug":"personas-fisicas-con-ingresos-superiores-a-35000-mensuales-que-vivan-o-laboren-en-la-ciudad-de-mexico-y-area-metropolitana","status":"publish","type":"product","link":"https:\/\/edirectorios.com.mx\/directorios-latinoamerica\/product\/personas-fisicas-con-ingresos-superiores-a-35000-mensuales-que-vivan-o-laboren-en-la-ciudad-de-mexico-y-area-metropolitana\/","title":{"rendered":"Personas f\u00edsicas con ingresos superiores a $35,000 mensuales que vivan o laboren en la Ciudad de M\u00e9xico y \u00c1rea Metropolitana."},"content":{"rendered":"","protected":false},"excerpt":{"rendered":"<div class=\"quick-desc\">\n<div class=\"row\">\n<div class=\"col-sm\"><strong>C\u00f3digo:<\/strong> <strong class=\"text-danger\">QBTP-D4<\/strong><\/div>\n<div class=\"col-sm\"><strong>N\u00famero de registros:\u00a0<\/strong>250<\/div>\n<\/div>\n<div class=\"row\">\n<div class=\"col-sm \"><strong>Folio: <\/strong><span class=\"text-danger\">PS1018B138<\/span><\/div>\n<\/div>\n<p><strong>Segmentaci\u00f3n:<\/strong><\/p>\n<div class=\"row\">\n<div class=\"col-sm \">Personas f\u00edsicas, mayores de edad, econ\u00f3micamente activas con ingresos superiores a $35,000 mensuales que vivan o laboren en Polanco, Lomas de Chapultepec, Santa Fe, Del Valle, N\u00e1poles, Anzures, Narvarte, Campestre Churubusco, San Jer\u00f3nimo, San Angel Inn, San Jos\u00e9 Insurgentes, La Florida, Coyoac\u00e1n, Guadalupe Inn, Chimalistac, Santa Cruz Atoyac y Cr\u00e9dito Constructor de la Ciudad de M\u00e9xico y \u00c1rea Metropolitana.<\/div>\n<\/div>\n<p><strong>Campos Contenidos:<\/strong><\/p>\n<div class=\"row\">\n<div class=\"col-sm \">Nombre \/ Direcci\u00f3n \/ Ciudad \/ Estado \/ Tel\u00e9fono de trabajo \/ extensi\u00f3n*opcional\/ Celular \/ Email.<\/div>\n<\/div>\n<div class=\"row\">\n<div class=\"col-sm\"><strong>Garant\u00eda:\u00a0<\/strong>75%-85%\u00a0<strong>Precio Original:<del>\u00a0<\/del><\/strong><del>$201 USD<\/del>\u00a0<strong>Descuento Especial:\u00a0<\/strong><strong class=\"text-danger\">25%<\/strong><\/div>\n<\/div>\n<div class=\"row\">\n<div class=\"col text-center\"><strong>Total a Pagar:\u00a0<\/strong><strong class=\"text-danger\">$151 USD<\/strong><\/div>\n<\/div>\n<\/div>\n<div class=\"social-sharing\">\n<div class=\"widget widget_socialsharing_widget\"><\/div>\n<\/div>\n","protected":false},"featured_media":31051,"template":"","meta":{"_bst_post_transparent":"","_bst_post_title":"","_bst_post_layout":"","_bst_post_sidebar_id":"","_bst_post_content_style":"","_bst_post_vertical_padding":"","_bst_post_feature":"","_bst_post_feature_position":"","_bst_post_header":false,"_bst_post_footer":false},"product_brand":[],"product_cat":[1286,1180],"product_tag":[1062,1182,1063,1064,1404,1067,1068,1207,1325,1287,1326,1294,1186,1405,1071,1073,1074,1075,1076,1077,1078,1079,1081,1156,1082,1083,1084,1085,1086,1162,1088,1089,1090,1295,1092,1093,1406,1097,1098,1099,1100,1101,1102,1104,1105,1106,1107,1116,1117,1118,1191,1193,1194,1195,1196,1197,1198,1200,1170,1132,1133,1134,1136,1137,1138,1139,1296,1140,1141,1142,1143,1144,1145,1407,1297,1298,1299,1300,1301,1302,1303,1206,1172,1173,1174,1175,1146,1148,1149],"product_brands":[],"class_list":{"0":"post-35294","1":"product","2":"type-product","3":"status-publish","4":"has-post-thumbnail","6":"product_cat-nse-medio-y-alto","7":"product_cat-personas-en-mexico","8":"product_tag-b2c-email-database","9":"product_tag-base-de-datos","10":"product_tag-base-de-datos-campana-de-email-marketing","11":"product_tag-base-de-datos-campanas-de-email-marketing","12":"product_tag-base-de-datos-celulares","13":"product_tag-base-de-datos-correo-masivo","14":"product_tag-base-de-datos-correo-masivos","15":"product_tag-base-de-datos-de-nse","16":"product_tag-base-de-datos-de-nse-alto","17":"product_tag-base-de-datos-de-nse-medio","18":"product_tag-base-de-datos-de-nse-medio-y-alto","19":"product_tag-base-de-datos-de-numeros-celulares","20":"product_tag-base-de-datos-de-personas-fisicas","21":"product_tag-base-de-datos-de-telefonos-moviles","22":"product_tag-base-de-datos-direct-e-mail-marketing","23":"product_tag-base-de-datos-e-mail-marketing","24":"product_tag-base-de-datos-email-marketer","25":"product_tag-base-de-datos-email-marketing","26":"product_tag-base-de-datos-email-masivos","27":"product_tag-base-de-datos-email-publicidad","28":"product_tag-base-de-datos-email-publicitario","29":"product_tag-base-de-datos-emailing","30":"product_tag-base-de-datos-enviar-email-masivo","31":"product_tag-base-de-datos-enviar-mailing","32":"product_tag-base-de-datos-envio-de-email-masivo","33":"product_tag-base-de-datos-envio-masivo-correo","34":"product_tag-base-de-datos-envio-masivo-correos","35":"product_tag-base-de-datos-envio-masivo-de-emails","36":"product_tag-base-de-datos-envios-de-correo-masivos","37":"product_tag-base-de-datos-mailing-masivo","38":"product_tag-base-de-datos-marketing","39":"product_tag-base-de-datos-marketing-por-e-mail","40":"product_tag-base-de-datos-marketing-por-email","41":"product_tag-base-de-datos-numeros-de-telefonos-celulares","42":"product_tag-base-de-datos-para-marketing","43":"product_tag-base-de-datos-publicidad-por-email","44":"product_tag-base-de-datos-telefonos-moviles","45":"product_tag-bases-de-datos-correos","46":"product_tag-bases-de-datos-correos-electronicos","47":"product_tag-bases-de-datos-de-emails","48":"product_tag-bases-de-datos-de-marketing","49":"product_tag-bases-de-datos-de-telefonos","50":"product_tag-bases-de-datos-email","51":"product_tag-bases-de-datos-emailing","52":"product_tag-bases-de-datos-numeros-de-telefonos","53":"product_tag-bases-de-datos-telefono","54":"product_tag-bases-de-datos-telefonos-fijos","55":"product_tag-buy-email-database","56":"product_tag-buy-email-list","57":"product_tag-buy-email-list-database","58":"product_tag-consumer-contact-lists","59":"product_tag-consumer-directory","60":"product_tag-consumer-email-database","61":"product_tag-consumer-email-list","62":"product_tag-consumer-email-lists","63":"product_tag-consumer-list","64":"product_tag-consumer-mailing-database","65":"product_tag-consumer-mailing-lists","66":"product_tag-database","67":"product_tag-e-mail-database","68":"product_tag-email-address-list","69":"product_tag-email-database","70":"product_tag-email-marketing-list","71":"product_tag-list-of-email-addresses","72":"product_tag-lista-de-correos","73":"product_tag-lista-de-correos-electronicos","74":"product_tag-lista-de-numeros-de-telefonos-celulares","75":"product_tag-mail-marketing","76":"product_tag-mailing-database","77":"product_tag-mailing-list","78":"product_tag-marketing","79":"product_tag-marketing-correo-electronico","80":"product_tag-marketing-lists","81":"product_tag-mobile","82":"product_tag-mobile-database","83":"product_tag-mobile-directory","84":"product_tag-mobile-list","85":"product_tag-mobile-number-database","86":"product_tag-mobile-number-list","87":"product_tag-mobile-phone-number","88":"product_tag-numeros-de-telefonos-celulares","89":"product_tag-phone","90":"product_tag-phone-database","91":"product_tag-phone-lists","92":"product_tag-phone-number","93":"product_tag-phone-number-list","94":"product_tag-publicidad-por-base-de-datos-correo-electronico","95":"product_tag-tele-marketing-list","96":"product_tag-telefono","98":"first","99":"instock","100":"sale","101":"virtual","102":"purchasable","103":"product-type-simple","104":"entry","105":"content-bg","106":"loop-entry"},"aioseo_notices":[],"_links":{"self":[{"href":"https:\/\/edirectorios.com.mx\/directorios-latinoamerica\/wp-json\/wp\/v2\/product\/35294","targetHints":{"allow":["GET"]}}],"collection":[{"href":"https:\/\/edirectorios.com.mx\/directorios-latinoamerica\/wp-json\/wp\/v2\/product"}],"about":[{"href":"https:\/\/edirectorios.com.mx\/directorios-latinoamerica\/wp-json\/wp\/v2\/types\/product"}],"version-history":[{"count":1,"href":"https:\/\/edirectorios.com.mx\/directorios-latinoamerica\/wp-json\/wp\/v2\/product\/35294\/revisions"}],"predecessor-version":[{"id":35339,"href":"https:\/\/edirectorios.com.mx\/directorios-latinoamerica\/wp-json\/wp\/v2\/product\/35294\/revisions\/35339"}],"wp:featuredmedia":[{"embeddable":true,"href":"https:\/\/edirectorios.com.mx\/directorios-latinoamerica\/wp-json\/wp\/v2\/media\/31051"}],"wp:attachment":[{"href":"https:\/\/edirectorios.com.mx\/directorios-latinoamerica\/wp-json\/wp\/v2\/media?parent=35294"}],"wp:term":[{"taxonomy":"product_brand","embeddable":true,"href":"https:\/\/edirectorios.com.mx\/directorios-latinoamerica\/wp-json\/wp\/v2\/product_brand?post=35294"},{"taxonomy":"product_cat","embeddable":true,"href":"https:\/\/edirectorios.com.mx\/directorios-latinoamerica\/wp-json\/wp\/v2\/product_cat?post=35294"},{"taxonomy":"product_tag","embeddable":true,"href":"https:\/\/edirectorios.com.mx\/directorios-latinoamerica\/wp-json\/wp\/v2\/product_tag?post=35294"},{"taxonomy":"product_brands","embeddable":true,"href":"https:\/\/edirectorios.com.mx\/directorios-latinoamerica\/wp-json\/wp\/v2\/product_brands?post=35294"}],"curies":[{"name":"wp","href":"https:\/\/api.w.org\/{rel}","templated":true}]}}