{"id":34820,"date":"2025-12-12T16:56:35","date_gmt":"2025-12-12T16:56:35","guid":{"rendered":"https:\/\/edirectorios.com.mx\/directorios-latinoamerica\/?post_type=product&#038;p=34820"},"modified":"2025-12-12T16:57:17","modified_gmt":"2025-12-12T16:57:17","slug":"doctores-duenos-de-negocios-comerciantes-gerentes-inversionistas-supervisores-y-directores-ejecutivos-mayores-de-25-anos-de-edadnse-alto-en-quintana-roo","status":"publish","type":"product","link":"https:\/\/edirectorios.com.mx\/directorios-latinoamerica\/product\/doctores-duenos-de-negocios-comerciantes-gerentes-inversionistas-supervisores-y-directores-ejecutivos-mayores-de-25-anos-de-edadnse-alto-en-quintana-roo\/","title":{"rendered":"Doctores, Due\u00f1os de negocios, Comerciantes, Gerentes, Inversionistas, Supervisores y Directores Ejecutivos, mayores de 25 a\u00f1os de edad,NSE alto en Quintana Roo."},"content":{"rendered":"","protected":false},"excerpt":{"rendered":"<p>&nbsp;<\/p>\n<div class=\"row\">\n<div class=\"col-sm\"><strong>C\u00f3digo:<\/strong> <strong class=\"text-danger\">HFEF-R6<\/strong><\/div>\n<div class=\"col-sm\"><strong>N\u00famero de registros: <\/strong>1000<\/div>\n<\/div>\n<div class=\"row\">\n<div class=\"col-sm \"><strong>Folio: <\/strong><span class=\"text-danger\">GD0919B048<\/span><\/div>\n<\/div>\n<p><strong>Segmentaci\u00f3n:<\/strong><\/p>\n<div class=\"row\">\n<div class=\"col-sm \"><span class=\"text-justify\">Doctores, Due\u00f1os de negocios, Comerciantes, Gerentes, Inversionistas, Supervisores y Directores Ejecutivos, mayores de 25 a\u00f1os de edad, con ingresos superiores a $15,000 mensuales de un nivel socioecon\u00f3mico alto en Quintana Roo.<\/span><\/div>\n<\/div>\n<p><strong>Campos Contenidos:<\/strong><\/p>\n<div class=\"row\">\n<div class=\"col-sm \"><span class=\"text-justify\">Nombre \/ Empresa donde trabaja \/ Direcci\u00f3n \/ Ciudad \/ Estado \/ Celular \/ Email.<\/span><\/div>\n<\/div>\n<div class=\"row\">\n<div class=\"col-sm\">\n<p><strong>Garant\u00eda: <\/strong>80%-85%<\/p>\n<p><strong>Precio Original: <\/strong><del>$574 USD<\/del><\/p>\n<p><strong>Descuento Especial: <\/strong><strong class=\"text-danger\">20%<\/strong><\/p>\n<\/div>\n<\/div>\n<div class=\"row\">\n<div class=\"col text-center\"><strong>Total a Pagar: <\/strong><strong class=\"text-danger\">$459 USD<\/strong><\/div>\n<\/div>\n","protected":false},"featured_media":31045,"template":"","meta":{"_bst_post_transparent":"","_bst_post_title":"","_bst_post_layout":"","_bst_post_sidebar_id":"","_bst_post_content_style":"","_bst_post_vertical_padding":"","_bst_post_feature":"","_bst_post_feature_position":"","_bst_post_header":false,"_bst_post_footer":false},"product_brand":[],"product_cat":[1180,1281],"product_tag":[1062,1063,1064,1404,1263,1067,1068,1400,1207,1325,1294,1282,1405,1071,1073,1074,1075,1076,1077,1078,1079,1081,1082,1083,1084,1085,1086,1088,1089,1090,1295,1092,1189,1357,1406,1097,1098,1099,1100,1102,1190,1117,1118,1191,1192,1193,1194,1195,1196,1197,1198,1199,1200,1202,1265,1203,1170,1280,1133,1135,1136,1137,1138,1139,1296,1144,1407,1297,1298,1299,1300,1301,1302,1303,1283,1148],"product_brands":[],"class_list":{"0":"post-34820","1":"product","2":"type-product","3":"status-publish","4":"has-post-thumbnail","6":"product_cat-personas-en-mexico","7":"product_cat-profesionistas","8":"product_tag-b2c-email-database","9":"product_tag-base-de-datos-campana-de-email-marketing","10":"product_tag-base-de-datos-campanas-de-email-marketing","11":"product_tag-base-de-datos-celulares","12":"product_tag-base-de-datos-consumidores","13":"product_tag-base-de-datos-correo-masivo","14":"product_tag-base-de-datos-correo-masivos","15":"product_tag-base-de-datos-de-doctores","16":"product_tag-base-de-datos-de-nse","17":"product_tag-base-de-datos-de-nse-alto","18":"product_tag-base-de-datos-de-numeros-celulares","19":"product_tag-base-de-datos-de-profesionistas","20":"product_tag-base-de-datos-de-telefonos-moviles","21":"product_tag-base-de-datos-direct-e-mail-marketing","22":"product_tag-base-de-datos-e-mail-marketing","23":"product_tag-base-de-datos-email-marketer","24":"product_tag-base-de-datos-email-marketing","25":"product_tag-base-de-datos-email-masivos","26":"product_tag-base-de-datos-email-publicidad","27":"product_tag-base-de-datos-email-publicitario","28":"product_tag-base-de-datos-emailing","29":"product_tag-base-de-datos-enviar-email-masivo","30":"product_tag-base-de-datos-envio-de-email-masivo","31":"product_tag-base-de-datos-envio-masivo-correo","32":"product_tag-base-de-datos-envio-masivo-correos","33":"product_tag-base-de-datos-envio-masivo-de-emails","34":"product_tag-base-de-datos-envios-de-correo-masivos","35":"product_tag-base-de-datos-marketing","36":"product_tag-base-de-datos-marketing-por-e-mail","37":"product_tag-base-de-datos-marketing-por-email","38":"product_tag-base-de-datos-numeros-de-telefonos-celulares","39":"product_tag-base-de-datos-para-marketing","40":"product_tag-base-de-datos-personas-de-email-marketing","41":"product_tag-base-de-datos-quintana-roo","42":"product_tag-base-de-datos-telefonos-moviles","43":"product_tag-bases-de-datos-correos","44":"product_tag-bases-de-datos-correos-electronicos","45":"product_tag-bases-de-datos-de-emails","46":"product_tag-bases-de-datos-de-marketing","47":"product_tag-bases-de-datos-email","48":"product_tag-big-consumer-database","49":"product_tag-buy-email-list","50":"product_tag-buy-email-list-database","51":"product_tag-consumer-contact-lists","52":"product_tag-consumer-database","53":"product_tag-consumer-directory","54":"product_tag-consumer-email-database","55":"product_tag-consumer-email-list","56":"product_tag-consumer-email-lists","57":"product_tag-consumer-list","58":"product_tag-consumer-mailing-database","59":"product_tag-consumer-mailing-list","60":"product_tag-consumer-mailing-lists","61":"product_tag-correo-de-personas","62":"product_tag-correos-consumidores","63":"product_tag-correos-electronicos-de-personas","64":"product_tag-database","65":"product_tag-duenos","66":"product_tag-email-address-list","67":"product_tag-email-lists","68":"product_tag-email-marketing-list","69":"product_tag-list-of-email-addresses","70":"product_tag-lista-de-correos","71":"product_tag-lista-de-correos-electronicos","72":"product_tag-lista-de-numeros-de-telefonos-celulares","73":"product_tag-marketing-correo-electronico","74":"product_tag-mobile","75":"product_tag-mobile-database","76":"product_tag-mobile-directory","77":"product_tag-mobile-list","78":"product_tag-mobile-number-database","79":"product_tag-mobile-number-list","80":"product_tag-mobile-phone-number","81":"product_tag-numeros-de-telefonos-celulares","82":"product_tag-professionals-database","83":"product_tag-tele-marketing-list","85":"first","86":"instock","87":"sale","88":"virtual","89":"purchasable","90":"product-type-simple","91":"entry","92":"content-bg","93":"loop-entry"},"aioseo_notices":[],"_links":{"self":[{"href":"https:\/\/edirectorios.com.mx\/directorios-latinoamerica\/wp-json\/wp\/v2\/product\/34820","targetHints":{"allow":["GET"]}}],"collection":[{"href":"https:\/\/edirectorios.com.mx\/directorios-latinoamerica\/wp-json\/wp\/v2\/product"}],"about":[{"href":"https:\/\/edirectorios.com.mx\/directorios-latinoamerica\/wp-json\/wp\/v2\/types\/product"}],"version-history":[{"count":1,"href":"https:\/\/edirectorios.com.mx\/directorios-latinoamerica\/wp-json\/wp\/v2\/product\/34820\/revisions"}],"predecessor-version":[{"id":34864,"href":"https:\/\/edirectorios.com.mx\/directorios-latinoamerica\/wp-json\/wp\/v2\/product\/34820\/revisions\/34864"}],"wp:featuredmedia":[{"embeddable":true,"href":"https:\/\/edirectorios.com.mx\/directorios-latinoamerica\/wp-json\/wp\/v2\/media\/31045"}],"wp:attachment":[{"href":"https:\/\/edirectorios.com.mx\/directorios-latinoamerica\/wp-json\/wp\/v2\/media?parent=34820"}],"wp:term":[{"taxonomy":"product_brand","embeddable":true,"href":"https:\/\/edirectorios.com.mx\/directorios-latinoamerica\/wp-json\/wp\/v2\/product_brand?post=34820"},{"taxonomy":"product_cat","embeddable":true,"href":"https:\/\/edirectorios.com.mx\/directorios-latinoamerica\/wp-json\/wp\/v2\/product_cat?post=34820"},{"taxonomy":"product_tag","embeddable":true,"href":"https:\/\/edirectorios.com.mx\/directorios-latinoamerica\/wp-json\/wp\/v2\/product_tag?post=34820"},{"taxonomy":"product_brands","embeddable":true,"href":"https:\/\/edirectorios.com.mx\/directorios-latinoamerica\/wp-json\/wp\/v2\/product_brands?post=34820"}],"curies":[{"name":"wp","href":"https:\/\/api.w.org\/{rel}","templated":true}]}}