{"id":34371,"date":"2025-12-12T16:50:39","date_gmt":"2025-12-12T16:50:39","guid":{"rendered":"https:\/\/edirectorios.com.mx\/directorios-latinoamerica\/?post_type=product&#038;p=34371"},"modified":"2025-12-12T16:51:12","modified_gmt":"2025-12-12T16:51:12","slug":"personas-fisicas-mayores-de-edad-economicamente-activas-con-ingreso-superior-a-5000-mn-y-en-estado-de-mexico-y-ciudad-de-mexico","status":"publish","type":"product","link":"https:\/\/edirectorios.com.mx\/directorios-latinoamerica\/product\/personas-fisicas-mayores-de-edad-economicamente-activas-con-ingreso-superior-a-5000-mn-y-en-estado-de-mexico-y-ciudad-de-mexico\/","title":{"rendered":"Personas f\u00edsicas, mayores de edad ,econ\u00f3micamente activas con ingreso superior a $5,000 MN y en Estado de M\u00e9xico y Ciudad de M\u00e9xico."},"content":{"rendered":"","protected":false},"excerpt":{"rendered":"<p>&nbsp;<\/p>\n<div class=\"row\">\n<div class=\"col-sm\"><strong>C\u00f3digo:<\/strong> <strong class=\"text-danger\">BMCD-E4<\/strong><\/div>\n<div class=\"col-sm\"><strong>N\u00famero de registros:\u00a0<\/strong>1000<\/div>\n<\/div>\n<div class=\"row\">\n<div class=\"col-sm \"><strong>Folio: <\/strong><span class=\"text-danger\">FG0218B081<\/span><\/div>\n<\/div>\n<p><strong>Segmentaci\u00f3n:<\/strong><\/p>\n<div class=\"row\">\n<div class=\"col-sm \">Personas f\u00edsicas, mayores de edad que sean econ\u00f3micamente activas con un ingreso superior a $5,000 MN y que cuenten con una TDC en Estado de M\u00e9xico y Ciudad de M\u00e9xico.<\/div>\n<\/div>\n<p><strong>Campos Contenidos:<\/strong><\/p>\n<div class=\"row\">\n<div class=\"col-sm \">Nombre, N\u00famero celular, N\u00famero fijo.<\/div>\n<\/div>\n<div class=\"row\">\n<div class=\"col-sm\"><strong>Garant\u00eda:\u00a0<\/strong>75%-85% <strong>Precio Original:\u00a0<\/strong><del>$387 USD<\/del> <strong>Descuento Especial:\u00a0<\/strong><strong class=\"text-danger\">25%<\/strong><\/div>\n<\/div>\n<div class=\"row\">\n<div class=\"col text-center\"><strong>Total a Pagar:\u00a0<\/strong><strong class=\"text-danger\">$290 USD<\/strong><\/div>\n<\/div>\n","protected":false},"featured_media":31021,"template":"","meta":{"_bst_post_transparent":"","_bst_post_title":"","_bst_post_layout":"","_bst_post_sidebar_id":"","_bst_post_content_style":"","_bst_post_vertical_padding":"","_bst_post_feature":"","_bst_post_feature_position":"","_bst_post_header":false,"_bst_post_footer":false},"product_brand":[],"product_cat":[1266,1180],"product_tag":[1404,1066,1263,1294,1186,1405,1087,1295,1406,1101,1105,1106,1107,1192,1197,1170,1138,1296,1407,1297,1298,1299,1300,1301,1302,1303,1206,1172,1173,1174,1175,1149],"product_brands":[],"class_list":{"0":"post-34371","1":"product","2":"type-product","3":"status-publish","4":"has-post-thumbnail","6":"product_cat-consumidores","7":"product_cat-personas-en-mexico","8":"product_tag-base-de-datos-celulares","9":"product_tag-base-de-datos-ciudad-de-mexico","10":"product_tag-base-de-datos-consumidores","11":"product_tag-base-de-datos-de-numeros-celulares","12":"product_tag-base-de-datos-de-personas-fisicas","13":"product_tag-base-de-datos-de-telefonos-moviles","14":"product_tag-base-de-datos-estado-de-mexico","15":"product_tag-base-de-datos-numeros-de-telefonos-celulares","16":"product_tag-base-de-datos-telefonos-moviles","17":"product_tag-bases-de-datos-de-telefonos","18":"product_tag-bases-de-datos-numeros-de-telefonos","19":"product_tag-bases-de-datos-telefono","20":"product_tag-bases-de-datos-telefonos-fijos","21":"product_tag-consumer-database","22":"product_tag-consumer-list","23":"product_tag-database","24":"product_tag-lista-de-correos","25":"product_tag-lista-de-numeros-de-telefonos-celulares","26":"product_tag-mobile","27":"product_tag-mobile-database","28":"product_tag-mobile-directory","29":"product_tag-mobile-list","30":"product_tag-mobile-number-database","31":"product_tag-mobile-number-list","32":"product_tag-mobile-phone-number","33":"product_tag-numeros-de-telefonos-celulares","34":"product_tag-phone","35":"product_tag-phone-database","36":"product_tag-phone-lists","37":"product_tag-phone-number","38":"product_tag-phone-number-list","39":"product_tag-telefono","41":"first","42":"instock","43":"sale","44":"virtual","45":"purchasable","46":"product-type-simple","47":"entry","48":"content-bg","49":"loop-entry"},"aioseo_notices":[],"_links":{"self":[{"href":"https:\/\/edirectorios.com.mx\/directorios-latinoamerica\/wp-json\/wp\/v2\/product\/34371","targetHints":{"allow":["GET"]}}],"collection":[{"href":"https:\/\/edirectorios.com.mx\/directorios-latinoamerica\/wp-json\/wp\/v2\/product"}],"about":[{"href":"https:\/\/edirectorios.com.mx\/directorios-latinoamerica\/wp-json\/wp\/v2\/types\/product"}],"version-history":[{"count":1,"href":"https:\/\/edirectorios.com.mx\/directorios-latinoamerica\/wp-json\/wp\/v2\/product\/34371\/revisions"}],"predecessor-version":[{"id":34418,"href":"https:\/\/edirectorios.com.mx\/directorios-latinoamerica\/wp-json\/wp\/v2\/product\/34371\/revisions\/34418"}],"wp:featuredmedia":[{"embeddable":true,"href":"https:\/\/edirectorios.com.mx\/directorios-latinoamerica\/wp-json\/wp\/v2\/media\/31021"}],"wp:attachment":[{"href":"https:\/\/edirectorios.com.mx\/directorios-latinoamerica\/wp-json\/wp\/v2\/media?parent=34371"}],"wp:term":[{"taxonomy":"product_brand","embeddable":true,"href":"https:\/\/edirectorios.com.mx\/directorios-latinoamerica\/wp-json\/wp\/v2\/product_brand?post=34371"},{"taxonomy":"product_cat","embeddable":true,"href":"https:\/\/edirectorios.com.mx\/directorios-latinoamerica\/wp-json\/wp\/v2\/product_cat?post=34371"},{"taxonomy":"product_tag","embeddable":true,"href":"https:\/\/edirectorios.com.mx\/directorios-latinoamerica\/wp-json\/wp\/v2\/product_tag?post=34371"},{"taxonomy":"product_brands","embeddable":true,"href":"https:\/\/edirectorios.com.mx\/directorios-latinoamerica\/wp-json\/wp\/v2\/product_brands?post=34371"}],"curies":[{"name":"wp","href":"https:\/\/api.w.org\/{rel}","templated":true}]}}