{"id":33893,"date":"2025-12-12T16:45:58","date_gmt":"2025-12-12T16:45:58","guid":{"rendered":"https:\/\/edirectorios.com.mx\/directorios-latinoamerica\/?post_type=product&#038;p=33893"},"modified":"2025-12-12T16:46:09","modified_gmt":"2025-12-12T16:46:09","slug":"empresas-medianas-y-grandes-en-chile-colombia-argentina-ecuador-peru-centroamerica-y-el-caribe-2000-registros-y-500-registros-en-mexico","status":"publish","type":"product","link":"https:\/\/edirectorios.com.mx\/directorios-latinoamerica\/product\/empresas-medianas-y-grandes-en-chile-colombia-argentina-ecuador-peru-centroamerica-y-el-caribe-2000-registros-y-500-registros-en-mexico\/","title":{"rendered":"Empresas medianas y grandes en Chile, Colombia, Argentina, Ecuador, Per\u00fa, Centroam\u00e9rica y El Caribe 2000 REGISTROS. Y 500 REGISTROS en M\u00e9xico."},"content":{"rendered":"","protected":false},"excerpt":{"rendered":"<p>&nbsp;<\/p>\n<div class=\"row\">\n<div class=\"col-sm\"><strong>C\u00f3digo:<\/strong> <strong class=\"text-danger\">TUQE-D7<\/strong><\/div>\n<div class=\"col-sm\"><strong>N\u00famero de registros: <\/strong>2500<\/div>\n<\/div>\n<div class=\"row\">\n<div class=\"col-sm \"><strong>Folio: <\/strong><span class=\"text-danger\">ES1216B046<\/span><\/div>\n<\/div>\n<p><strong>Segmentaci\u00f3n:<\/strong><\/p>\n<div class=\"row\">\n<div class=\"col-sm \"><span class=\"text-justify\">*Empresas medianas y grandes de Chile, Colombia, Argentina, Ecuador, Per\u00fa, Centroam\u00e9rica y El Caribe (2000 REGISTROS) y *Empresas medianas y grandes a Nivel Nacional (500 REGISTROS).<\/span><\/div>\n<\/div>\n<p><strong>Campos Contenidos:<\/strong><\/p>\n<div class=\"row\">\n<div class=\"col-sm \"><span class=\"text-justify\">*Empresa \/ Direcci\u00f3n \/ Ciudad \/ Estado \/ Contacto \/ Puesto: CEO, CIO, CMO \/ Tel\u00e9fono \/ Email *Empresa \/ Direcci\u00f3n \/ Ciudad \/ Estado \/ Contacto \/ Puesto: CEO o CIO (Director de Sistemas) o CMO (Director de Mercadotecnia \/ Tel\u00e9fono \/ Email.<\/span><\/div>\n<\/div>\n<div class=\"row\">\n<div class=\"col-sm\">\n<p><strong>Garant\u00eda: <\/strong>65%-75%<\/p>\n<p><strong>Precio Original: <\/strong><span style=\"text-decoration: line-through;\">$2069 USD<\/span><\/p>\n<p><strong>Descuento Especial: <\/strong><strong class=\"text-danger\">35%<\/strong><\/p>\n<\/div>\n<\/div>\n<div class=\"row\">\n<div class=\"col text-center\"><strong>Total a Pagar: <\/strong><strong class=\"text-danger\">$1345 USD<\/strong><\/div>\n<\/div>\n","protected":false},"featured_media":31010,"template":"","meta":{"_bst_post_transparent":"","_bst_post_title":"","_bst_post_layout":"","_bst_post_sidebar_id":"","_bst_post_content_style":"","_bst_post_vertical_padding":"","_bst_post_feature":"","_bst_post_feature_position":"","_bst_post_header":false,"_bst_post_footer":false},"product_brand":[],"product_cat":[1234,1233],"product_tag":[1235,1062,1182,1236,1237,1063,1064,1238,1239,1067,1068,1071,1072,1240,1074,1075,1076,1077,1078,1079,1241,1242,1243,1081,1082,1157,1083,1084,1085,1158,1086,1159,1244,1088,1089,1090,1224,1092,1245,1093,1097,1098,1099,1100,1101,1246,1102,1104,1226,1165,1105,1228,1106,1107,1110,1116,1117,1118,1247,1248,1170,1126,1249,1250,1133,1135,1136,1251,1252,1137,1138,1139,1140,1142,1144,1145,1230,1253,1206,1172,1173,1174,1175,1146,1149],"product_brands":[],"class_list":{"0":"post-33893","1":"product","2":"type-product","3":"status-publish","4":"has-post-thumbnail","6":"product_cat-empresas","7":"product_cat-latinoamerica","8":"product_tag-argentina-database","9":"product_tag-b2c-email-database","10":"product_tag-base-de-datos","11":"product_tag-base-de-datos-america-latina","12":"product_tag-base-de-datos-argentina","13":"product_tag-base-de-datos-campana-de-email-marketing","14":"product_tag-base-de-datos-campanas-de-email-marketing","15":"product_tag-base-de-datos-chile","16":"product_tag-base-de-datos-colombia","17":"product_tag-base-de-datos-correo-masivo","18":"product_tag-base-de-datos-correo-masivos","19":"product_tag-base-de-datos-direct-e-mail-marketing","20":"product_tag-base-de-datos-director","21":"product_tag-base-de-datos-ecuador","22":"product_tag-base-de-datos-email-marketer","23":"product_tag-base-de-datos-email-marketing","24":"product_tag-base-de-datos-email-masivos","25":"product_tag-base-de-datos-email-publicidad","26":"product_tag-base-de-datos-email-publicitario","27":"product_tag-base-de-datos-emailing","28":"product_tag-base-de-datos-empresas-en-latinoamerica","29":"product_tag-base-de-datos-empresas-grandes","30":"product_tag-base-de-datos-empresas-medianas","31":"product_tag-base-de-datos-enviar-email-masivo","32":"product_tag-base-de-datos-envio-de-email-masivo","33":"product_tag-base-de-datos-envio-masivo","34":"product_tag-base-de-datos-envio-masivo-correo","35":"product_tag-base-de-datos-envio-masivo-correos","36":"product_tag-base-de-datos-envio-masivo-de-emails","37":"product_tag-base-de-datos-envio-masivos","38":"product_tag-base-de-datos-envios-de-correo-masivos","39":"product_tag-base-de-datos-envios-masivos","40":"product_tag-base-de-datos-latam","41":"product_tag-base-de-datos-marketing","42":"product_tag-base-de-datos-marketing-por-e-mail","43":"product_tag-base-de-datos-marketing-por-email","44":"product_tag-base-de-datos-nivel-nacional","45":"product_tag-base-de-datos-para-marketing","46":"product_tag-base-de-datos-peru","47":"product_tag-base-de-datos-publicidad-por-email","48":"product_tag-bases-de-datos-correos","49":"product_tag-bases-de-datos-correos-electronicos","50":"product_tag-bases-de-datos-de-emails","51":"product_tag-bases-de-datos-de-marketing","52":"product_tag-bases-de-datos-de-telefonos","53":"product_tag-bases-de-datos-director-de-ti","54":"product_tag-bases-de-datos-email","55":"product_tag-bases-de-datos-emailing","56":"product_tag-bases-de-datos-emails","57":"product_tag-bases-de-datos-mailing","58":"product_tag-bases-de-datos-numeros-de-telefonos","59":"product_tag-bases-de-datos-para-ventas","60":"product_tag-bases-de-datos-telefono","61":"product_tag-bases-de-datos-telefonos-fijos","62":"product_tag-business-directory","63":"product_tag-buy-email-database","64":"product_tag-buy-email-list","65":"product_tag-buy-email-list-database","66":"product_tag-chile-database","67":"product_tag-colombia-database","68":"product_tag-database","69":"product_tag-directorio-emailing","70":"product_tag-directorios-empresarial-latinoamerica","71":"product_tag-ecuador-database","72":"product_tag-email-address-list","73":"product_tag-email-lists","74":"product_tag-email-marketing-list","75":"product_tag-latam-database","76":"product_tag-latinoamerica-database","77":"product_tag-list-of-email-addresses","78":"product_tag-lista-de-correos","79":"product_tag-lista-de-correos-electronicos","80":"product_tag-mail-marketing","81":"product_tag-mailing-list","82":"product_tag-marketing-correo-electronico","83":"product_tag-marketing-lists","84":"product_tag-national-database","85":"product_tag-peru-database","86":"product_tag-phone","87":"product_tag-phone-database","88":"product_tag-phone-lists","89":"product_tag-phone-number","90":"product_tag-phone-number-list","91":"product_tag-publicidad-por-base-de-datos-correo-electronico","92":"product_tag-telefono","94":"first","95":"instock","96":"sale","97":"virtual","98":"purchasable","99":"product-type-simple","100":"entry","101":"content-bg","102":"loop-entry"},"aioseo_notices":[],"_links":{"self":[{"href":"https:\/\/edirectorios.com.mx\/directorios-latinoamerica\/wp-json\/wp\/v2\/product\/33893","targetHints":{"allow":["GET"]}}],"collection":[{"href":"https:\/\/edirectorios.com.mx\/directorios-latinoamerica\/wp-json\/wp\/v2\/product"}],"about":[{"href":"https:\/\/edirectorios.com.mx\/directorios-latinoamerica\/wp-json\/wp\/v2\/types\/product"}],"version-history":[{"count":1,"href":"https:\/\/edirectorios.com.mx\/directorios-latinoamerica\/wp-json\/wp\/v2\/product\/33893\/revisions"}],"predecessor-version":[{"id":33923,"href":"https:\/\/edirectorios.com.mx\/directorios-latinoamerica\/wp-json\/wp\/v2\/product\/33893\/revisions\/33923"}],"wp:featuredmedia":[{"embeddable":true,"href":"https:\/\/edirectorios.com.mx\/directorios-latinoamerica\/wp-json\/wp\/v2\/media\/31010"}],"wp:attachment":[{"href":"https:\/\/edirectorios.com.mx\/directorios-latinoamerica\/wp-json\/wp\/v2\/media?parent=33893"}],"wp:term":[{"taxonomy":"product_brand","embeddable":true,"href":"https:\/\/edirectorios.com.mx\/directorios-latinoamerica\/wp-json\/wp\/v2\/product_brand?post=33893"},{"taxonomy":"product_cat","embeddable":true,"href":"https:\/\/edirectorios.com.mx\/directorios-latinoamerica\/wp-json\/wp\/v2\/product_cat?post=33893"},{"taxonomy":"product_tag","embeddable":true,"href":"https:\/\/edirectorios.com.mx\/directorios-latinoamerica\/wp-json\/wp\/v2\/product_tag?post=33893"},{"taxonomy":"product_brands","embeddable":true,"href":"https:\/\/edirectorios.com.mx\/directorios-latinoamerica\/wp-json\/wp\/v2\/product_brands?post=33893"}],"curies":[{"name":"wp","href":"https:\/\/api.w.org\/{rel}","templated":true}]}}