{"id":33741,"date":"2025-12-11T18:35:28","date_gmt":"2025-12-11T18:35:28","guid":{"rendered":"https:\/\/edirectorios.com.mx\/directorios-latinoamerica\/?post_type=product&#038;p=33741"},"modified":"2025-12-12T17:28:44","modified_gmt":"2025-12-12T17:28:44","slug":"empresas-que-tengan-de-20-a-300-empleados-a-nivel-nacional","status":"publish","type":"product","link":"https:\/\/edirectorios.com.mx\/directorios-latinoamerica\/product\/empresas-que-tengan-de-20-a-300-empleados-a-nivel-nacional\/","title":{"rendered":"Empresas que tengan de 20 a 300 empleados, a Nivel Nacional."},"content":{"rendered":"","protected":false},"excerpt":{"rendered":"<p>&nbsp;<\/p>\n<div class=\"row\">\n<div class=\"col-sm\">\n\t\t<strong>C\u00f3digo:<\/strong> <strong class=\"text-danger\">KPJO-D7-1<\/strong>\n    <\/div>\n<div class=\"col-sm\">\n\t<strong>N\u00famero de registros: <\/strong>1000\n\t<\/div>\n<\/div>\n<div class=\"row\">\n<div class=\"col-sm \">\n\t<strong>Folio: <\/strong><span class=\"text-danger\">SE0520B087<\/span>\n\t<\/div>\n<\/div>\n<p><strong>Segmentaci\u00f3n:<\/strong><\/p>\n<div class=\"row\">\n<div class=\"col-sm \">\n\tEmpresas que facturen por lo menos $40 millones USD al a\u00f1o de las industrias de: farmac\u00e9utica, retail, consumo e industria qu\u00edmica (tentativamente 25% de cada industria) a Nivel Nacional.\n\t<\/div>\n<\/div>\n<p><strong>Campos Contenidos:<\/strong><\/p>\n<div class=\"row\">\n<div class=\"col-sm \">\n\tEmpresa \/ Giro \/ Direcci\u00f3n \/ Ciudad \/ Estado \/ Contacto \/ Puesto: Jefe o gerente o director de tecnolog\u00eda \/ Tel\u00e9fono \/ Email \/ P\u00e1gina web*opcional.<\/div>\n<\/p><\/div>\n<div class=\"row\">\n<div class=\"col-sm\">\n\t<strong>Garant\u00eda: <\/strong>80%-85% <strong>Precio Original: <\/strong><del>$511 USD<\/del> <strong>Descuento Especial: <\/strong><strong class=\"text-danger\">20%<\/strong>\n\t<\/div>\n<\/div>\n<div class=\"row\">\n<div class=\"col text-center\">\n\t<strong>Total a Pagar: <\/strong><strong class=\"text-danger\">$408 USD<\/strong>\n\t<\/div>\n<\/div>\n","protected":false},"featured_media":31282,"template":"","meta":{"_bst_post_transparent":"","_bst_post_title":"","_bst_post_layout":"","_bst_post_sidebar_id":"","_bst_post_content_style":"","_bst_post_vertical_padding":"","_bst_post_feature":"","_bst_post_feature_position":"","_bst_post_header":false,"_bst_post_footer":false},"product_brand":[],"product_cat":[1379,1060],"product_tag":[1518,1063,1064,1067,1068,1274,1442,1385,1071,1359,1073,1074,1075,1076,1077,1078,1079,1154,1212,1213,1155,1080,1386,1387,1081,1156,1082,1157,1083,1084,1085,1158,1086,1159,1160,1161,1162,1088,1089,1090,1388,1224,1275,1092,1225,1328,1093,1313,1097,1098,1099,1100,1101,1102,1103,1104,1226,1227,1165,1105,1228,1106,1107,1109,1110,1111,1112,1113,1114,1115,1116,1117,1118,1166,1167,1345,1346,1120,1121,1122,1123,1124,1127,1309,1128,1129,1390,1249,1131,1310,1132,1133,1464,1134,1465,1135,1136,1171,1466,1467,1468,1251,1252,1137,1138,1139,1140,1141,1142,1469,1144,1145,1412,1394,1302,1230,1172,1173,1174,1175,1146,1522,1148,1231,1232],"product_brands":[],"class_list":{"0":"post-33741","1":"product","2":"type-product","3":"status-publish","4":"has-post-thumbnail","6":"product_cat-con-mas-de-100-empleados","7":"product_cat-empresas-en-mexico","8":"product_tag-b2b-contact-data","9":"product_tag-base-de-datos-campana-de-email-marketing","10":"product_tag-base-de-datos-campanas-de-email-marketing","11":"product_tag-base-de-datos-correo-masivo","12":"product_tag-base-de-datos-correo-masivos","13":"product_tag-base-de-datos-de-empresas-en-mexico","14":"product_tag-base-de-datos-de-empresas-mexicanas","15":"product_tag-base-de-datos-de-mexico","16":"product_tag-base-de-datos-direct-e-mail-marketing","17":"product_tag-base-de-datos-director-de-tecnologia","18":"product_tag-base-de-datos-e-mail-marketing","19":"product_tag-base-de-datos-email-marketer","20":"product_tag-base-de-datos-email-marketing","21":"product_tag-base-de-datos-email-masivos","22":"product_tag-base-de-datos-email-publicidad","23":"product_tag-base-de-datos-email-publicitario","24":"product_tag-base-de-datos-emailing","25":"product_tag-base-de-datos-emails-mexico","26":"product_tag-base-de-datos-empresa","27":"product_tag-base-de-datos-empresarial","28":"product_tag-base-de-datos-empresas","29":"product_tag-base-de-datos-empresas-de-email-marketing","30":"product_tag-base-de-datos-empresas-en-mexico","31":"product_tag-base-de-datos-empresas-mexico","32":"product_tag-base-de-datos-enviar-email-masivo","33":"product_tag-base-de-datos-enviar-mailing","34":"product_tag-base-de-datos-envio-de-email-masivo","35":"product_tag-base-de-datos-envio-masivo","36":"product_tag-base-de-datos-envio-masivo-correo","37":"product_tag-base-de-datos-envio-masivo-correos","38":"product_tag-base-de-datos-envio-masivo-de-emails","39":"product_tag-base-de-datos-envio-masivos","40":"product_tag-base-de-datos-envios-de-correo-masivos","41":"product_tag-base-de-datos-envios-masivos","42":"product_tag-base-de-datos-gerente","43":"product_tag-base-de-datos-mailing","44":"product_tag-base-de-datos-mailing-masivo","45":"product_tag-base-de-datos-marketing","46":"product_tag-base-de-datos-marketing-por-e-mail","47":"product_tag-base-de-datos-marketing-por-email","48":"product_tag-base-de-datos-mexico","49":"product_tag-base-de-datos-nivel-nacional","50":"product_tag-base-de-datos-para-empresas","51":"product_tag-base-de-datos-para-marketing","52":"product_tag-base-de-datos-para-ventas","53":"product_tag-base-de-datos-publicidad","54":"product_tag-base-de-datos-publicidad-por-email","55":"product_tag-base-de-datos-tecnologia","56":"product_tag-bases-de-datos-correos","57":"product_tag-bases-de-datos-correos-electronicos","58":"product_tag-bases-de-datos-de-emails","59":"product_tag-bases-de-datos-de-marketing","60":"product_tag-bases-de-datos-de-telefonos","61":"product_tag-bases-de-datos-email","62":"product_tag-bases-de-datos-email-empresas","63":"product_tag-bases-de-datos-emailing","64":"product_tag-bases-de-datos-emails","65":"product_tag-bases-de-datos-empresariales","66":"product_tag-bases-de-datos-mailing","67":"product_tag-bases-de-datos-numeros-de-telefonos","68":"product_tag-bases-de-datos-para-ventas","69":"product_tag-bases-de-datos-telefono","70":"product_tag-bases-de-datos-telefonos-fijos","71":"product_tag-business-contact-lists","72":"product_tag-business-directory","73":"product_tag-business-email-database","74":"product_tag-business-email-list","75":"product_tag-business-email-lists","76":"product_tag-business-mailing-database","77":"product_tag-business-mailing-lists","78":"product_tag-buy-email-database","79":"product_tag-buy-email-list","80":"product_tag-buy-email-list-database","81":"product_tag-companies-email-address-list","82":"product_tag-company-email-address-list","83":"product_tag-compra-base-de-datos","84":"product_tag-comprar-bases-de-datos-mexico","85":"product_tag-correo-de-empresas","86":"product_tag-correos-de-empresas","87":"product_tag-correos-electronicos-de-empresas","88":"product_tag-correos-electronicos-empresas","89":"product_tag-correos-empresariales","90":"product_tag-directorio-empresarial","91":"product_tag-directorio-empresarial-mexico","92":"product_tag-directorio-empresariales","93":"product_tag-directorio-empresas","94":"product_tag-directorio-mexico","95":"product_tag-directorios-empresarial-latinoamerica","96":"product_tag-directorios-empresas","97":"product_tag-directorios-en-mexico","98":"product_tag-e-mail-database","99":"product_tag-email-address-list","100":"product_tag-email-base-de-datos","101":"product_tag-email-database","102":"product_tag-email-de-empresas","103":"product_tag-email-lists","104":"product_tag-email-marketing-list","105":"product_tag-email-marketing-mexico","106":"product_tag-empresa-de-base-de-datos","107":"product_tag-empresas-bases-de-datos","108":"product_tag-empresas-de-base-de-datos","109":"product_tag-latam-database","110":"product_tag-latinoamerica-database","111":"product_tag-list-of-email-addresses","112":"product_tag-lista-de-correos","113":"product_tag-lista-de-correos-electronicos","114":"product_tag-mail-marketing","115":"product_tag-mailing-database","116":"product_tag-mailing-list","117":"product_tag-mails-de-empresas","118":"product_tag-marketing-correo-electronico","119":"product_tag-marketing-lists","120":"product_tag-marketing-mexico","121":"product_tag-mexico-business-directory","122":"product_tag-mobile-phone-number","123":"product_tag-national-database","124":"product_tag-phone-database","125":"product_tag-phone-lists","126":"product_tag-phone-number","127":"product_tag-phone-number-list","128":"product_tag-publicidad-por-base-de-datos-correo-electronico","129":"product_tag-sales-leads","130":"product_tag-tele-marketing-list","131":"product_tag-venta-base-de-datos","132":"product_tag-venta-de-base-de-datos-de-empresas","134":"first","135":"instock","136":"sale","137":"shipping-taxable","138":"purchasable","139":"product-type-simple","140":"entry","141":"content-bg","142":"loop-entry"},"aioseo_notices":[],"_links":{"self":[{"href":"https:\/\/edirectorios.com.mx\/directorios-latinoamerica\/wp-json\/wp\/v2\/product\/33741","targetHints":{"allow":["GET"]}}],"collection":[{"href":"https:\/\/edirectorios.com.mx\/directorios-latinoamerica\/wp-json\/wp\/v2\/product"}],"about":[{"href":"https:\/\/edirectorios.com.mx\/directorios-latinoamerica\/wp-json\/wp\/v2\/types\/product"}],"version-history":[{"count":1,"href":"https:\/\/edirectorios.com.mx\/directorios-latinoamerica\/wp-json\/wp\/v2\/product\/33741\/revisions"}],"predecessor-version":[{"id":36646,"href":"https:\/\/edirectorios.com.mx\/directorios-latinoamerica\/wp-json\/wp\/v2\/product\/33741\/revisions\/36646"}],"wp:featuredmedia":[{"embeddable":true,"href":"https:\/\/edirectorios.com.mx\/directorios-latinoamerica\/wp-json\/wp\/v2\/media\/31282"}],"wp:attachment":[{"href":"https:\/\/edirectorios.com.mx\/directorios-latinoamerica\/wp-json\/wp\/v2\/media?parent=33741"}],"wp:term":[{"taxonomy":"product_brand","embeddable":true,"href":"https:\/\/edirectorios.com.mx\/directorios-latinoamerica\/wp-json\/wp\/v2\/product_brand?post=33741"},{"taxonomy":"product_cat","embeddable":true,"href":"https:\/\/edirectorios.com.mx\/directorios-latinoamerica\/wp-json\/wp\/v2\/product_cat?post=33741"},{"taxonomy":"product_tag","embeddable":true,"href":"https:\/\/edirectorios.com.mx\/directorios-latinoamerica\/wp-json\/wp\/v2\/product_tag?post=33741"},{"taxonomy":"product_brands","embeddable":true,"href":"https:\/\/edirectorios.com.mx\/directorios-latinoamerica\/wp-json\/wp\/v2\/product_brands?post=33741"}],"curies":[{"name":"wp","href":"https:\/\/api.w.org\/{rel}","templated":true}]}}