{"id":33737,"date":"2025-12-11T18:35:27","date_gmt":"2025-12-11T18:35:27","guid":{"rendered":"https:\/\/edirectorios.com.mx\/directorios-latinoamerica\/?post_type=product&#038;p=33737"},"modified":"2025-12-12T17:28:36","modified_gmt":"2025-12-12T17:28:36","slug":"personas-fisicas-nivel-socioeconomico-medio-alto-de-30-a-60-anos-en-peru-chile-ecuador-colombia-y-bolivia","status":"publish","type":"product","link":"https:\/\/edirectorios.com.mx\/directorios-latinoamerica\/product\/personas-fisicas-nivel-socioeconomico-medio-alto-de-30-a-60-anos-en-peru-chile-ecuador-colombia-y-bolivia\/","title":{"rendered":"Personas f\u00edsicas, nivel socioecon\u00f3mico medio alto, de 30 a 60 a\u00f1os, en Per\u00fa, Chile, Ecuador, Colombia y Bolivia."},"content":{"rendered":"","protected":false},"excerpt":{"rendered":"<p>&nbsp;<\/p>\n<div class=\"row\">\n<div class=\"col-sm\"><strong>C\u00f3digo:<\/strong> <strong class=\"text-danger\">HFDP-F9<\/strong><\/div>\n<div class=\"col-sm\"><strong>N\u00famero de registros: <\/strong>1,200<\/div>\n<\/div>\n<div class=\"row\">\n<div class=\"col-sm \"><strong>Folio: <\/strong><span class=\"text-danger\">03EPGC0322-003<\/span><\/div>\n<\/div>\n<p><strong>Segmentaci\u00f3n:<\/strong><\/p>\n<div class=\"row\">\n<div class=\"col-sm \">Personas f\u00edsicas, nivel socioecon\u00f3mico medio alto, de 30 a 60 a\u00f1os, por ejemplo, m\u00e9dicos, empresarios, propietarios de negocios o de tiendas, dentistas, (no funcionarios de gobierno, ni profesores, ni polic\u00edas), en Per\u00fa, Chile, Ecuador, Colombia y Bolivia.<\/div>\n<\/div>\n<p><strong>Campos Contenidos:<\/strong><\/p>\n<div class=\"row\">\n<div class=\"col-sm \">Nombre \/ Pa\u00eds \/ Celular\/ Email.<\/div>\n<\/div>\n<div class=\"row\">\n<div class=\"col-sm\"><strong>Garant\u00eda: <\/strong>80%-85% <strong>Precio Original: <\/strong><del>$531 USD<\/del> <strong>Descuento Especial: <\/strong><strong class=\"text-danger\">20%<\/strong><\/div>\n<\/div>\n<div class=\"row\">\n<div class=\"col text-center\"><strong>Total a Pagar: <\/strong><strong class=\"text-danger\">$425 USD<\/strong><\/div>\n<\/div>\n","protected":false},"featured_media":32233,"template":"","meta":{"_bst_post_transparent":"","_bst_post_title":"","_bst_post_layout":"","_bst_post_sidebar_id":"","_bst_post_content_style":"","_bst_post_vertical_padding":"","_bst_post_feature":"","_bst_post_feature_position":"","_bst_post_header":false,"_bst_post_footer":false},"product_brand":[],"product_cat":[1233,1477],"product_tag":[1062,1182,1236,1063,1064,1404,1238,1239,1479,1067,1068,1499,1185,1207,1325,1287,1326,1294,1186,1405,1071,1073,1240,1074,1075,1076,1077,1078,1079,1081,1156,1082,1083,1084,1085,1086,1244,1161,1162,1088,1089,1090,1361,1295,1092,1189,1245,1093,1406,1097,1098,1099,1100,1102,1104,1165,1190,1500,1117,1118,1247,1248,1191,1192,1193,1194,1195,1196,1197,1198,1199,1200,1201,1202,1203,1204,1170,1501,1126,1482,1133,1135,1136,1251,1252,1137,1138,1139,1296,1140,1142,1143,1144,1145,1407,1297,1298,1299,1300,1301,1302,1303,1253,1146,1148],"product_brands":[],"class_list":{"0":"post-33737","1":"product","2":"type-product","3":"status-publish","4":"has-post-thumbnail","6":"product_cat-latinoamerica","7":"product_cat-personas","8":"product_tag-b2c-email-database","9":"product_tag-base-de-datos","10":"product_tag-base-de-datos-america-latina","11":"product_tag-base-de-datos-campana-de-email-marketing","12":"product_tag-base-de-datos-campanas-de-email-marketing","13":"product_tag-base-de-datos-celulares","14":"product_tag-base-de-datos-chile","15":"product_tag-base-de-datos-colombia","16":"product_tag-base-de-datos-consumidores-en-latinoamerica","17":"product_tag-base-de-datos-correo-masivo","18":"product_tag-base-de-datos-correo-masivos","19":"product_tag-base-de-datos-de-bolivia","20":"product_tag-base-de-datos-de-empresarios","21":"product_tag-base-de-datos-de-nse","22":"product_tag-base-de-datos-de-nse-alto","23":"product_tag-base-de-datos-de-nse-medio","24":"product_tag-base-de-datos-de-nse-medio-y-alto","25":"product_tag-base-de-datos-de-numeros-celulares","26":"product_tag-base-de-datos-de-personas-fisicas","27":"product_tag-base-de-datos-de-telefonos-moviles","28":"product_tag-base-de-datos-direct-e-mail-marketing","29":"product_tag-base-de-datos-e-mail-marketing","30":"product_tag-base-de-datos-ecuador","31":"product_tag-base-de-datos-email-marketer","32":"product_tag-base-de-datos-email-marketing","33":"product_tag-base-de-datos-email-masivos","34":"product_tag-base-de-datos-email-publicidad","35":"product_tag-base-de-datos-email-publicitario","36":"product_tag-base-de-datos-emailing","37":"product_tag-base-de-datos-enviar-email-masivo","38":"product_tag-base-de-datos-enviar-mailing","39":"product_tag-base-de-datos-envio-de-email-masivo","40":"product_tag-base-de-datos-envio-masivo-correo","41":"product_tag-base-de-datos-envio-masivo-correos","42":"product_tag-base-de-datos-envio-masivo-de-emails","43":"product_tag-base-de-datos-envios-de-correo-masivos","44":"product_tag-base-de-datos-latam","45":"product_tag-base-de-datos-mailing","46":"product_tag-base-de-datos-mailing-masivo","47":"product_tag-base-de-datos-marketing","48":"product_tag-base-de-datos-marketing-por-e-mail","49":"product_tag-base-de-datos-marketing-por-email","50":"product_tag-base-de-datos-medicos","51":"product_tag-base-de-datos-numeros-de-telefonos-celulares","52":"product_tag-base-de-datos-para-marketing","53":"product_tag-base-de-datos-personas-de-email-marketing","54":"product_tag-base-de-datos-peru","55":"product_tag-base-de-datos-publicidad-por-email","56":"product_tag-base-de-datos-telefonos-moviles","57":"product_tag-bases-de-datos-correos","58":"product_tag-bases-de-datos-correos-electronicos","59":"product_tag-bases-de-datos-de-emails","60":"product_tag-bases-de-datos-de-marketing","61":"product_tag-bases-de-datos-email","62":"product_tag-bases-de-datos-emailing","63":"product_tag-bases-de-datos-mailing","64":"product_tag-big-consumer-database","65":"product_tag-bolivia-database","66":"product_tag-buy-email-list","67":"product_tag-buy-email-list-database","68":"product_tag-chile-database","69":"product_tag-colombia-database","70":"product_tag-consumer-contact-lists","71":"product_tag-consumer-database","72":"product_tag-consumer-directory","73":"product_tag-consumer-email-database","74":"product_tag-consumer-email-list","75":"product_tag-consumer-email-lists","76":"product_tag-consumer-list","77":"product_tag-consumer-mailing-database","78":"product_tag-consumer-mailing-list","79":"product_tag-consumer-mailing-lists","80":"product_tag-consumer-phone-list","81":"product_tag-correo-de-personas","82":"product_tag-correos-electronicos-de-personas","83":"product_tag-correos-electronicos-personas","84":"product_tag-database","85":"product_tag-directorio-bolivia","86":"product_tag-directorio-emailing","87":"product_tag-directorios-consumidores-latinoamerica","88":"product_tag-email-address-list","89":"product_tag-email-lists","90":"product_tag-email-marketing-list","91":"product_tag-latam-database","92":"product_tag-latinoamerica-database","93":"product_tag-list-of-email-addresses","94":"product_tag-lista-de-correos","95":"product_tag-lista-de-correos-electronicos","96":"product_tag-lista-de-numeros-de-telefonos-celulares","97":"product_tag-mail-marketing","98":"product_tag-mailing-list","99":"product_tag-marketing","100":"product_tag-marketing-correo-electronico","101":"product_tag-marketing-lists","102":"product_tag-mobile","103":"product_tag-mobile-database","104":"product_tag-mobile-directory","105":"product_tag-mobile-list","106":"product_tag-mobile-number-database","107":"product_tag-mobile-number-list","108":"product_tag-mobile-phone-number","109":"product_tag-numeros-de-telefonos-celulares","110":"product_tag-peru-database","111":"product_tag-publicidad-por-base-de-datos-correo-electronico","112":"product_tag-tele-marketing-list","114":"first","115":"instock","116":"sale","117":"virtual","118":"purchasable","119":"product-type-simple","120":"entry","121":"content-bg","122":"loop-entry"},"aioseo_notices":[],"_links":{"self":[{"href":"https:\/\/edirectorios.com.mx\/directorios-latinoamerica\/wp-json\/wp\/v2\/product\/33737","targetHints":{"allow":["GET"]}}],"collection":[{"href":"https:\/\/edirectorios.com.mx\/directorios-latinoamerica\/wp-json\/wp\/v2\/product"}],"about":[{"href":"https:\/\/edirectorios.com.mx\/directorios-latinoamerica\/wp-json\/wp\/v2\/types\/product"}],"version-history":[{"count":1,"href":"https:\/\/edirectorios.com.mx\/directorios-latinoamerica\/wp-json\/wp\/v2\/product\/33737\/revisions"}],"predecessor-version":[{"id":36642,"href":"https:\/\/edirectorios.com.mx\/directorios-latinoamerica\/wp-json\/wp\/v2\/product\/33737\/revisions\/36642"}],"wp:featuredmedia":[{"embeddable":true,"href":"https:\/\/edirectorios.com.mx\/directorios-latinoamerica\/wp-json\/wp\/v2\/media\/32233"}],"wp:attachment":[{"href":"https:\/\/edirectorios.com.mx\/directorios-latinoamerica\/wp-json\/wp\/v2\/media?parent=33737"}],"wp:term":[{"taxonomy":"product_brand","embeddable":true,"href":"https:\/\/edirectorios.com.mx\/directorios-latinoamerica\/wp-json\/wp\/v2\/product_brand?post=33737"},{"taxonomy":"product_cat","embeddable":true,"href":"https:\/\/edirectorios.com.mx\/directorios-latinoamerica\/wp-json\/wp\/v2\/product_cat?post=33737"},{"taxonomy":"product_tag","embeddable":true,"href":"https:\/\/edirectorios.com.mx\/directorios-latinoamerica\/wp-json\/wp\/v2\/product_tag?post=33737"},{"taxonomy":"product_brands","embeddable":true,"href":"https:\/\/edirectorios.com.mx\/directorios-latinoamerica\/wp-json\/wp\/v2\/product_brands?post=33737"}],"curies":[{"name":"wp","href":"https:\/\/api.w.org\/{rel}","templated":true}]}}